{"id":70,"date":"2013-07-11T10:41:31","date_gmt":"2013-07-11T15:41:31","guid":{"rendered":"https:\/\/www.carrefourfga.ca\/ticfga\/?page_id=70"},"modified":"2024-10-17T15:35:04","modified_gmt":"2024-10-17T20:35:04","slug":"liste-blogues","status":"publish","type":"page","link":"https:\/\/www.carrefourfga.ca\/ticfga\/liste-blogues\/","title":{"rendered":"Les blogues de TIC FGA"},"content":{"rendered":"<p><a href=\"https:\/\/www.carrefourfga.ca\/ticfga\/wp-content\/uploads\/2012\/02\/logo_recit-transparent.gif\"><img loading=\"lazy\" decoding=\"async\" class=\"alignright size-full wp-image-80\" src=\"https:\/\/www.carrefourfga.ca\/ticfga\/wp-content\/uploads\/2012\/02\/logo_recit-transparent.gif\" alt=\"R\u00e9seau pour le d\u00e9veloppement des comp\u00e9tences \u00e0 l'Int\u00e9gration des Tic\" width=\"100\" height=\"79\" \/><\/a>Voici la liste des blogues actuellement h\u00e9berg\u00e9s chez TIC FGA (13 novembre 2014):<\/p>\n<ul>\n<li><a href=\"http:\/\/09.ticfga.ca\/\"><strong>09.ticfga.ca<\/strong><\/a> :\u00a0Blogue du service r\u00e9gional FGA du R\u00c9CIT de la C\u00f4te-Nord<\/li>\n<li><strong><a title=\"Blogue des Apr\u00e8es-cours FGA\" href=\"https:\/\/www.carrefourfga.ca\/ticfga\/aprescours\/\">aprescours.ticfga.ca<\/a><\/strong> : blogue des Apr\u00e8s-cours FGA, cette initiative de d\u00e9veloppement professionnel des enseignants bas\u00e9e sur la visioconf\u00e9rence.<\/li>\n<li><strong><a title=\"Site web du SR R\u00c9CIT FGA Laval\" href=\"http:\/\/laval.ticfga.ca\/\">blogging.ticfga.ca<\/a><\/strong> : blogue utilis\u00e9 dans le cadre d&rsquo;une formation pour les enseignants d&rsquo;anglais langue seconde.<\/li>\n<li><strong><a title=\"Blogue FGA GIM\" href=\"http:\/\/blogue11.ticfga.ca\/\">blogue11.ticfga.ca<\/a><\/strong> : blogue des adultes en formation de la Gasp\u00e9sie et des \u00celes de la Madeleine.<\/li>\n<li><strong><a href=\"http:\/\/capitalenationale.ticfga.ca\/\">capitalenationale.ticfga.ca <\/a><\/strong>:\u00a0Service r\u00e9gional de la Capitale nationale .<\/li>\n<li><strong><a title=\"Site web du SR R\u00c9CIT FGA Outaouais\" href=\"http:\/\/keskonlit.ticfga.ca\/\">cfr.ticfga.ca<\/a><\/strong> : blogue p\u00e9dagogique du centre de formation du Richelieu.<\/li>\n<li><strong><a href=\"http:\/\/classe.ticfga.ca\/\">classe.ticfga.ca<\/a><\/strong> : blogue <em>Classe atelier en logiciels libres \u00e0 la FGA.<\/em><\/li>\n<li><strong><a href=\"http:\/\/classenc.ticfga.ca\/\">classenc.ticfga.ca<\/a><\/strong> : classe d&rsquo;une enseignante qui d\u00e9sire d\u00e9couvrir WordPress.<\/li>\n<li><strong><a title=\"Blogue de Deborah\" href=\"http:\/\/deborahesl.ticfga.ca\">deborahesl.ticfga.ca<\/a><\/strong><\/li>\n<li><strong><a title=\"D\u00e9fi lecture\" href=\"http:\/\/defilecture.ticfga.ca\">defilecture.ticfga.ca<\/a><\/strong><\/li>\n<li><strong><a href=\"http:\/\/ecrire09.ticfga.ca\/\">ecrire09.ticfga.ca<\/a><\/strong> :\u00a0blogue \u00a0ouvert \u00e0 tous les intervenants des centres d\u2019\u00e9ducation des adultes de la C\u00f4te-Nord et leur client\u00e8le FGA.<\/li>\n<li><a title=\"Blogue\" href=\"http:\/\/ecrire12.ticfga.ca\"><strong>ecrire12.ticfga.ca<\/strong><\/a> : blogue en construction<\/li>\n<li><strong><a title=\"Site du programme de Francisation pour l'emploi de la CSMB\" href=\"http:\/\/francisation.ticfga.ca\/\">francisation.ticfga.ca<\/a><\/strong> : site du programme de <em><em>Francisation pour l\u2019emploi<\/em><\/em>\u00a0de la CSMB.<\/li>\n<li><a title=\"Journal\" href=\"http:\/\/journalsorel.ticfga.ca\"><strong>journalsorel.ticfga.ca<\/strong><\/a> : nouveau blogue en construction.<\/li>\n<li title=\"Site web du SR R\u00c9CIT FGA Laurentides\"><strong><a href=\"http:\/\/keskonlit.ticfga.ca\/\">keskonlit.ticfga.ca<\/a><\/strong> : espace web pour un projet de litt\u00e9rature d&rsquo;une enseignante du Centre-du-Qu\u00e9bec.<\/li>\n<li><strong><a title=\"Site web du SR R\u00c9CIT FGA Laval\" href=\"http:\/\/laval.ticfga.ca\/\">laval.ticfga.ca<\/a><\/strong> : site web du service r\u00e9gional du R\u00c9CIT FGA \u00e0 Laval [d\u00e9laiss\u00e9].<\/li>\n<li><strong><a title=\"Une classe de francisation\" href=\"http:\/\/maclasse.ticfga.ca\">maclasse.ticfga.ca<\/a><\/strong> : blogue de francisation (CS Monts et Mar\u00e9es)<\/li>\n<li><strong><a href=\"http:\/\/onsenparle.ticfga.ca\/\">onsenparle.ticfga.ca<\/a><\/strong>\u00a0: blogue pour un cours de FRA1103<\/li>\n<li><strong><a title=\"Site web du SR R\u00c9CIT FGA Outaouais\" href=\"http:\/\/outaouais.ticfga.ca\/\">outaouais.ticfga.ca<\/a><\/strong> : site web du service r\u00e9gional du R\u00c9CIT FGA en Outaouais.<\/li>\n<li><strong><a title=\"Recettes\" href=\"http:\/\/recettes.ticfga.ca\">recettes.ticfga.ca<\/a><\/strong> : nouveau blogue en construction (r\u00e9gion 02).<\/li>\n<li><strong><a title=\"Site web du SR R\u00c9CIT FGA Beauce-Appalaches\" href=\"http:\/\/recitfga12.ticfga.ca\/\">recitfga12.ticfga.ca<\/a><\/strong> : site web du service r\u00e9gional du R\u00c9CIT FGA de la r\u00e9gion Beauce-Appalaches.<\/li>\n<li><strong><a title=\"Site web du SR R\u00c9CIT FGA Montr\u00e9al\" href=\"https:\/\/www.carrefourfga.ca\/ticfga\/recitmontreal\/\">recitmontreal.ticfga.ca<\/a><\/strong> : site web du service r\u00e9gional du R\u00c9CIT FGA de Montr\u00e9al.<\/li>\n<li><strong><a title=\"R\u00e9vision TICFGA\" href=\"http:\/\/revision.ticfga.ca\">revision.ticfga.ca<\/a><\/strong> : nouveau blogue en construction.<\/li>\n<li><strong><a title=\"Site web du SR R\u00c9CIT FGA Laval\" href=\"http:\/\/laval.ticfga.ca\/\">test123.ticfga.ca<\/a><\/strong> : blogue carr\u00e9 de sable ouvert pour toute personne qui d\u00e9sire se familiariser avec WordPress.<\/li>\n<li><strong>www.ticfga.ca<\/strong> : le pr\u00e9sent site, portail des services web offert par TIC FGA.<\/li>\n<\/ul>\n<p>Si vous d\u00e9sirez obtenir votre blogue TIC FGA, veuillez \u00e9crire un message (en utilisant votre adresse courriel de commission scolaire) \u00e0 <a href=\"mailto:info@carrefourfga.ca\">info@carrefourfga.ca<\/a> en pr\u00e9cisant les informations suivantes :<\/p>\n<ul>\n<li>Votre nom<\/li>\n<li>La raison de cette demande de cr\u00e9ation de blogue<\/li>\n<li>Le sous-nom de domaine souhait\u00e9, c&rsquo;est-\u00e0-dire l&rsquo;adresse URL d\u00e9sir\u00e9e pour votre blogue sachant qu&rsquo;il se termine invariablement par .ticfga.ca.<\/li>\n<\/ul>\n<p>Vous recevrez une r\u00e9ponse dans les 48 heures ouvrables suivant votre demande.<\/p>\n","protected":false},"excerpt":{"rendered":"<p>Voici la liste des blogues actuellement h\u00e9berg\u00e9s chez TIC FGA (13 novembre 2014): 09.ticfga.ca :\u00a0Blogue du service r\u00e9gional FGA du R\u00c9CIT de la C\u00f4te-Nord aprescours.ticfga.ca : blogue des Apr\u00e8s-cours FGA, cette initiative de d\u00e9veloppement professionnel des enseignants bas\u00e9e sur la visioconf\u00e9rence. blogging.ticfga.ca : blogue utilis\u00e9 dans le cadre d&rsquo;une formation pour les enseignants d&rsquo;anglais langue [&hellip;]<\/p>\n","protected":false},"author":2,"featured_media":0,"parent":0,"menu_order":0,"comment_status":"open","ping_status":"open","template":"","meta":{"footnotes":""},"class_list":["post-70","page","type-page","status-publish","hentry"],"_links":{"self":[{"href":"https:\/\/www.carrefourfga.ca\/ticfga\/wp-json\/wp\/v2\/pages\/70"}],"collection":[{"href":"https:\/\/www.carrefourfga.ca\/ticfga\/wp-json\/wp\/v2\/pages"}],"about":[{"href":"https:\/\/www.carrefourfga.ca\/ticfga\/wp-json\/wp\/v2\/types\/page"}],"author":[{"embeddable":true,"href":"https:\/\/www.carrefourfga.ca\/ticfga\/wp-json\/wp\/v2\/users\/2"}],"replies":[{"embeddable":true,"href":"https:\/\/www.carrefourfga.ca\/ticfga\/wp-json\/wp\/v2\/comments?post=70"}],"version-history":[{"count":11,"href":"https:\/\/www.carrefourfga.ca\/ticfga\/wp-json\/wp\/v2\/pages\/70\/revisions"}],"predecessor-version":[{"id":506,"href":"https:\/\/www.carrefourfga.ca\/ticfga\/wp-json\/wp\/v2\/pages\/70\/revisions\/506"}],"wp:attachment":[{"href":"https:\/\/www.carrefourfga.ca\/ticfga\/wp-json\/wp\/v2\/media?parent=70"}],"curies":[{"name":"wp","href":"https:\/\/api.w.org\/{rel}","templated":true}]}}