{"id":45,"date":"2019-11-14T14:28:00","date_gmt":"2019-11-14T13:28:00","guid":{"rendered":"https:\/\/www.carrefourfga.ca\/ticfga\/mauvaiselangue\/?page_id=45"},"modified":"2019-11-27T16:56:57","modified_gmt":"2019-11-27T15:56:57","slug":"pronociation","status":"publish","type":"page","link":"https:\/\/www.carrefourfga.ca\/ticfga\/mauvaiselangue\/pronociation\/","title":{"rendered":"Prononciation"},"content":{"rendered":"<h1 style=\"text-align: center\"><strong>Les prononciations du A<\/strong><\/h1>\n<p style=\"text-align: center\"><a href=\"https:\/\/www.carrefourfga.ca\/ticfga\/mauvaiselangue\/wp-content\/uploads\/sites\/67\/2019\/11\/Les-prononciations-du-A.docx\">Les prononciations du A<\/a><\/p>\n<p>Dans le fran\u00e7ais parl\u00e9 au Qu\u00e9bec, il y a plusieurs fa\u00e7ons de prononcer la lettre A\u00a0: \u00ab\u00a0a\u00a0\u00bb et \u00ab\u00a0\u0254\u00a0\u00bb comme dans\u00a0<em>homme<\/em>.<\/p>\n<p><strong>G\u00e9n\u00e9ralement, on prononce \u00ab\u00a0\u0254\u00a0\u00bb\u2026<\/strong><\/p>\n<ul>\n<li>Dans la derni\u00e8re syllabe des verbes, des noms et des adverbes<\/li>\n<\/ul>\n<p>&nbsp;<\/p>\n<ol>\n<li>Tu ir<strong><u>a<\/u><\/strong><\/li>\n<li>Il m\u2019<strong><u>a<\/u><\/strong><\/li>\n<li>Tu <strong><u>as<\/u><\/strong> trente ans.<\/li>\n<li>Elle <strong><u>a<\/u><\/strong> peur des r<strong><u>ats<\/u><\/strong><\/li>\n<li>Elle habite au Canad<strong><u>a<\/u><\/strong>.<\/li>\n<li>Elle s\u2019appelle Vaness<strong><u>a<\/u><\/strong>.<\/li>\n<li>Qu\u2019est-ce que tu <strong><u>as<\/u><\/strong> ?<\/li>\n<li>Il est <strong><u>l\u00e0<\/u><\/strong>.<\/li>\n<li>Il est d\u00e9j<strong><u>\u00e0<\/u><\/strong> <strong><u>l\u00e0<\/u><\/strong>.<\/li>\n<\/ol>\n<p>&nbsp;<\/p>\n<ul>\n<li>Dans les pronoms toniques<\/li>\n<\/ul>\n<ol start=\"10\">\n<li>\u00c7<strong><u>a<\/u><\/strong>, \u00e7a m\u2019\u00e9nerve.<\/li>\n<li>C\u2019est quoi \u00e7<strong><u>a<\/u><\/strong>?<\/li>\n<\/ol>\n<p>&nbsp;<\/p>\n<p><strong>FAIT INT\u00c9RESSANT<\/strong><\/p>\n<p>Quand le mot s\u2019\u00e9crit avec un accent circonflexe, le <em>a <\/em>est prononc\u00e9 <em>a-ou<\/em>. C\u2019est une longue voyelle.<\/p>\n<ol start=\"12\">\n<li>Un g<strong>\u00e2<\/strong>teau de f\u00eate.<\/li>\n<li>Un r<strong>\u00e2<\/strong>teau<\/li>\n<li>Un ch<strong>\u00e2<\/strong>teau<\/li>\n<li>T\u2019<u>as<\/u> quel <strong>\u00e2<\/strong>ge?<\/li>\n<li>Enlever cette tache-l\u00e0, c\u2019est une t<strong>\u00e2<\/strong>che difficile.<\/li>\n<li>\u00c7a me f<strong>\u00e2<\/strong>che.<\/li>\n<li>Je m<strong>\u00e2<\/strong>che des p<strong>\u00e2<\/strong>tes. (Pas des pattes.)<\/li>\n<\/ol>\n<p>&nbsp;<\/p>\n<p>&nbsp;<\/p>\n<p><strong>Le A reste \u00ab\u00a0a\u00a0\u00bb\u2026<\/strong><\/p>\n<ul>\n<li>Dans les pronoms et dans les d\u00e9terminants.<\/li>\n<\/ul>\n<p>&nbsp;<\/p>\n<p>Les d\u00e9terminants<\/p>\n<ol>\n<li>L<strong><u>a<\/u><\/strong> fille<\/li>\n<li>M<strong><u>a<\/u><\/strong> fille<\/li>\n<\/ol>\n<p>Les pronoms proches du verbe<\/p>\n<ol start=\"3\">\n<li>Il l<strong><u>a<\/u><\/strong> regarde<\/li>\n<li><strong><u>A<\/u><\/strong> chante bien. (pronom sujet <em>elle<\/em>)<\/li>\n<li>\u00c7<strong><u>a <\/u><\/strong>m\u2019\u00e9nerve.<\/li>\n<li>\u00c7a, \u00e7<strong><u>a<\/u><\/strong> m\u2019\u00e9nerve.<\/li>\n<\/ol>\n<p>&nbsp;<\/p>\n<ul>\n<li>Au d\u00e9but ou milieu d\u2019un mot<\/li>\n<\/ul>\n<p>&nbsp;<\/p>\n<ol>\n<li>V<strong><u>a<\/u><\/strong>l\u00e9rie Tr\u00e9p<strong><u>a<\/u><\/strong>nier<\/li>\n<li><strong>A<\/strong>rbre<\/li>\n<li>L<strong><u>a<\/u><\/strong>ve-vaisselle<\/li>\n<li>Elle h<strong><u>a<\/u><\/strong>bite au C<strong><u>a<\/u><\/strong>n<strong><u>a<\/u><\/strong>da<\/li>\n<li>Elle s\u2019<strong><u>a<\/u><\/strong>ppelle V<strong><u>a<\/u><\/strong><\/li>\n<\/ol>\n","protected":false},"excerpt":{"rendered":"<p>Les prononciations du A Les prononciations du A Dans le fran\u00e7ais parl\u00e9 au Qu\u00e9bec, il y a plusieurs fa\u00e7ons de prononcer la lettre A\u00a0: \u00ab\u00a0a\u00a0\u00bb et \u00ab\u00a0\u0254\u00a0\u00bb comme dans\u00a0homme. G\u00e9n\u00e9ralement, on prononce \u00ab\u00a0\u0254\u00a0\u00bb\u2026 Dans la derni\u00e8re syllabe des verbes, des noms et des adverbes &nbsp; Tu ira Il m\u2019a Tu&#8230; <a class=\"continue-reading-link\" href=\"https:\/\/www.carrefourfga.ca\/ticfga\/mauvaiselangue\/pronociation\/\"> Continue reading <span class=\"meta-nav\">&rarr; <\/span><\/a><\/p>\n","protected":false},"author":193,"featured_media":0,"parent":0,"menu_order":0,"comment_status":"closed","ping_status":"closed","template":"","meta":{"footnotes":""},"class_list":["post-45","page","type-page","status-publish","hentry"],"_links":{"self":[{"href":"https:\/\/www.carrefourfga.ca\/ticfga\/mauvaiselangue\/wp-json\/wp\/v2\/pages\/45"}],"collection":[{"href":"https:\/\/www.carrefourfga.ca\/ticfga\/mauvaiselangue\/wp-json\/wp\/v2\/pages"}],"about":[{"href":"https:\/\/www.carrefourfga.ca\/ticfga\/mauvaiselangue\/wp-json\/wp\/v2\/types\/page"}],"author":[{"embeddable":true,"href":"https:\/\/www.carrefourfga.ca\/ticfga\/mauvaiselangue\/wp-json\/wp\/v2\/users\/193"}],"replies":[{"embeddable":true,"href":"https:\/\/www.carrefourfga.ca\/ticfga\/mauvaiselangue\/wp-json\/wp\/v2\/comments?post=45"}],"version-history":[{"count":4,"href":"https:\/\/www.carrefourfga.ca\/ticfga\/mauvaiselangue\/wp-json\/wp\/v2\/pages\/45\/revisions"}],"predecessor-version":[{"id":299,"href":"https:\/\/www.carrefourfga.ca\/ticfga\/mauvaiselangue\/wp-json\/wp\/v2\/pages\/45\/revisions\/299"}],"wp:attachment":[{"href":"https:\/\/www.carrefourfga.ca\/ticfga\/mauvaiselangue\/wp-json\/wp\/v2\/media?parent=45"}],"curies":[{"name":"wp","href":"https:\/\/api.w.org\/{rel}","templated":true}]}}