{"id":175,"date":"2019-02-14T10:18:45","date_gmt":"2019-02-14T15:18:45","guid":{"rendered":"https:\/\/www.carrefourfga.ca\/ticfga\/jelis\/?page_id=175"},"modified":"2019-05-19T15:17:51","modified_gmt":"2019-05-19T19:17:51","slug":"partenaires","status":"publish","type":"page","link":"https:\/\/www.carrefourfga.ca\/ticfga\/jelis\/le-projet\/partenaires\/","title":{"rendered":"Partenaires"},"content":{"rendered":"\t\t<div data-elementor-type=\"wp-post\" data-elementor-id=\"175\" class=\"elementor elementor-175\">\n\t\t\t\t\t\t<section class=\"elementor-section elementor-top-section elementor-element elementor-element-abe3e18 elementor-section-boxed elementor-section-height-default elementor-section-height-default\" data-id=\"abe3e18\" data-element_type=\"section\">\n\t\t\t\t\t\t<div class=\"elementor-container elementor-column-gap-default\">\n\t\t\t\t\t<div class=\"elementor-column elementor-col-100 elementor-top-column elementor-element elementor-element-a4d8407\" data-id=\"a4d8407\" data-element_type=\"column\">\n\t\t\t<div class=\"elementor-widget-wrap elementor-element-populated\">\n\t\t\t\t\t\t<div class=\"elementor-element elementor-element-ba14451 elementor-view-framed elementor-position-left elementor-vertical-align-middle elementor-shape-circle elementor-mobile-position-top elementor-widget elementor-widget-icon-box\" data-id=\"ba14451\" data-element_type=\"widget\" data-widget_type=\"icon-box.default\">\n\t\t\t\t<div class=\"elementor-widget-container\">\n\t\t\t\t\t<div class=\"elementor-icon-box-wrapper\">\n\n\t\t\t\t\t\t<div class=\"elementor-icon-box-icon\">\n\t\t\t\t<span  class=\"elementor-icon elementor-animation-\">\n\t\t\t\t<i class=\"fa fa-slideshare\" aria-hidden=\"true\"><\/i>\t\t\t\t<\/span>\n\t\t\t<\/div>\n\t\t\t\n\t\t\t\t\t\t<div class=\"elementor-icon-box-content\">\n\n\t\t\t\t\t\t\t\t\t<h3 class=\"elementor-icon-box-title\">\n\t\t\t\t\t\t<span  >\n\t\t\t\t\t\t\tDes partenaires engag\u00e9s pour la litt\u00e9ratie\t\t\t\t\t\t<\/span>\n\t\t\t\t\t<\/h3>\n\t\t\t\t\n\t\t\t\t\t\t\t\t\t<p class=\"elementor-icon-box-description\">\n\t\t\t\t\t\tLe partenariat est au coeur du projet puisqu'il permet le partage d'expertise entre le milieu scolaire et le milieu communautaire. Voici les organisations porteuses du projet et les liens vers le site web de chacune.\t\t\t\t\t<\/p>\n\t\t\t\t\n\t\t\t<\/div>\n\t\t\t\n\t\t<\/div>\n\t\t\t\t<\/div>\n\t\t\t\t<\/div>\n\t\t\t\t<div class=\"elementor-element elementor-element-eaa591c elementor-widget-divider--view-line elementor-widget elementor-widget-divider\" data-id=\"eaa591c\" data-element_type=\"widget\" data-widget_type=\"divider.default\">\n\t\t\t\t<div class=\"elementor-widget-container\">\n\t\t\t\t\t<div class=\"elementor-divider\">\n\t\t\t<span class=\"elementor-divider-separator\">\n\t\t\t\t\t\t<\/span>\n\t\t<\/div>\n\t\t\t\t<\/div>\n\t\t\t\t<\/div>\n\t\t\t\t\t<\/div>\n\t\t<\/div>\n\t\t\t\t\t<\/div>\n\t\t<\/section>\n\t\t\t\t<section class=\"elementor-section elementor-top-section elementor-element elementor-element-90f2c68 elementor-section-boxed elementor-section-height-default elementor-section-height-default\" data-id=\"90f2c68\" data-element_type=\"section\">\n\t\t\t\t\t\t<div class=\"elementor-container elementor-column-gap-default\">\n\t\t\t\t\t<div class=\"elementor-column elementor-col-100 elementor-top-column elementor-element elementor-element-b0d8cdb\" data-id=\"b0d8cdb\" data-element_type=\"column\">\n\t\t\t<div class=\"elementor-widget-wrap elementor-element-populated\">\n\t\t\t\t\t\t<div class=\"elementor-element elementor-element-5aaac74 elementor-position-left elementor-vertical-align-middle elementor-widget elementor-widget-image-box\" data-id=\"5aaac74\" data-element_type=\"widget\" data-widget_type=\"image-box.default\">\n\t\t\t\t<div class=\"elementor-widget-container\">\n\t\t\t<div class=\"elementor-image-box-wrapper\"><figure class=\"elementor-image-box-img\"><a href=\"http:\/\/www.csphares.qc.ca\/\" target=\"_blank\" tabindex=\"-1\"><img fetchpriority=\"high\" decoding=\"async\" width=\"748\" height=\"402\" src=\"https:\/\/www.carrefourfga.ca\/ticfga\/jelis\/wp-content\/uploads\/sites\/59\/2019\/03\/Logo-CSDP-horizontal-couleur.jpg\" class=\"attachment-full size-full wp-image-259\" alt=\"Commission scolaire des Phares\" srcset=\"https:\/\/www.carrefourfga.ca\/ticfga\/jelis\/wp-content\/uploads\/sites\/59\/2019\/03\/Logo-CSDP-horizontal-couleur.jpg 748w, https:\/\/www.carrefourfga.ca\/ticfga\/jelis\/wp-content\/uploads\/sites\/59\/2019\/03\/Logo-CSDP-horizontal-couleur-300x161.jpg 300w\" sizes=\"(max-width: 748px) 100vw, 748px\" \/><\/a><\/figure><div class=\"elementor-image-box-content\"><h3 class=\"elementor-image-box-title\"><a href=\"http:\/\/www.csphares.qc.ca\/\" target=\"_blank\">Site web de la Commission scolaire des Phares<\/a><\/h3><p class=\"elementor-image-box-description\">La Commission scolaire des Phares intervient au pr\u00e9scolaire, au primaire et au secondaire, en formation professionnelle et en formation des adultes. Elle couvre le territoire des municipalit\u00e9s r\u00e9gionales de comt\u00e9s de La Mitis et Rimouski-Neigette et offre des services \u00e0 pr\u00e8s de 10 000 \u00e9l\u00e8ves, jeunes et adultes.<\/p><\/div><\/div>\t\t<\/div>\n\t\t\t\t<\/div>\n\t\t\t\t<div class=\"elementor-element elementor-element-c50fe51 elementor-position-left elementor-vertical-align-middle elementor-widget elementor-widget-image-box\" data-id=\"c50fe51\" data-element_type=\"widget\" data-widget_type=\"image-box.default\">\n\t\t\t\t<div class=\"elementor-widget-container\">\n\t\t\t<div class=\"elementor-image-box-wrapper\"><figure class=\"elementor-image-box-img\"><a href=\"http:\/\/lescentresdeformation.com\" target=\"_blank\" tabindex=\"-1\"><img decoding=\"async\" src=\"https:\/\/www.carrefourfga.ca\/ticfga\/jelis\/wp-content\/uploads\/sites\/59\/2019\/04\/CFAMont-Joli_CFRN_combine.jpg\" title=\"CFAMont-Joli_CFRN_combine\" alt=\"Centres de formation Mont-Joli - Mitis - Rimouski-Neigette\" loading=\"lazy\" \/><\/a><\/figure><div class=\"elementor-image-box-content\"><h3 class=\"elementor-image-box-title\"><a href=\"http:\/\/lescentresdeformation.com\" target=\"_blank\">Site web des centres de formation aux adultes<\/a><\/h3><p class=\"elementor-image-box-description\">Les centres de formation desservent la population gr\u00e2ce \u00e0 plusieurs points de service \u00e0 Rimouski et \u00e0 Mont-Joli.  Ils offrent plusieurs possibilit\u00e9s de cours en formation g\u00e9n\u00e9rale des adultes, formation professionnelle, formation \u00e0 distance, formation continue et par le biais du service aux entreprises.<\/p><\/div><\/div>\t\t<\/div>\n\t\t\t\t<\/div>\n\t\t\t\t<div class=\"elementor-element elementor-element-e000943 elementor-position-left elementor-vertical-align-middle elementor-widget elementor-widget-image-box\" data-id=\"e000943\" data-element_type=\"widget\" data-widget_type=\"image-box.default\">\n\t\t\t\t<div class=\"elementor-widget-container\">\n\t\t\t<div class=\"elementor-image-box-wrapper\"><figure class=\"elementor-image-box-img\"><a href=\"http:\/\/clef.alphabetisation.ca\/\" target=\"_blank\" tabindex=\"-1\"><img decoding=\"async\" width=\"1003\" height=\"346\" src=\"https:\/\/www.carrefourfga.ca\/ticfga\/jelis\/wp-content\/uploads\/sites\/59\/2019\/03\/LogoSeul.jpg\" class=\"attachment-full size-full wp-image-256\" alt=\"CLEF Mitis-Neigette\" srcset=\"https:\/\/www.carrefourfga.ca\/ticfga\/jelis\/wp-content\/uploads\/sites\/59\/2019\/03\/LogoSeul.jpg 1003w, https:\/\/www.carrefourfga.ca\/ticfga\/jelis\/wp-content\/uploads\/sites\/59\/2019\/03\/LogoSeul-300x103.jpg 300w, https:\/\/www.carrefourfga.ca\/ticfga\/jelis\/wp-content\/uploads\/sites\/59\/2019\/03\/LogoSeul-768x265.jpg 768w\" sizes=\"(max-width: 1003px) 100vw, 1003px\" \/><\/a><\/figure><div class=\"elementor-image-box-content\"><h3 class=\"elementor-image-box-title\"><a href=\"http:\/\/clef.alphabetisation.ca\/\" target=\"_blank\">Site web de CLEF Mitis-Neigette<\/a><\/h3><p class=\"elementor-image-box-description\">CLEF Mitis-Neigette est un organisme d\u2019alphab\u00e9tisation populaire. Sa mission est d\u2019assurer une prise en charge et la r\u00e9alisation de l\u2019alphab\u00e9tisation sur le territoire des MRC de Rimouski-Neigette et de La Mitis. L'organisme agit en promotion, en sensibilisation et en recrutement ainsi qu\u2019en formation pour la cause.<\/p><\/div><\/div>\t\t<\/div>\n\t\t\t\t<\/div>\n\t\t\t\t\t<\/div>\n\t\t<\/div>\n\t\t\t\t\t<\/div>\n\t\t<\/section>\n\t\t\t\t<section class=\"elementor-section elementor-top-section elementor-element elementor-element-cf3ed70 elementor-section-boxed elementor-section-height-default elementor-section-height-default\" data-id=\"cf3ed70\" data-element_type=\"section\">\n\t\t\t\t\t\t<div class=\"elementor-container elementor-column-gap-default\">\n\t\t\t\t\t<div class=\"elementor-column elementor-col-100 elementor-top-column elementor-element elementor-element-d58a8e3\" data-id=\"d58a8e3\" data-element_type=\"column\">\n\t\t\t<div class=\"elementor-widget-wrap elementor-element-populated\">\n\t\t\t\t\t\t<div class=\"elementor-element elementor-element-0e63d23 elementor-widget elementor-widget-spacer\" data-id=\"0e63d23\" data-element_type=\"widget\" data-widget_type=\"spacer.default\">\n\t\t\t\t<div class=\"elementor-widget-container\">\n\t\t\t\t\t<div class=\"elementor-spacer\">\n\t\t\t<div class=\"elementor-spacer-inner\"><\/div>\n\t\t<\/div>\n\t\t\t\t<\/div>\n\t\t\t\t<\/div>\n\t\t\t\t<div class=\"elementor-element elementor-element-78f7f3f elementor-widget-divider--view-line elementor-widget elementor-widget-divider\" data-id=\"78f7f3f\" data-element_type=\"widget\" data-widget_type=\"divider.default\">\n\t\t\t\t<div class=\"elementor-widget-container\">\n\t\t\t\t\t<div class=\"elementor-divider\">\n\t\t\t<span class=\"elementor-divider-separator\">\n\t\t\t\t\t\t<\/span>\n\t\t<\/div>\n\t\t\t\t<\/div>\n\t\t\t\t<\/div>\n\t\t\t\t<div class=\"elementor-element elementor-element-dceaaa9 elementor-widget elementor-widget-text-editor\" data-id=\"dceaaa9\" data-element_type=\"widget\" data-widget_type=\"text-editor.default\">\n\t\t\t\t<div class=\"elementor-widget-container\">\n\t\t\t\t\t\t\t<p>La r\u00e9alisation du projet n&rsquo;aurait pas \u00e9t\u00e9 possible sans l&rsquo;apport des organismes communautaires du milieu, et le support de COSMOSS a \u00e9t\u00e9 pr\u00e9cieux pour faciliter la diffusion d&rsquo;information.<\/p>\t\t\t\t\t\t<\/div>\n\t\t\t\t<\/div>\n\t\t\t\t<div class=\"elementor-element elementor-element-eee251a elementor-position-left elementor-vertical-align-middle elementor-widget elementor-widget-image-box\" data-id=\"eee251a\" data-element_type=\"widget\" data-widget_type=\"image-box.default\">\n\t\t\t\t<div class=\"elementor-widget-container\">\n\t\t\t<div class=\"elementor-image-box-wrapper\"><figure class=\"elementor-image-box-img\"><a href=\"https:\/\/cosmoss.qc.ca\" target=\"_blank\" tabindex=\"-1\"><img decoding=\"async\" width=\"1366\" height=\"438\" src=\"https:\/\/www.carrefourfga.ca\/ticfga\/jelis\/wp-content\/uploads\/sites\/59\/2019\/04\/Logo_Cosmoss.png\" class=\"attachment-full size-full wp-image-466\" alt=\"Logo COSMOSS Bas-Saint-Laurent\" srcset=\"https:\/\/www.carrefourfga.ca\/ticfga\/jelis\/wp-content\/uploads\/sites\/59\/2019\/04\/Logo_Cosmoss.png 1366w, https:\/\/www.carrefourfga.ca\/ticfga\/jelis\/wp-content\/uploads\/sites\/59\/2019\/04\/Logo_Cosmoss-300x96.png 300w, https:\/\/www.carrefourfga.ca\/ticfga\/jelis\/wp-content\/uploads\/sites\/59\/2019\/04\/Logo_Cosmoss-768x246.png 768w, https:\/\/www.carrefourfga.ca\/ticfga\/jelis\/wp-content\/uploads\/sites\/59\/2019\/04\/Logo_Cosmoss-1024x328.png 1024w\" sizes=\"(max-width: 1366px) 100vw, 1366px\" \/><\/a><\/figure><div class=\"elementor-image-box-content\"><h3 class=\"elementor-image-box-title\"><a href=\"https:\/\/cosmoss.qc.ca\" target=\"_blank\">Site web de COSMOSS<\/a><\/h3><p class=\"elementor-image-box-description\">COSMOSS \u2013 Communaut\u00e9 ouverte et solidaire pour un monde outill\u00e9, \nscolaris\u00e9 et en sant\u00e9 - regroupe des organisations qui travaillent \nensemble au d\u00e9veloppement du potentiel des enfants et des jeunes, de \nleur conception jusqu\u2019\u00e0 30 ans. Cette collaboration s\u2019appuie sur l\u2019engagement volontaire des r\u00e9seaux de la sant\u00e9 et des services sociaux, de l\u2019\u00e9ducation, du municipal, de l\u2019emploi, de la petite enfance et du milieu communautaire. <\/p><\/div><\/div>\t\t<\/div>\n\t\t\t\t<\/div>\n\t\t\t\t\t<\/div>\n\t\t<\/div>\n\t\t\t\t\t<\/div>\n\t\t<\/section>\n\t\t\t\t<\/div>\n\t\t","protected":false},"excerpt":{"rendered":"<p>Des partenaires engag\u00e9s pour la litt\u00e9ratie Le partenariat est au coeur du projet puisqu&rsquo;il permet le partage d&rsquo;expertise entre le milieu scolaire et le milieu communautaire. Voici les organisations porteuses du projet et les liens vers le site web de chacune. Site web de la Commission scolaire des Phares La Commission scolaire des Phares intervient &#8230; <a title=\"Partenaires\" class=\"read-more\" href=\"https:\/\/www.carrefourfga.ca\/ticfga\/jelis\/le-projet\/partenaires\/\" aria-label=\"Read more about Partenaires\">Lire la suite<\/a><\/p>\n","protected":false},"author":174,"featured_media":0,"parent":171,"menu_order":0,"comment_status":"closed","ping_status":"closed","template":"","meta":{"footnotes":""},"class_list":["post-175","page","type-page","status-publish"],"_links":{"self":[{"href":"https:\/\/www.carrefourfga.ca\/ticfga\/jelis\/wp-json\/wp\/v2\/pages\/175"}],"collection":[{"href":"https:\/\/www.carrefourfga.ca\/ticfga\/jelis\/wp-json\/wp\/v2\/pages"}],"about":[{"href":"https:\/\/www.carrefourfga.ca\/ticfga\/jelis\/wp-json\/wp\/v2\/types\/page"}],"author":[{"embeddable":true,"href":"https:\/\/www.carrefourfga.ca\/ticfga\/jelis\/wp-json\/wp\/v2\/users\/174"}],"replies":[{"embeddable":true,"href":"https:\/\/www.carrefourfga.ca\/ticfga\/jelis\/wp-json\/wp\/v2\/comments?post=175"}],"version-history":[{"count":20,"href":"https:\/\/www.carrefourfga.ca\/ticfga\/jelis\/wp-json\/wp\/v2\/pages\/175\/revisions"}],"predecessor-version":[{"id":527,"href":"https:\/\/www.carrefourfga.ca\/ticfga\/jelis\/wp-json\/wp\/v2\/pages\/175\/revisions\/527"}],"up":[{"embeddable":true,"href":"https:\/\/www.carrefourfga.ca\/ticfga\/jelis\/wp-json\/wp\/v2\/pages\/171"}],"wp:attachment":[{"href":"https:\/\/www.carrefourfga.ca\/ticfga\/jelis\/wp-json\/wp\/v2\/media?parent=175"}],"curies":[{"name":"wp","href":"https:\/\/api.w.org\/{rel}","templated":true}]}}