{"id":171,"date":"2019-02-14T10:07:04","date_gmt":"2019-02-14T15:07:04","guid":{"rendered":"https:\/\/www.carrefourfga.ca\/ticfga\/jelis\/?page_id=171"},"modified":"2019-06-03T17:38:43","modified_gmt":"2019-06-03T21:38:43","slug":"le-projet","status":"publish","type":"page","link":"https:\/\/www.carrefourfga.ca\/ticfga\/jelis\/le-projet\/","title":{"rendered":"Le projet"},"content":{"rendered":"\t\t<div data-elementor-type=\"wp-post\" data-elementor-id=\"171\" class=\"elementor elementor-171\">\n\t\t\t\t\t\t<section class=\"elementor-section elementor-top-section elementor-element elementor-element-3f9a828 elementor-section-boxed elementor-section-height-default elementor-section-height-default\" data-id=\"3f9a828\" data-element_type=\"section\">\n\t\t\t\t\t\t<div class=\"elementor-container elementor-column-gap-default\">\n\t\t\t\t\t<div class=\"elementor-column elementor-col-100 elementor-top-column elementor-element elementor-element-292ee80\" data-id=\"292ee80\" data-element_type=\"column\">\n\t\t\t<div class=\"elementor-widget-wrap elementor-element-populated\">\n\t\t\t\t\t\t<div class=\"elementor-element elementor-element-db0e377 elementor-view-framed elementor-position-left elementor-vertical-align-middle elementor-shape-circle elementor-mobile-position-top elementor-widget elementor-widget-icon-box\" data-id=\"db0e377\" data-element_type=\"widget\" data-widget_type=\"icon-box.default\">\n\t\t\t\t<div class=\"elementor-widget-container\">\n\t\t\t\t\t<div class=\"elementor-icon-box-wrapper\">\n\n\t\t\t\t\t\t<div class=\"elementor-icon-box-icon\">\n\t\t\t\t<span  class=\"elementor-icon elementor-animation-\">\n\t\t\t\t<i class=\"fa fa-calendar-check-o\" aria-hidden=\"true\"><\/i>\t\t\t\t<\/span>\n\t\t\t<\/div>\n\t\t\t\n\t\t\t\t\t\t<div class=\"elementor-icon-box-content\">\n\n\t\t\t\t\t\t\t\t\t<h3 class=\"elementor-icon-box-title\">\n\t\t\t\t\t\t<span  >\n\t\t\t\t\t\t\tHistorique et objectifs\t\t\t\t\t\t<\/span>\n\t\t\t\t\t<\/h3>\n\t\t\t\t\n\t\t\t\t\n\t\t\t<\/div>\n\t\t\t\n\t\t<\/div>\n\t\t\t\t<\/div>\n\t\t\t\t<\/div>\n\t\t\t\t\t<\/div>\n\t\t<\/div>\n\t\t\t\t\t<\/div>\n\t\t<\/section>\n\t\t\t\t<section class=\"elementor-section elementor-top-section elementor-element elementor-element-b4501b0 elementor-section-boxed elementor-section-height-default elementor-section-height-default\" data-id=\"b4501b0\" data-element_type=\"section\">\n\t\t\t\t\t\t<div class=\"elementor-container elementor-column-gap-default\">\n\t\t\t\t\t<div class=\"elementor-column elementor-col-100 elementor-top-column elementor-element elementor-element-21f8088\" data-id=\"21f8088\" data-element_type=\"column\">\n\t\t\t<div class=\"elementor-widget-wrap elementor-element-populated\">\n\t\t\t\t\t\t<div class=\"elementor-element elementor-element-b6f4d18 elementor-widget elementor-widget-spacer\" data-id=\"b6f4d18\" data-element_type=\"widget\" data-widget_type=\"spacer.default\">\n\t\t\t\t<div class=\"elementor-widget-container\">\n\t\t\t\t\t<div class=\"elementor-spacer\">\n\t\t\t<div class=\"elementor-spacer-inner\"><\/div>\n\t\t<\/div>\n\t\t\t\t<\/div>\n\t\t\t\t<\/div>\n\t\t\t\t<div class=\"elementor-element elementor-element-e316d47 elementor-widget__width-inherit elementor-widget elementor-widget-accordion\" data-id=\"e316d47\" data-element_type=\"widget\" data-widget_type=\"accordion.default\">\n\t\t\t\t<div class=\"elementor-widget-container\">\n\t\t\t\t\t<div class=\"elementor-accordion\">\n\t\t\t\t\t\t\t<div class=\"elementor-accordion-item\">\n\t\t\t\t\t<div id=\"elementor-tab-title-2381\" class=\"elementor-tab-title\" data-tab=\"1\" role=\"button\" aria-controls=\"elementor-tab-content-2381\" aria-expanded=\"false\">\n\t\t\t\t\t\t\t\t\t\t\t\t\t<span class=\"elementor-accordion-icon elementor-accordion-icon-left\" aria-hidden=\"true\">\n\t\t\t\t\t\t\t\t\t\t\t\t\t\t\t<i class=\"elementor-accordion-icon-closed fa fa-plus-circle\"><\/i>\n\t\t\t\t\t\t\t\t<i class=\"elementor-accordion-icon-opened fa fa-info-circle\"><\/i>\n\t\t\t\t\t\t\t\t\t\t\t\t\t\t<\/span>\n\t\t\t\t\t\t\t\t\t\t\t\t<a class=\"elementor-accordion-title\" tabindex=\"0\">Origine du projet<\/a>\n\t\t\t\t\t<\/div>\n\t\t\t\t\t<div id=\"elementor-tab-content-2381\" class=\"elementor-tab-content elementor-clearfix\" data-tab=\"1\" role=\"region\" aria-labelledby=\"elementor-tab-title-2381\"><p>Depuis l\u2019ann\u00e9e 2017-2018, le Centre de formation Rimouski-Neigette (CFRN) et le Centre de formation aux adultes de Mont-Joli \u2013 Mitis (CFAMM) s\u2019associent au Centre de lecture, d\u2019\u00e9criture et de formations (CLEF) Mitis-Neigette pour la r\u00e9alisation d\u2019un projet visant le d\u00e9veloppement des comp\u00e9tences en lecture chez des adultes qui ne sont pas inscrits en formation.<\/p><p><em>Je lis et je comprends !<\/em> a vu le jour en 2017-2018, suivi de <em>Je <\/em><em>lis, je comprends, j\u2019agis!<\/em> en 2018-2019. Ce projet est possible gr\u00e2ce au financement de la mesure 15162 du MEES qui vise \u00e0 rehausser et maintenir les comp\u00e9tences en litt\u00e9ratie des populations adultes les plus vuln\u00e9rables.<\/p><\/div>\n\t\t\t\t<\/div>\n\t\t\t\t\t\t\t<div class=\"elementor-accordion-item\">\n\t\t\t\t\t<div id=\"elementor-tab-title-2382\" class=\"elementor-tab-title\" data-tab=\"2\" role=\"button\" aria-controls=\"elementor-tab-content-2382\" aria-expanded=\"false\">\n\t\t\t\t\t\t\t\t\t\t\t\t\t<span class=\"elementor-accordion-icon elementor-accordion-icon-left\" aria-hidden=\"true\">\n\t\t\t\t\t\t\t\t\t\t\t\t\t\t\t<i class=\"elementor-accordion-icon-closed fa fa-plus-circle\"><\/i>\n\t\t\t\t\t\t\t\t<i class=\"elementor-accordion-icon-opened fa fa-info-circle\"><\/i>\n\t\t\t\t\t\t\t\t\t\t\t\t\t\t<\/span>\n\t\t\t\t\t\t\t\t\t\t\t\t<a class=\"elementor-accordion-title\" tabindex=\"0\">Le partenariat au coeur du projet<\/a>\n\t\t\t\t\t<\/div>\n\t\t\t\t\t<div id=\"elementor-tab-content-2382\" class=\"elementor-tab-content elementor-clearfix\" data-tab=\"2\" role=\"region\" aria-labelledby=\"elementor-tab-title-2382\"><p>Pour rejoindre les adultes ayant de faibles comp\u00e9tences en litt\u00e9ratie dans leur milieu de vie, les intervenantes du projet collaborent avec diff\u00e9rents organismes de la r\u00e9gion de Rimouski et de La Mitis.<\/p><p>En 2017-2018, nous avons rencontr\u00e9 une vingtaine d&rsquo;organismes communautaires pour r\u00e9colter leurs observations par rapport aux besoins en litt\u00e9ratie dans leurs milieux. Nous avons pu regrouper ces besoins en six th\u00e9matiques, qui sont pr\u00e9sent\u00e9es dans la section <strong><a href=\"https:\/\/www.carrefourfga.ca\/ticfga\/jelis\/ateliers-offerts\/\" target=\"_blank\" rel=\"noopener\"><span style=\"color: #0000ff;\">Ateliers <\/span><\/a><\/strong>de ce site. Chacune des th\u00e9matiques est associ\u00e9e \u00e0 un document ou une situation de la vie courante des adultes rencontr\u00e9s par les intervenantes et intervenants du milieu communautaire. Nous avons ensuite associ\u00e9 une strat\u00e9gie de lecture \u00e0 chacun de ces documents et construit des ateliers pour outiller les adultes dans les situations cibl\u00e9es.<\/p><p>Certains organismes ont \u00e9galement nomm\u00e9 le besoin d&rsquo;adapter des ateliers qu&rsquo;ils offraient d\u00e9j\u00e0. Ainsi, l&rsquo;orthop\u00e9dagogue professionnelle a conseill\u00e9 ces organismes pour introduire le d\u00e9veloppement des comp\u00e9tences en litt\u00e9ratie dans leurs ateliers.<\/p><p>D&rsquo;autres organismes ont nomm\u00e9 un besoin de formation en lien avec la litt\u00e9ratie pour leurs intervenantes et intervenants. Ainsi, \u00e0 l&rsquo;an 2 du projet, nous avons organis\u00e9 une formation d&rsquo;une journ\u00e9e sur la litt\u00e9ratie et la communication accessible. Pr\u00e8s d&rsquo;une quarantaine de travailleurs et travailleuses du communautaire ont particip\u00e9 gratuitement \u00e0 cette formation. Suite \u00e0 celle-ci, quelques organismes ont rencontr\u00e9 l&rsquo;orthop\u00e9dagogue du projet pour revoir leur mat\u00e9riel de communication.<\/p><p>De plus, nous consultons les organismes communautaires tout au long de la r\u00e9alisation du projet pour conna\u00eetre leur appr\u00e9ciation de nos actions et r\u00e9colter leurs besoins et int\u00e9r\u00eat pour la litt\u00e9ratie.<\/p><\/div>\n\t\t\t\t<\/div>\n\t\t\t\t\t\t\t<div class=\"elementor-accordion-item\">\n\t\t\t\t\t<div id=\"elementor-tab-title-2383\" class=\"elementor-tab-title\" data-tab=\"3\" role=\"button\" aria-controls=\"elementor-tab-content-2383\" aria-expanded=\"false\">\n\t\t\t\t\t\t\t\t\t\t\t\t\t<span class=\"elementor-accordion-icon elementor-accordion-icon-left\" aria-hidden=\"true\">\n\t\t\t\t\t\t\t\t\t\t\t\t\t\t\t<i class=\"elementor-accordion-icon-closed fa fa-plus-circle\"><\/i>\n\t\t\t\t\t\t\t\t<i class=\"elementor-accordion-icon-opened fa fa-info-circle\"><\/i>\n\t\t\t\t\t\t\t\t\t\t\t\t\t\t<\/span>\n\t\t\t\t\t\t\t\t\t\t\t\t<a class=\"elementor-accordion-title\" tabindex=\"0\">\u00c9quipe du comit\u00e9 de suivi<\/a>\n\t\t\t\t\t<\/div>\n\t\t\t\t\t<div id=\"elementor-tab-content-2383\" class=\"elementor-tab-content elementor-clearfix\" data-tab=\"3\" role=\"region\" aria-labelledby=\"elementor-tab-title-2383\"><ul><li>Maude Beauchesne-Rondeau, orthop\u00e9dagogue professionnelle au centre de formation Rimouski-Neigette de la Commission scolaire des Phares (responsable du projet)<\/li><li>M\u00e9lanie Loubert et Anabelle Brillant, orthop\u00e9dagogues professionnelles de la Commission scolaire des Phares (intervenantes sur le terrain)<\/li><li>Lysane Picker-Paquin et Corine Roy-Mc Innes, formatrices \u00e0 CLEF Mitis-Neigette (agentes de projet)<\/li><li>Monsieur Renaud Bouillon, directeur des centres de formation<\/li><li>Madame Lucille Roy, coordonnatrice de Clef Mitis-Neigette<\/li><\/ul><\/div>\n\t\t\t\t<\/div>\n\t\t\t\t\t\t\t<div class=\"elementor-accordion-item\">\n\t\t\t\t\t<div id=\"elementor-tab-title-2384\" class=\"elementor-tab-title\" data-tab=\"4\" role=\"button\" aria-controls=\"elementor-tab-content-2384\" aria-expanded=\"false\">\n\t\t\t\t\t\t\t\t\t\t\t\t\t<span class=\"elementor-accordion-icon elementor-accordion-icon-left\" aria-hidden=\"true\">\n\t\t\t\t\t\t\t\t\t\t\t\t\t\t\t<i class=\"elementor-accordion-icon-closed fa fa-plus-circle\"><\/i>\n\t\t\t\t\t\t\t\t<i class=\"elementor-accordion-icon-opened fa fa-info-circle\"><\/i>\n\t\t\t\t\t\t\t\t\t\t\t\t\t\t<\/span>\n\t\t\t\t\t\t\t\t\t\t\t\t<a class=\"elementor-accordion-title\" tabindex=\"0\">Objectifs en 2017-2018<\/a>\n\t\t\t\t\t<\/div>\n\t\t\t\t\t<div id=\"elementor-tab-content-2384\" class=\"elementor-tab-content elementor-clearfix\" data-tab=\"4\" role=\"region\" aria-labelledby=\"elementor-tab-title-2384\"><ul><li>Rejoindre les adultes ayant de faibles comp\u00e9tences en litt\u00e9ratie (\u00e0 l\u2019int\u00e9rieur des groupes\/ateliers d\u00e9j\u00e0 existants ou parmi les membres actifs des organismes partenaires)<\/li><li>Cibler les besoins en litt\u00e9ratie selon la mission des organismes communautaires<\/li><li>\u00c9laborer des ateliers en litt\u00e9ratie et d\u00e9velopper des outils d\u2019aide \u00e0 l\u2019apprentissage de la lecture adapt\u00e9s \u00e0 la r\u00e9alit\u00e9 du milieu<\/li><li>Aider plusieurs adultes de la r\u00e9gion de Rimouski-Neigette et de La Mitis \u00e0 d\u00e9velopper leurs strat\u00e9gies de lecture pour faciliter leur compr\u00e9hension de documents utiles et ainsi am\u00e9liorer leurs aptitudes fonctionnelles de base pour tendre vers une plus grande autonomie en soci\u00e9t\u00e9 (documents papier et num\u00e9riques)<\/li><li>D\u00e9velopper le go\u00fbt de la lecture des adultes qui participent au projet, en tentant d\u2019augmenter leur sentiment de comp\u00e9tence dans ce domaine<\/li><li>Offrir un accompagnement individualis\u00e9 selon les besoins exprim\u00e9s et accompagnement vers d\u2019autres organismes (formation, scolaire, biblioth\u00e8que, etc.) pouvant poursuivre l\u2019aide sur le plan de la litt\u00e9ratie<\/li><\/ul><\/div>\n\t\t\t\t<\/div>\n\t\t\t\t\t\t\t<div class=\"elementor-accordion-item\">\n\t\t\t\t\t<div id=\"elementor-tab-title-2385\" class=\"elementor-tab-title\" data-tab=\"5\" role=\"button\" aria-controls=\"elementor-tab-content-2385\" aria-expanded=\"false\">\n\t\t\t\t\t\t\t\t\t\t\t\t\t<span class=\"elementor-accordion-icon elementor-accordion-icon-left\" aria-hidden=\"true\">\n\t\t\t\t\t\t\t\t\t\t\t\t\t\t\t<i class=\"elementor-accordion-icon-closed fa fa-plus-circle\"><\/i>\n\t\t\t\t\t\t\t\t<i class=\"elementor-accordion-icon-opened fa fa-info-circle\"><\/i>\n\t\t\t\t\t\t\t\t\t\t\t\t\t\t<\/span>\n\t\t\t\t\t\t\t\t\t\t\t\t<a class=\"elementor-accordion-title\" tabindex=\"0\">Objectifs en 2018-2019<\/a>\n\t\t\t\t\t<\/div>\n\t\t\t\t\t<div id=\"elementor-tab-content-2385\" class=\"elementor-tab-content elementor-clearfix\" data-tab=\"5\" role=\"region\" aria-labelledby=\"elementor-tab-title-2385\"><ul><li>Outiller les intervenants et intervenantes des organismes communautaires impliqu\u00e9s-es dans le projet sur les interventions aidantes pour les adultes qui ont un faible niveau de litt\u00e9ratie<\/li><li>Rehausser les comp\u00e9tences en lecture d\u2019adultes \u00e9loign\u00e9s de la formation et faisant partie de groupes d\u00e9j\u00e0 existants dans les organismes communautaires de notre r\u00e9gion<\/li><li>Valoriser la formation g\u00e9n\u00e9rale de base des adultes en faisant conna\u00eetre les services offerts dans les deux C\u00c9A de notre r\u00e9gion aux participants et participantes du projet<\/li><\/ul><\/div>\n\t\t\t\t<\/div>\n\t\t\t\t\t\t\t\t<\/div>\n\t\t\t\t<\/div>\n\t\t\t\t<\/div>\n\t\t\t\t\t<\/div>\n\t\t<\/div>\n\t\t\t\t\t<\/div>\n\t\t<\/section>\n\t\t\t\t<\/div>\n\t\t","protected":false},"excerpt":{"rendered":"<p>Historique et objectifs Origine du projet Depuis l\u2019ann\u00e9e 2017-2018, le Centre de formation Rimouski-Neigette (CFRN) et le Centre de formation aux adultes de Mont-Joli \u2013 Mitis (CFAMM) s\u2019associent au Centre de lecture, d\u2019\u00e9criture et de formations (CLEF) Mitis-Neigette pour la r\u00e9alisation d\u2019un projet visant le d\u00e9veloppement des comp\u00e9tences en lecture chez des adultes qui ne &#8230; <a title=\"Le projet\" class=\"read-more\" href=\"https:\/\/www.carrefourfga.ca\/ticfga\/jelis\/le-projet\/\" aria-label=\"Read more about Le projet\">Lire la suite<\/a><\/p>\n","protected":false},"author":174,"featured_media":0,"parent":0,"menu_order":0,"comment_status":"closed","ping_status":"closed","template":"","meta":{"footnotes":""},"class_list":["post-171","page","type-page","status-publish"],"_links":{"self":[{"href":"https:\/\/www.carrefourfga.ca\/ticfga\/jelis\/wp-json\/wp\/v2\/pages\/171"}],"collection":[{"href":"https:\/\/www.carrefourfga.ca\/ticfga\/jelis\/wp-json\/wp\/v2\/pages"}],"about":[{"href":"https:\/\/www.carrefourfga.ca\/ticfga\/jelis\/wp-json\/wp\/v2\/types\/page"}],"author":[{"embeddable":true,"href":"https:\/\/www.carrefourfga.ca\/ticfga\/jelis\/wp-json\/wp\/v2\/users\/174"}],"replies":[{"embeddable":true,"href":"https:\/\/www.carrefourfga.ca\/ticfga\/jelis\/wp-json\/wp\/v2\/comments?post=171"}],"version-history":[{"count":13,"href":"https:\/\/www.carrefourfga.ca\/ticfga\/jelis\/wp-json\/wp\/v2\/pages\/171\/revisions"}],"predecessor-version":[{"id":701,"href":"https:\/\/www.carrefourfga.ca\/ticfga\/jelis\/wp-json\/wp\/v2\/pages\/171\/revisions\/701"}],"wp:attachment":[{"href":"https:\/\/www.carrefourfga.ca\/ticfga\/jelis\/wp-json\/wp\/v2\/media?parent=171"}],"curies":[{"name":"wp","href":"https:\/\/api.w.org\/{rel}","templated":true}]}}