{"id":8516,"date":"2020-11-05T11:39:23","date_gmt":"2020-11-05T16:39:23","guid":{"rendered":"https:\/\/www.carrefourfga.ca\/ticfga\/aprescours\/?page_id=8516"},"modified":"2021-01-06T08:54:48","modified_gmt":"2021-01-06T13:54:48","slug":"dans-un-centre-pres-de-chez-vous","status":"publish","type":"page","link":"https:\/\/www.carrefourfga.ca\/ticfga\/aprescours\/dans-un-centre-pres-de-chez-vous\/","title":{"rendered":"Dans un centre pr\u00e8s de chez vous"},"content":{"rendered":"\t\t<div data-elementor-type=\"wp-page\" data-elementor-id=\"8516\" class=\"elementor elementor-8516\">\n\t\t\t\t\t\t<section class=\"elementor-section elementor-top-section elementor-element elementor-element-791c978 elementor-section-boxed elementor-section-height-default elementor-section-height-default\" data-id=\"791c978\" data-element_type=\"section\">\n\t\t\t\t\t\t<div class=\"elementor-container elementor-column-gap-default\">\n\t\t\t\t\t<div class=\"elementor-column elementor-col-100 elementor-top-column elementor-element elementor-element-39de8ce\" data-id=\"39de8ce\" data-element_type=\"column\">\n\t\t\t<div class=\"elementor-widget-wrap elementor-element-populated\">\n\t\t\t\t\t\t<div class=\"elementor-element elementor-element-344d58e elementor-widget elementor-widget-text-editor\" data-id=\"344d58e\" data-element_type=\"widget\" data-widget_type=\"text-editor.default\">\n\t\t\t\t<div class=\"elementor-widget-container\">\n\t\t\t\t\t\t\t<p><b><i>Dans un centre pr\u00e8s de chez vous<\/i><\/b><span style=\"font-weight: 400;\">, ce sont des directions, des professionnels, des enseignants qui transforment, actualisent et cr\u00e9ent de nouvelles pratiques d\u2019enseignement et d\u2019accompagnement. <\/span><b><i>Dans un centre pr\u00e8s de chez vous<\/i><\/b><span style=\"font-weight: 400;\">, ce sont des \u00e9l\u00e8ves qui apprennent diff\u00e9remment, qui d\u00e9veloppent des comp\u00e9tences et des strat\u00e9gies pour leur vie, qui s\u2019\u00e9panouissent en tant qu\u2019\u00eatre humain. <\/span><b><i>Dans un centre pr\u00e8s de chez vous<\/i><\/b><span style=\"font-weight: 400;\">, ce sont des projets \u00e0 plus ou moins grande \u00e9chelle selon les milieux, qui rassemblent tous les intervenants et les \u00e9l\u00e8ves autour d\u2019une intention et d\u2019une vision innovantes de l\u2019\u00e9ducation \u00e0 la formation g\u00e9n\u00e9rale des adultes. Vous voulez voir ce qui se passe <\/span><b><i>Dans un centre pr\u00e8s de chez vous<\/i><\/b><span style=\"font-weight: 400;\">? C\u2019est par ici\u2026<\/span><\/p>\t\t\t\t\t\t<\/div>\n\t\t\t\t<\/div>\n\t\t\t\t\t<\/div>\n\t\t<\/div>\n\t\t\t\t\t<\/div>\n\t\t<\/section>\n\t\t\t\t<section class=\"elementor-section elementor-top-section elementor-element elementor-element-40a13c9 elementor-section-boxed elementor-section-height-default elementor-section-height-default\" data-id=\"40a13c9\" data-element_type=\"section\">\n\t\t\t\t\t\t<div class=\"elementor-container elementor-column-gap-default\">\n\t\t\t\t\t<div class=\"elementor-column elementor-col-100 elementor-top-column elementor-element elementor-element-c511f16\" data-id=\"c511f16\" data-element_type=\"column\">\n\t\t\t<div class=\"elementor-widget-wrap\">\n\t\t\t\t\t\t\t<\/div>\n\t\t<\/div>\n\t\t\t\t\t<\/div>\n\t\t<\/section>\n\t\t\t\t<section class=\"elementor-section elementor-top-section elementor-element elementor-element-9965343 elementor-section-boxed elementor-section-height-default elementor-section-height-default\" data-id=\"9965343\" data-element_type=\"section\">\n\t\t\t\t\t\t<div class=\"elementor-container elementor-column-gap-default\">\n\t\t\t\t\t<div class=\"elementor-column elementor-col-100 elementor-top-column elementor-element elementor-element-5c90480\" data-id=\"5c90480\" data-element_type=\"column\">\n\t\t\t<div class=\"elementor-widget-wrap elementor-element-populated\">\n\t\t\t\t\t\t<div class=\"elementor-element elementor-element-a165fac elementor-grid-eael-col-4 elementor-grid-tablet-eael-col-2 elementor-grid-mobile-eael-col-1 elementor-widget elementor-widget-eael-post-grid\" data-id=\"a165fac\" data-element_type=\"widget\" data-settings=\"{&quot;eael_post_grid_columns&quot;:&quot;eael-col-4&quot;,&quot;eael_post_grid_columns_tablet&quot;:&quot;eael-col-2&quot;,&quot;eael_post_grid_columns_mobile&quot;:&quot;eael-col-1&quot;}\" data-widget_type=\"eael-post-grid.default\">\n\t\t\t\t<div class=\"elementor-widget-container\">\n\t\t\t<div id=\"eael-post-grid-a165fac\" class=\"eael-post-grid-container\">\n            <div class=\"eael-post-grid eael-post-appender eael-post-appender-a165fac eael-post-grid-style-two\" data-layout-mode=\"masonry\"><article class=\"eael-grid-post eael-post-grid-column\" data-id=\"9123\">\n        <div class=\"eael-grid-post-holder\">\n            <div class=\"eael-grid-post-holder-inner\"><div class=\"eael-entry-media\"><div class=\"eael-entry-overlay fade-in\"><i class=\"fas fa-long-arrow-alt-right\" aria-hidden=\"true\"><\/i><a href=\"https:\/\/www.carrefourfga.ca\/ticfga\/aprescours\/comment-innover-en-enseignement\/\"><\/a><\/div><div class=\"eael-entry-thumbnail \">\n                                <img decoding=\"async\" width=\"250\" height=\"141\" src=\"https:\/\/www.carrefourfga.ca\/ticfga\/aprescours\/wp-content\/uploads\/sites\/2\/2021\/01\/Dans-un-centre-pre\u0300s-de-chez-vous-mini2.png\" class=\"attachment-medium size-medium wp-image-9119\" alt=\"\" \/>\n                              <\/div>\n                      <\/div><div class=\"eael-entry-wrapper\"><header class=\"eael-entry-header\"><h2 class=\"eael-entry-title\"><a\n                                    class=\"eael-grid-post-link\"\n                                    href=\"https:\/\/www.carrefourfga.ca\/ticfga\/aprescours\/comment-innover-en-enseignement\/\"\n                                    title=\"Comment innover en enseignement?\">Comment innover en enseignement?<\/a><\/h2><\/header><div class=\"eael-entry-content\">\n                                    <div class=\"eael-grid-post-excerpt\"><p>Entrevue avec 2 enseignantes, St\u00e9phanie Gu\u00e9rin et Marie Eve D\u00e9sormeaux...<\/p><a\n                                        href=\"https:\/\/www.carrefourfga.ca\/ticfga\/aprescours\/comment-innover-en-enseignement\/\"\n                                        class=\"eael-post-elements-readmore-btn\">Consulter l'article<\/a><\/div>\n                                <\/div><div class=\"eael-entry-header-after style-two\"><div class=\"eael-entry-meta\"><span class=\"eael-meta-posted-on\"><i class=\"far fa-clock\"><\/i><time datetime=\"11 janvier 2021\">11 janvier 2021<\/time><\/span><\/div><\/div><\/div><\/div>\n        <\/div>\n    <\/article><article class=\"eael-grid-post eael-post-grid-column\" data-id=\"8543\">\n        <div class=\"eael-grid-post-holder\">\n            <div class=\"eael-grid-post-holder-inner\"><div class=\"eael-entry-media\"><div class=\"eael-entry-overlay fade-in\"><i class=\"fas fa-long-arrow-alt-right\" aria-hidden=\"true\"><\/i><a href=\"https:\/\/www.carrefourfga.ca\/ticfga\/aprescours\/une-recette-gagnante-pour-integrer-le-numerique\/\"><\/a><\/div><div class=\"eael-entry-thumbnail \">\n                                <img decoding=\"async\" width=\"250\" height=\"141\" src=\"https:\/\/www.carrefourfga.ca\/ticfga\/aprescours\/wp-content\/uploads\/sites\/2\/2021\/01\/Dans-un-centre-pre\u0300s-de-chez-vous-mini2.png\" class=\"attachment-medium size-medium wp-image-9119\" alt=\"\" \/>\n                              <\/div>\n                      <\/div><div class=\"eael-entry-wrapper\"><header class=\"eael-entry-header\"><h2 class=\"eael-entry-title\"><a\n                                    class=\"eael-grid-post-link\"\n                                    href=\"https:\/\/www.carrefourfga.ca\/ticfga\/aprescours\/une-recette-gagnante-pour-integrer-le-numerique\/\"\n                                    title=\"Une recette gagnante pour int\u00e9grer le num\u00e9rique\">Une recette gagnante pour int\u00e9grer le num\u00e9rique<\/a><\/h2><\/header><div class=\"eael-entry-content\">\n                                    <div class=\"eael-grid-post-excerpt\"><p>Un levier important dans la r\u00e9ussite d&rsquo;un projet est l&rsquo;implication...<\/p><a\n                                        href=\"https:\/\/www.carrefourfga.ca\/ticfga\/aprescours\/une-recette-gagnante-pour-integrer-le-numerique\/\"\n                                        class=\"eael-post-elements-readmore-btn\">Consulter l'article<\/a><\/div>\n                                <\/div><div class=\"eael-entry-header-after style-two\"><div class=\"eael-entry-meta\"><span class=\"eael-meta-posted-on\"><i class=\"far fa-clock\"><\/i><time datetime=\"5 novembre 2020\">5 novembre 2020<\/time><\/span><\/div><\/div><\/div><\/div>\n        <\/div>\n    <\/article><\/div>\n            <div class=\"clearfix\"><\/div>\n        <\/div>\t\t<\/div>\n\t\t\t\t<\/div>\n\t\t\t\t\t<\/div>\n\t\t<\/div>\n\t\t\t\t\t<\/div>\n\t\t<\/section>\n\t\t\t\t<\/div>\n\t\t","protected":false},"excerpt":{"rendered":"<p>Dans un centre pr\u00e8s de chez vous, ce sont des directions, des professionnels, des enseignants qui transforment, actualisent et cr\u00e9ent de nouvelles pratiques d\u2019enseignement et d\u2019accompagnement. Dans un centre pr\u00e8s de chez vous, ce sont des \u00e9l\u00e8ves qui apprennent diff\u00e9remment, qui d\u00e9veloppent des comp\u00e9tences et des strat\u00e9gies pour leur vie, qui s\u2019\u00e9panouissent en tant qu\u2019\u00eatre humain. Dans un centre pr\u00e8s de chez vous, ce sont des projets \u00e0 plus ou moins grande \u00e9chelle selon les milieux, qui rassemblent tous les intervenants et les \u00e9l\u00e8ves autour d\u2019une intention et d\u2019une vision innovantes de l\u2019\u00e9ducation \u00e0 la formation g\u00e9n\u00e9rale des adultes. Vous voulez voir ce qui se passe Dans un centre pr\u00e8s de chez vous? C\u2019est par ici\u2026 Une recette gagnante pour int\u00e9grer le num\u00e9rique Un levier important dans la r\u00e9ussite d\u2019un projet est l\u2019implication&#8230; Consulter l&rsquo;article Voir plus d&rsquo;articles<\/p>\n","protected":false},"author":6,"featured_media":0,"parent":0,"menu_order":0,"comment_status":"closed","ping_status":"closed","template":"","meta":{"footnotes":""},"class_list":["post-8516","page","type-page","status-publish","hentry"],"_links":{"self":[{"href":"https:\/\/www.carrefourfga.ca\/ticfga\/aprescours\/wp-json\/wp\/v2\/pages\/8516"}],"collection":[{"href":"https:\/\/www.carrefourfga.ca\/ticfga\/aprescours\/wp-json\/wp\/v2\/pages"}],"about":[{"href":"https:\/\/www.carrefourfga.ca\/ticfga\/aprescours\/wp-json\/wp\/v2\/types\/page"}],"author":[{"embeddable":true,"href":"https:\/\/www.carrefourfga.ca\/ticfga\/aprescours\/wp-json\/wp\/v2\/users\/6"}],"replies":[{"embeddable":true,"href":"https:\/\/www.carrefourfga.ca\/ticfga\/aprescours\/wp-json\/wp\/v2\/comments?post=8516"}],"version-history":[{"count":0,"href":"https:\/\/www.carrefourfga.ca\/ticfga\/aprescours\/wp-json\/wp\/v2\/pages\/8516\/revisions"}],"wp:attachment":[{"href":"https:\/\/www.carrefourfga.ca\/ticfga\/aprescours\/wp-json\/wp\/v2\/media?parent=8516"}],"curies":[{"name":"wp","href":"https:\/\/api.w.org\/{rel}","templated":true}]}}