{"id":16296,"date":"2024-01-17T09:35:57","date_gmt":"2024-01-17T14:35:57","guid":{"rendered":"https:\/\/www.carrefourfga.ca\/ticfga\/apc-fp\/?page_id=16296"},"modified":"2024-01-17T09:41:13","modified_gmt":"2024-01-17T14:41:13","slug":"accueil-fp-vt","status":"publish","type":"page","link":"https:\/\/www.carrefourfga.ca\/ticfga\/apc-fp\/","title":{"rendered":"Accueil &#8211; FP\/VT"},"content":{"rendered":"\t\t<div data-elementor-type=\"wp-post\" data-elementor-id=\"16296\" class=\"elementor elementor-16296\">\n\t\t\t\t\t\t<section class=\"elementor-section elementor-top-section elementor-element elementor-element-d5ed35e elementor-section-boxed elementor-section-height-default elementor-section-height-default\" data-id=\"d5ed35e\" data-element_type=\"section\">\n\t\t\t\t\t\t<div class=\"elementor-container elementor-column-gap-default\">\n\t\t\t\t\t<div class=\"elementor-column elementor-col-50 elementor-top-column elementor-element elementor-element-b3eca39\" data-id=\"b3eca39\" data-element_type=\"column\">\n\t\t\t<div class=\"elementor-widget-wrap elementor-element-populated\">\n\t\t\t\t\t\t<div class=\"elementor-element elementor-element-e8d667b elementor-widget elementor-widget-heading\" data-id=\"e8d667b\" data-element_type=\"widget\" data-widget_type=\"heading.default\">\n\t\t\t\t<div class=\"elementor-widget-container\">\n\t\t\t<h2 class=\"elementor-heading-title elementor-size-default\"><a href=\"https:\/\/www.carrefourfga.ca\/ticfga\/apc-fp\/accueil-fp\/\">Acc\u00e9der aux Apr\u00e8s-cours FP<\/a><\/h2>\t\t<\/div>\n\t\t\t\t<\/div>\n\t\t\t\t<div class=\"elementor-element elementor-element-58a86b5 elementor-widget elementor-widget-image\" data-id=\"58a86b5\" data-element_type=\"widget\" data-widget_type=\"image.default\">\n\t\t\t\t<div class=\"elementor-widget-container\">\n\t\t\t\t\t\t\t\t\t\t\t\t\t\t<a href=\"https:\/\/www.carrefourfga.ca\/ticfga\/apc-fp\/accueil-fp\/\">\n\t\t\t\t\t\t\t<img fetchpriority=\"high\" decoding=\"async\" width=\"812\" height=\"170\" src=\"https:\/\/www.carrefourfga.ca\/ticfga\/apc-fp\/wp-content\/uploads\/sites\/78\/2024\/01\/Les-apres-cours-FP-fond-noir-1024x214.png\" class=\"attachment-large size-large wp-image-16337\" alt=\"\" srcset=\"https:\/\/www.carrefourfga.ca\/ticfga\/apc-fp\/wp-content\/uploads\/sites\/78\/2024\/01\/Les-apres-cours-FP-fond-noir-1024x214.png 1024w, https:\/\/www.carrefourfga.ca\/ticfga\/apc-fp\/wp-content\/uploads\/sites\/78\/2024\/01\/Les-apres-cours-FP-fond-noir-300x63.png 300w, https:\/\/www.carrefourfga.ca\/ticfga\/apc-fp\/wp-content\/uploads\/sites\/78\/2024\/01\/Les-apres-cours-FP-fond-noir-265x55.png 265w, https:\/\/www.carrefourfga.ca\/ticfga\/apc-fp\/wp-content\/uploads\/sites\/78\/2024\/01\/Les-apres-cours-FP-fond-noir-768x161.png 768w, https:\/\/www.carrefourfga.ca\/ticfga\/apc-fp\/wp-content\/uploads\/sites\/78\/2024\/01\/Les-apres-cours-FP-fond-noir-1536x321.png 1536w, https:\/\/www.carrefourfga.ca\/ticfga\/apc-fp\/wp-content\/uploads\/sites\/78\/2024\/01\/Les-apres-cours-FP-fond-noir.png 1799w\" sizes=\"(max-width: 812px) 100vw, 812px\" \/>\t\t\t\t\t\t\t\t<\/a>\n\t\t\t\t\t\t\t\t\t\t\t\t\t<\/div>\n\t\t\t\t<\/div>\n\t\t\t\t\t<\/div>\n\t\t<\/div>\n\t\t\t\t<div class=\"elementor-column elementor-col-50 elementor-top-column elementor-element elementor-element-ffec8c3\" data-id=\"ffec8c3\" data-element_type=\"column\">\n\t\t\t<div class=\"elementor-widget-wrap elementor-element-populated\">\n\t\t\t\t\t\t<div class=\"elementor-element elementor-element-afdc0a6 elementor-widget elementor-widget-heading\" data-id=\"afdc0a6\" data-element_type=\"widget\" data-widget_type=\"heading.default\">\n\t\t\t\t<div class=\"elementor-widget-container\">\n\t\t\t<h2 class=\"elementor-heading-title elementor-size-default\"><a href=\"https:\/\/www.carrefourfga.ca\/ticfga\/apc-fp\/accueil-vt\/\">Access the Voc Talk Caf\u00e9<\/a><\/h2>\t\t<\/div>\n\t\t\t\t<\/div>\n\t\t\t\t<div class=\"elementor-element elementor-element-2a98f57 elementor-widget elementor-widget-image\" data-id=\"2a98f57\" data-element_type=\"widget\" data-widget_type=\"image.default\">\n\t\t\t\t<div class=\"elementor-widget-container\">\n\t\t\t\t\t\t\t\t\t\t\t\t\t\t<a href=\"https:\/\/www.carrefourfga.ca\/ticfga\/apc-fp\/accueil-vt\/\">\n\t\t\t\t\t\t\t<img decoding=\"async\" width=\"605\" height=\"202\" src=\"https:\/\/www.carrefourfga.ca\/ticfga\/apc-fp\/wp-content\/uploads\/sites\/78\/2024\/01\/Voc-talk-cafe-by-Apres-Cours-prototype-with-logos-INTRO.png\" class=\"attachment-large size-large wp-image-16338\" alt=\"\" srcset=\"https:\/\/www.carrefourfga.ca\/ticfga\/apc-fp\/wp-content\/uploads\/sites\/78\/2024\/01\/Voc-talk-cafe-by-Apres-Cours-prototype-with-logos-INTRO.png 605w, https:\/\/www.carrefourfga.ca\/ticfga\/apc-fp\/wp-content\/uploads\/sites\/78\/2024\/01\/Voc-talk-cafe-by-Apres-Cours-prototype-with-logos-INTRO-300x100.png 300w, https:\/\/www.carrefourfga.ca\/ticfga\/apc-fp\/wp-content\/uploads\/sites\/78\/2024\/01\/Voc-talk-cafe-by-Apres-Cours-prototype-with-logos-INTRO-265x88.png 265w\" sizes=\"(max-width: 605px) 100vw, 605px\" \/>\t\t\t\t\t\t\t\t<\/a>\n\t\t\t\t\t\t\t\t\t\t\t\t\t<\/div>\n\t\t\t\t<\/div>\n\t\t\t\t\t<\/div>\n\t\t<\/div>\n\t\t\t\t\t<\/div>\n\t\t<\/section>\n\t\t\t\t<section class=\"elementor-section elementor-top-section elementor-element elementor-element-7ff9ff9 elementor-section-boxed elementor-section-height-default elementor-section-height-default\" data-id=\"7ff9ff9\" data-element_type=\"section\" data-settings=\"{&quot;background_background&quot;:&quot;classic&quot;}\">\n\t\t\t\t\t\t<div class=\"elementor-container elementor-column-gap-default\">\n\t\t\t\t\t<div class=\"elementor-column elementor-col-100 elementor-top-column elementor-element elementor-element-c85cae5\" data-id=\"c85cae5\" data-element_type=\"column\">\n\t\t\t<div class=\"elementor-widget-wrap elementor-element-populated\">\n\t\t\t\t\t\t<div class=\"elementor-element elementor-element-030cc56 elementor-widget elementor-widget-spacer\" data-id=\"030cc56\" data-element_type=\"widget\" data-widget_type=\"spacer.default\">\n\t\t\t\t<div class=\"elementor-widget-container\">\n\t\t\t\t\t<div class=\"elementor-spacer\">\n\t\t\t<div class=\"elementor-spacer-inner\"><\/div>\n\t\t<\/div>\n\t\t\t\t<\/div>\n\t\t\t\t<\/div>\n\t\t\t\t\t<\/div>\n\t\t<\/div>\n\t\t\t\t\t<\/div>\n\t\t<\/section>\n\t\t\t\t<section class=\"elementor-section elementor-top-section elementor-element elementor-element-d40351b elementor-section-boxed elementor-section-height-default elementor-section-height-default\" data-id=\"d40351b\" data-element_type=\"section\">\n\t\t\t\t\t\t<div class=\"elementor-container elementor-column-gap-default\">\n\t\t\t\t\t<div class=\"elementor-column elementor-col-100 elementor-top-column elementor-element elementor-element-463baad\" data-id=\"463baad\" data-element_type=\"column\">\n\t\t\t<div class=\"elementor-widget-wrap elementor-element-populated\">\n\t\t\t\t\t\t<div class=\"elementor-element elementor-element-3c3b995 elementor-hidden-tablet elementor-hidden-phone elementor-widget elementor-widget-htmega-animatedheading-addons\" data-id=\"3c3b995\" data-element_type=\"widget\" data-widget_type=\"htmega-animatedheading-addons.default\">\n\t\t\t\t<div class=\"elementor-widget-container\">\n\t\t\t\n            <div class=\"htmega-animated-heading htmega-style-5\" >\n                <h4 \n                                        class=\"cd-headline  headline-placeholder slide\">\n                    <span class=\"beforetext\">Les derniers<\/span>                           \n                           <span class=\"cd-words-wrapper\">\n                                <b class=\"is-visible\" >ARTICLES<\/b>                            <\/span>\n                                    <\/h4>\n            <\/div>\n        \t\t<\/div>\n\t\t\t\t<\/div>\n\t\t\t\t\t<\/div>\n\t\t<\/div>\n\t\t\t\t\t<\/div>\n\t\t<\/section>\n\t\t\t\t<section class=\"elementor-section elementor-top-section elementor-element elementor-element-2536f2c elementor-section-boxed elementor-section-height-default elementor-section-height-default\" data-id=\"2536f2c\" data-element_type=\"section\">\n\t\t\t\t\t\t<div class=\"elementor-container elementor-column-gap-default\">\n\t\t\t\t\t<div class=\"elementor-column elementor-col-100 elementor-top-column elementor-element elementor-element-8a5544a\" data-id=\"8a5544a\" data-element_type=\"column\">\n\t\t\t<div class=\"elementor-widget-wrap elementor-element-populated\">\n\t\t\t\t\t\t<div class=\"elementor-element elementor-element-19b2311 elementor-grid-eael-col-5 elementor-grid-tablet-eael-col-2 elementor-grid-mobile-eael-col-1 elementor-widget elementor-widget-eael-post-grid\" data-id=\"19b2311\" data-element_type=\"widget\" data-settings=\"{&quot;eael_post_grid_columns&quot;:&quot;eael-col-5&quot;,&quot;eael_post_grid_columns_tablet&quot;:&quot;eael-col-2&quot;,&quot;eael_post_grid_columns_mobile&quot;:&quot;eael-col-1&quot;}\" data-widget_type=\"eael-post-grid.default\">\n\t\t\t\t<div class=\"elementor-widget-container\">\n\t\t\t<div id=\"eael-post-grid-19b2311\" class=\"eael-post-grid-container\">\n            <div class=\"eael-post-grid eael-post-appender eael-post-appender-19b2311 eael-post-grid-style-two\" data-layout-mode=\"masonry\"><article class=\"eael-grid-post eael-post-grid-column\" data-id=\"16561\">\n        <div class=\"eael-grid-post-holder\">\n            <div class=\"eael-grid-post-holder-inner\"><div class=\"eael-entry-media\"><div class=\"eael-entry-overlay fade-in\"><i class=\"fas fa-long-arrow-alt-right\" aria-hidden=\"true\"><\/i><a href=\"https:\/\/www.carrefourfga.ca\/ticfga\/apc-fp\/dear-teacher-hotline-february-5-2024\/\"><\/a><\/div><div class=\"eael-entry-thumbnail \">\n                                <img decoding=\"async\" width=\"250\" height=\"77\" src=\"https:\/\/www.carrefourfga.ca\/ticfga\/apc-fp\/wp-content\/uploads\/sites\/78\/2024\/02\/Dear-teacher-hotline-mini.png\" class=\"attachment-medium size-medium wp-image-16543\" alt=\"\" \/>\n                              <\/div>\n                      <\/div><div class=\"eael-entry-wrapper\"><header class=\"eael-entry-header\"><h2 class=\"eael-entry-title\"><a\n                                    class=\"eael-grid-post-link\"\n                                    href=\"https:\/\/www.carrefourfga.ca\/ticfga\/apc-fp\/dear-teacher-hotline-february-5-2024\/\"\n                                    title=\"Dear Teacher Hotline, February 5, 2024\">Dear Teacher Hotline, February 5, 2024<\/a><\/h2><\/header><div class=\"eael-entry-content\">\n                                    <div class=\"eael-grid-post-excerpt\"><p>The Dear Teacher Hotline is a segment of the Voc...<\/p><a\n                                        href=\"https:\/\/www.carrefourfga.ca\/ticfga\/apc-fp\/dear-teacher-hotline-february-5-2024\/\"\n                                        class=\"eael-post-elements-readmore-btn\">Consulter l'article<\/a><\/div>\n                                <\/div><div class=\"eael-entry-header-after style-two\"><div class=\"eael-entry-meta\"><span class=\"eael-meta-posted-on\"><i class=\"far fa-clock\"><\/i><time datetime=\"6 f\u00e9vrier 2024\">6 f\u00e9vrier 2024<\/time><\/span><\/div><\/div><\/div><\/div>\n        <\/div>\n    <\/article><article class=\"eael-grid-post eael-post-grid-column\" data-id=\"16512\">\n        <div class=\"eael-grid-post-holder\">\n            <div class=\"eael-grid-post-holder-inner\"><div class=\"eael-entry-media\"><div class=\"eael-entry-overlay fade-in\"><i class=\"fas fa-long-arrow-alt-right\" aria-hidden=\"true\"><\/i><a href=\"https:\/\/www.carrefourfga.ca\/ticfga\/apc-fp\/linfonuagique-explique\/\"><\/a><\/div><div class=\"eael-entry-thumbnail \">\n                                <img loading=\"lazy\" decoding=\"async\" width=\"250\" height=\"210\" src=\"https:\/\/www.carrefourfga.ca\/ticfga\/apc-fp\/wp-content\/uploads\/sites\/78\/2024\/02\/Infonuagique-explique-mini.png\" class=\"attachment-medium size-medium wp-image-16522\" alt=\"L&#039;infonuagique expliqu\u00e9e\" srcset=\"https:\/\/www.carrefourfga.ca\/ticfga\/apc-fp\/wp-content\/uploads\/sites\/78\/2024\/02\/Infonuagique-explique-mini.png 250w, https:\/\/www.carrefourfga.ca\/ticfga\/apc-fp\/wp-content\/uploads\/sites\/78\/2024\/02\/Infonuagique-explique-mini-177x149.png 177w\" sizes=\"(max-width: 250px) 100vw, 250px\" \/>\n                              <\/div>\n                      <\/div><div class=\"eael-entry-wrapper\"><header class=\"eael-entry-header\"><h2 class=\"eael-entry-title\"><a\n                                    class=\"eael-grid-post-link\"\n                                    href=\"https:\/\/www.carrefourfga.ca\/ticfga\/apc-fp\/linfonuagique-explique\/\"\n                                    title=\"L&rsquo;infonuagique expliqu\u00e9e, 1er f\u00e9vrier 2024\">L&rsquo;infonuagique expliqu\u00e9e, 1er f\u00e9vrier 2024<\/a><\/h2><\/header><div class=\"eael-entry-content\">\n                                    <div class=\"eael-grid-post-excerpt\"><p>Vos documents sont-ils accessibles en tout temps, partout, s\u00e9curitairement? Premi\u00e8re...<\/p><a\n                                        href=\"https:\/\/www.carrefourfga.ca\/ticfga\/apc-fp\/linfonuagique-explique\/\"\n                                        class=\"eael-post-elements-readmore-btn\">Consulter l'article<\/a><\/div>\n                                <\/div><div class=\"eael-entry-header-after style-two\"><div class=\"eael-entry-meta\"><span class=\"eael-meta-posted-on\"><i class=\"far fa-clock\"><\/i><time datetime=\"1 f\u00e9vrier 2024\">1 f\u00e9vrier 2024<\/time><\/span><\/div><\/div><\/div><\/div>\n        <\/div>\n    <\/article><article class=\"eael-grid-post eael-post-grid-column\" data-id=\"16496\">\n        <div class=\"eael-grid-post-holder\">\n            <div class=\"eael-grid-post-holder-inner\"><div class=\"eael-entry-media\"><div class=\"eael-entry-overlay fade-in\"><i class=\"fas fa-long-arrow-alt-right\" aria-hidden=\"true\"><\/i><a href=\"https:\/\/www.carrefourfga.ca\/ticfga\/apc-fp\/digital-open-sandbox-january-11-2024\/\"><\/a><\/div><div class=\"eael-entry-thumbnail \">\n                                <img loading=\"lazy\" decoding=\"async\" width=\"250\" height=\"77\" src=\"https:\/\/www.carrefourfga.ca\/ticfga\/apc-fp\/wp-content\/uploads\/sites\/78\/2024\/01\/Voc-talk-DOS-mini.png\" class=\"attachment-medium size-medium wp-image-16488\" alt=\"\" \/>\n                              <\/div>\n                      <\/div><div class=\"eael-entry-wrapper\"><header class=\"eael-entry-header\"><h2 class=\"eael-entry-title\"><a\n                                    class=\"eael-grid-post-link\"\n                                    href=\"https:\/\/www.carrefourfga.ca\/ticfga\/apc-fp\/digital-open-sandbox-january-11-2024\/\"\n                                    title=\"Digital Open Sandbox, January 29, 2024\">Digital Open Sandbox, January 29, 2024<\/a><\/h2><\/header><div class=\"eael-entry-content\">\n                                    <div class=\"eael-grid-post-excerpt\"><p>Using Google Slides or MS PowerPoint to engage students in...<\/p><a\n                                        href=\"https:\/\/www.carrefourfga.ca\/ticfga\/apc-fp\/digital-open-sandbox-january-11-2024\/\"\n                                        class=\"eael-post-elements-readmore-btn\">Consulter l'article<\/a><\/div>\n                                <\/div><div class=\"eael-entry-header-after style-two\"><div class=\"eael-entry-meta\"><span class=\"eael-meta-posted-on\"><i class=\"far fa-clock\"><\/i><time datetime=\"29 janvier 2024\">29 janvier 2024<\/time><\/span><\/div><\/div><\/div><\/div>\n        <\/div>\n    <\/article><article class=\"eael-grid-post eael-post-grid-column\" data-id=\"16474\">\n        <div class=\"eael-grid-post-holder\">\n            <div class=\"eael-grid-post-holder-inner\"><div class=\"eael-entry-media\"><div class=\"eael-entry-overlay fade-in\"><i class=\"fas fa-long-arrow-alt-right\" aria-hidden=\"true\"><\/i><a href=\"https:\/\/www.carrefourfga.ca\/ticfga\/apc-fp\/health-services-january-22-2024\/\"><\/a><\/div><div class=\"eael-entry-thumbnail \">\n                                <img loading=\"lazy\" decoding=\"async\" width=\"250\" height=\"77\" src=\"https:\/\/www.carrefourfga.ca\/ticfga\/apc-fp\/wp-content\/uploads\/sites\/78\/2023\/05\/Voc-talk-cafe\u0301-HEALTH-SERVICES-mini.png\" class=\"attachment-medium size-medium wp-image-15858\" alt=\"\" \/>\n                              <\/div>\n                      <\/div><div class=\"eael-entry-wrapper\"><header class=\"eael-entry-header\"><h2 class=\"eael-entry-title\"><a\n                                    class=\"eael-grid-post-link\"\n                                    href=\"https:\/\/www.carrefourfga.ca\/ticfga\/apc-fp\/health-services-january-22-2024\/\"\n                                    title=\"Health Services, January 22, 2024\">Health Services, January 22, 2024<\/a><\/h2><\/header><div class=\"eael-entry-content\">\n                                    <div class=\"eael-grid-post-excerpt\"><p>Exploring the Impact of Simulations as a Learning Tool. In...<\/p><a\n                                        href=\"https:\/\/www.carrefourfga.ca\/ticfga\/apc-fp\/health-services-january-22-2024\/\"\n                                        class=\"eael-post-elements-readmore-btn\">Consulter l'article<\/a><\/div>\n                                <\/div><div class=\"eael-entry-header-after style-two\"><div class=\"eael-entry-meta\"><span class=\"eael-meta-posted-on\"><i class=\"far fa-clock\"><\/i><time datetime=\"23 janvier 2024\">23 janvier 2024<\/time><\/span><\/div><\/div><\/div><\/div>\n        <\/div>\n    <\/article><article class=\"eael-grid-post eael-post-grid-column\" data-id=\"16250\">\n        <div class=\"eael-grid-post-holder\">\n            <div class=\"eael-grid-post-holder-inner\"><div class=\"eael-entry-media\"><div class=\"eael-entry-overlay fade-in\"><i class=\"fas fa-long-arrow-alt-right\" aria-hidden=\"true\"><\/i><a href=\"https:\/\/www.carrefourfga.ca\/ticfga\/apc-fp\/best-moment-of-the-first-12-episodes-december-18-2023\/\"><\/a><\/div><div class=\"eael-entry-thumbnail \">\n                                <img loading=\"lazy\" decoding=\"async\" width=\"250\" height=\"77\" src=\"https:\/\/www.carrefourfga.ca\/ticfga\/apc-fp\/wp-content\/uploads\/sites\/78\/2023\/09\/Voc-talk-cafe\u0301-Cross-Curricular-mini.png\" class=\"attachment-medium size-medium wp-image-16043\" alt=\"\" \/>\n                              <\/div>\n                      <\/div><div class=\"eael-entry-wrapper\"><header class=\"eael-entry-header\"><h2 class=\"eael-entry-title\"><a\n                                    class=\"eael-grid-post-link\"\n                                    href=\"https:\/\/www.carrefourfga.ca\/ticfga\/apc-fp\/best-moment-of-the-first-12-episodes-december-18-2023\/\"\n                                    title=\"Best moment of the First 12 Episodes, December 18, 2023\">Best moment of the First 12 Episodes, December 18, 2023<\/a><\/h2><\/header><div class=\"eael-entry-content\">\n                                    <div class=\"eael-grid-post-excerpt\"><p>Best moment of the First 12 Episodes. This meeting was...<\/p><a\n                                        href=\"https:\/\/www.carrefourfga.ca\/ticfga\/apc-fp\/best-moment-of-the-first-12-episodes-december-18-2023\/\"\n                                        class=\"eael-post-elements-readmore-btn\">Consulter l'article<\/a><\/div>\n                                <\/div><div class=\"eael-entry-header-after style-two\"><div class=\"eael-entry-meta\"><span class=\"eael-meta-posted-on\"><i class=\"far fa-clock\"><\/i><time datetime=\"20 d\u00e9cembre 2023\">20 d\u00e9cembre 2023<\/time><\/span><\/div><\/div><\/div><\/div>\n        <\/div>\n    <\/article><\/div>\n            <div class=\"clearfix\"><\/div>\n        <\/div>            <div class=\"eael-load-more-button-wrap eael-force-hide\">\n                <button class=\"eael-load-more-button\" id=\"eael-load-more-btn-19b2311\" data-widget-id=\"19b2311\" data-widget=\"19b2311\" data-page-id=\"16296\" data-template=\"{&quot;dir&quot;:&quot;lite&quot;,&quot;file_name&quot;:&quot;default.php&quot;,&quot;name&quot;:&quot;Post-Grid&quot;}\" data-class=\"Essential_Addons_Elementor\\Elements\\Post_Grid\" data-layout=\"masonry\" data-page=\"1\" data-args=\"orderby=date&amp;order=desc&amp;ignore_sticky_posts=1&amp;post_status=publish&amp;posts_per_page=5&amp;offset=0&amp;post_type=post&amp;tax_query%5B0%5D%5Btaxonomy%5D=category&amp;tax_query%5B0%5D%5Bfield%5D=term_id&amp;tax_query%5B0%5D%5Bterms%5D%5B0%5D=346&amp;tax_query%5Brelation%5D=AND\" data-max-page=\"4\">\n                    <span class=\"eael-btn-loader button__loader\"><\/span>\n                    <span class=\"eael_load_more_text\">Load More<\/span>\n                <\/button>\n            <\/div>\n            \t\t<\/div>\n\t\t\t\t<\/div>\n\t\t\t\t\t<\/div>\n\t\t<\/div>\n\t\t\t\t\t<\/div>\n\t\t<\/section>\n\t\t\t\t<section class=\"elementor-section elementor-top-section elementor-element elementor-element-f1ce085 elementor-section-boxed elementor-section-height-default elementor-section-height-default\" data-id=\"f1ce085\" data-element_type=\"section\">\n\t\t\t\t\t\t<div class=\"elementor-container elementor-column-gap-default\">\n\t\t\t\t\t<div class=\"elementor-column elementor-col-100 elementor-top-column elementor-element elementor-element-1937505\" data-id=\"1937505\" data-element_type=\"column\">\n\t\t\t<div class=\"elementor-widget-wrap elementor-element-populated\">\n\t\t\t\t\t\t<div class=\"elementor-element elementor-element-38997b5 elementor-widget-divider--view-line elementor-widget elementor-widget-divider\" data-id=\"38997b5\" data-element_type=\"widget\" data-widget_type=\"divider.default\">\n\t\t\t\t<div class=\"elementor-widget-container\">\n\t\t\t\t\t<div class=\"elementor-divider\">\n\t\t\t<span class=\"elementor-divider-separator\">\n\t\t\t\t\t\t<\/span>\n\t\t<\/div>\n\t\t\t\t<\/div>\n\t\t\t\t<\/div>\n\t\t\t\t\t<\/div>\n\t\t<\/div>\n\t\t\t\t\t<\/div>\n\t\t<\/section>\n\t\t\t\t<section class=\"elementor-section elementor-top-section elementor-element elementor-element-7d2b163 elementor-section-boxed elementor-section-height-default elementor-section-height-default\" data-id=\"7d2b163\" data-element_type=\"section\">\n\t\t\t\t\t\t<div class=\"elementor-container elementor-column-gap-default\">\n\t\t\t\t\t<div class=\"elementor-column elementor-col-100 elementor-top-column elementor-element elementor-element-889afb9\" data-id=\"889afb9\" data-element_type=\"column\">\n\t\t\t<div class=\"elementor-widget-wrap\">\n\t\t\t\t\t\t\t<\/div>\n\t\t<\/div>\n\t\t\t\t\t<\/div>\n\t\t<\/section>\n\t\t\t\t<\/div>\n\t\t","protected":false},"excerpt":{"rendered":"<p>Acc\u00e9der aux Apr\u00e8s-cours FP Access the Voc Talk Caf\u00e9 Les derniers ARTICLES Best moment of the First 12 Episodes, December 18, 2023 Best moment of the First 12 Episodes. This meeting was&#8230; Consulter l&rsquo;article Motorized Equipment Maintenance, December 4, 2023 Navigating Labour Challenges: Insights for Recent Graduates Consulter l&rsquo;article Administration and Commerce, November 27, 2023 Administration &amp; Commerce: How to teach workplace dynamics in an&#8230; Consulter l&rsquo;article Health Services, November 20, 2023 In today\u2019s Voc Talk Caf\u00e9 we discussed some of the&#8230; Consulter l&rsquo;article Mechanical Manufacturing, November 13, 2023 &#8211; In today\u2019s Voc Talk Caf\u00e9 we discussed some of the&#8230; Consulter l&rsquo;article Load More<\/p>\n","protected":false},"author":6,"featured_media":0,"parent":0,"menu_order":0,"comment_status":"closed","ping_status":"closed","template":"elementor_header_footer","meta":{"footnotes":""},"class_list":["post-16296","page","type-page","status-publish","hentry"],"_links":{"self":[{"href":"https:\/\/www.carrefourfga.ca\/ticfga\/apc-fp\/wp-json\/wp\/v2\/pages\/16296"}],"collection":[{"href":"https:\/\/www.carrefourfga.ca\/ticfga\/apc-fp\/wp-json\/wp\/v2\/pages"}],"about":[{"href":"https:\/\/www.carrefourfga.ca\/ticfga\/apc-fp\/wp-json\/wp\/v2\/types\/page"}],"author":[{"embeddable":true,"href":"https:\/\/www.carrefourfga.ca\/ticfga\/apc-fp\/wp-json\/wp\/v2\/users\/6"}],"replies":[{"embeddable":true,"href":"https:\/\/www.carrefourfga.ca\/ticfga\/apc-fp\/wp-json\/wp\/v2\/comments?post=16296"}],"version-history":[{"count":14,"href":"https:\/\/www.carrefourfga.ca\/ticfga\/apc-fp\/wp-json\/wp\/v2\/pages\/16296\/revisions"}],"predecessor-version":[{"id":16356,"href":"https:\/\/www.carrefourfga.ca\/ticfga\/apc-fp\/wp-json\/wp\/v2\/pages\/16296\/revisions\/16356"}],"wp:attachment":[{"href":"https:\/\/www.carrefourfga.ca\/ticfga\/apc-fp\/wp-json\/wp\/v2\/media?parent=16296"}],"curies":[{"name":"wp","href":"https:\/\/api.w.org\/{rel}","templated":true}]}}