{"id":9295,"date":"2020-06-30T21:18:02","date_gmt":"2020-07-01T01:18:02","guid":{"rendered":"https:\/\/www.carrefourfga.ca\/ticfga\/16\/?page_id=9295"},"modified":"2026-03-20T14:24:01","modified_gmt":"2026-03-20T18:24:01","slug":"ressources-publications","status":"publish","type":"page","link":"https:\/\/www.carrefourfga.ca\/ticfga\/16\/numerique-pour-lapprentissage\/ressources-publications\/","title":{"rendered":"Plan d&#8217;action num\u00e9rique"},"content":{"rendered":"\n<style type=\"text\/css\" data-created_by=\"avia_inline_auto\" id=\"style-css-av-kc2mb8s5-e95ce300e20576aeaf1bb62684e8e309\">\n.avia-section.av-kc2mb8s5-e95ce300e20576aeaf1bb62684e8e309 .av-parallax .av-parallax-inner{\nbackground-repeat:no-repeat;\nbackground-image:url(https:\/\/www.carrefourfga.ca\/ticfga\/16\/wp-content\/uploads\/sites\/55\/2020\/06\/img-header-resspubli.jpg);\nbackground-position:50% 100%;\nbackground-attachment:scroll;\n}\n.avia-section.av-kc2mb8s5-e95ce300e20576aeaf1bb62684e8e309 .av-section-color-overlay{\nopacity:0.5;\nbackground-color:#000000;\n}\n<\/style>\n<div id='av_section_1'  class='avia-section av-kc2mb8s5-e95ce300e20576aeaf1bb62684e8e309 main_color avia-section-default avia-no-border-styling  avia-builder-el-0  el_before_av_section  avia-builder-el-first  avia-full-stretch av-parallax-section avia-bg-style-parallax av-section-color-overlay-active av-minimum-height av-minimum-height-25 av-height-25  container_wrap sidebar_right'  data-section-bg-repeat='stretch' data-av_minimum_height_pc='25' data-av_min_height_opt='25'><div class='av-parallax' data-avia-parallax-ratio='0.3' ><div class='av-parallax-inner main_color avia-full-stretch'><\/div><\/div><div class=\"av-section-color-overlay-wrap\"><div class=\"av-section-color-overlay\"><\/div><div class='container av-section-cont-open' ><main  role=\"main\" itemprop=\"mainContentOfPage\"  class='template-page content  av-content-small alpha units'><div class='post-entry post-entry-type-page post-entry-9295'><div class='entry-content-wrapper clearfix'>\n\n<style type=\"text\/css\" data-created_by=\"avia_inline_auto\" id=\"style-css-av-1vae6m-669687919496f882226591f86418239c\">\n.flex_column.av-1vae6m-669687919496f882226591f86418239c{\nborder-radius:0px 0px 0px 0px;\npadding:0px 0px 0px 0px;\n}\n<\/style>\n<div  class='flex_column av-1vae6m-669687919496f882226591f86418239c av_one_full  avia-builder-el-1  avia-builder-el-no-sibling  first flex_column_div av-zero-column-padding  '     ><style type=\"text\/css\" data-created_by=\"avia_inline_auto\" id=\"style-css-av-34n73z-8d8d81d2d8b7477a438242609b6d43a5\">\n#top .av-special-heading.av-34n73z-8d8d81d2d8b7477a438242609b6d43a5{\npadding-bottom:10px;\ncolor:#ffffff;\nfont-size:70px;\n}\nbody .av-special-heading.av-34n73z-8d8d81d2d8b7477a438242609b6d43a5 .av-special-heading-tag .heading-char{\nfont-size:25px;\n}\n#top #wrap_all .av-special-heading.av-34n73z-8d8d81d2d8b7477a438242609b6d43a5 .av-special-heading-tag{\nfont-size:70px;\n}\n.av-special-heading.av-34n73z-8d8d81d2d8b7477a438242609b6d43a5 .special-heading-inner-border{\nborder-color:#ffffff;\n}\n.av-special-heading.av-34n73z-8d8d81d2d8b7477a438242609b6d43a5 .av-subheading{\nfont-size:15px;\n}\n\n@media only screen and (min-width: 480px) and (max-width: 767px){ \n#top #wrap_all .av-special-heading.av-34n73z-8d8d81d2d8b7477a438242609b6d43a5 .av-special-heading-tag{\nfont-size:0.8em;\n}\n}\n\n@media only screen and (max-width: 479px){ \n#top #wrap_all .av-special-heading.av-34n73z-8d8d81d2d8b7477a438242609b6d43a5 .av-special-heading-tag{\nfont-size:0.8em;\n}\n}\n<\/style>\n<div  class='av-special-heading av-34n73z-8d8d81d2d8b7477a438242609b6d43a5 av-special-heading-h1 custom-color-heading blockquote modern-quote  avia-builder-el-2  avia-builder-el-no-sibling  av-inherit-size'><h1 class='av-special-heading-tag'  itemprop=\"headline\"  >Plan d\u2019action num\u00e9rique<\/h1><div class=\"special-heading-border\"><div class=\"special-heading-inner-border\"><\/div><\/div><\/div><\/div>\n\n<\/div><\/div><\/main><!-- close content main element --><\/div><\/div><\/div><div id='av_section_2'  class='avia-section av-49zbku-6-2e634199bb2977e14f737827dc16dde6 main_color avia-section-default avia-no-border-styling  avia-builder-el-3  el_after_av_section  el_before_av_hr  avia-bg-style-scroll container_wrap sidebar_right'  ><div class='container av-section-cont-open' ><div class='template-page content  av-content-small alpha units'><div class='post-entry post-entry-type-page post-entry-9295'><div class='entry-content-wrapper clearfix'>\n<div  class='flex_column av-33vrgf-f4fc2f9669758d22d60a7f7e2351e664 av_one_full  avia-builder-el-4  el_before_av_one_half  avia-builder-el-first  first flex_column_div  '     ><\/div>\n<style type=\"text\/css\" data-created_by=\"avia_inline_auto\" id=\"style-css-av-386any-5-25d3f84ba6b13955e15164080cfbc1df\">\n.flex_column.av-386any-5-25d3f84ba6b13955e15164080cfbc1df{\nborder-radius:0px 0px 0px 0px;\npadding:0px 0px 0px 0px;\n}\n<\/style>\n<div  class='flex_column av-386any-5-25d3f84ba6b13955e15164080cfbc1df av_one_half  avia-builder-el-5  el_after_av_one_full  el_before_av_one_half  first flex_column_div av-zero-column-padding  column-top-margin'     ><p>\n<style type=\"text\/css\" data-created_by=\"avia_inline_auto\" id=\"style-css-av-4una1r-cc515d43d14eb38dd78c1a94adaf251a\">\n#top .av-special-heading.av-4una1r-cc515d43d14eb38dd78c1a94adaf251a{\npadding-bottom:10px;\ncolor:#34495e;\nfont-size:36px;\n}\nbody .av-special-heading.av-4una1r-cc515d43d14eb38dd78c1a94adaf251a .av-special-heading-tag .heading-char{\nfont-size:25px;\n}\n#top #wrap_all .av-special-heading.av-4una1r-cc515d43d14eb38dd78c1a94adaf251a .av-special-heading-tag{\nfont-size:36px;\n}\n.av-special-heading.av-4una1r-cc515d43d14eb38dd78c1a94adaf251a .special-heading-inner-border{\nborder-color:#34495e;\n}\n.av-special-heading.av-4una1r-cc515d43d14eb38dd78c1a94adaf251a .av-subheading{\nfont-size:15px;\n}\n\n@media only screen and (min-width: 480px) and (max-width: 767px){ \n#top #wrap_all .av-special-heading.av-4una1r-cc515d43d14eb38dd78c1a94adaf251a .av-special-heading-tag{\nfont-size:0.8em;\n}\n}\n\n@media only screen and (max-width: 479px){ \n#top #wrap_all .av-special-heading.av-4una1r-cc515d43d14eb38dd78c1a94adaf251a .av-special-heading-tag{\nfont-size:0.8em;\n}\n}\n<\/style>\n<div  class='av-special-heading av-4una1r-cc515d43d14eb38dd78c1a94adaf251a av-special-heading-h2 custom-color-heading blockquote modern-quote  avia-builder-el-6  el_before_av_image  avia-builder-el-first  av-inherit-size'><h2 class='av-special-heading-tag'  itemprop=\"headline\"  >Le plan d\u2019action num\u00e9rique<\/h2><div class=\"special-heading-border\"><div class=\"special-heading-inner-border\"><\/div><\/div><\/div><br \/>\n\n<style type=\"text\/css\" data-created_by=\"avia_inline_auto\" id=\"style-css-av-kc2s2g7p-4eefa9ea06af591ea643d8bcf0845f4b\">\n.avia-image-container.av-kc2s2g7p-4eefa9ea06af591ea643d8bcf0845f4b img.avia_image{\nbox-shadow:none;\n}\n.avia-image-container.av-kc2s2g7p-4eefa9ea06af591ea643d8bcf0845f4b .av-image-caption-overlay-center{\ncolor:#ffffff;\n}\n<\/style>\n<div  class='avia-image-container av-kc2s2g7p-4eefa9ea06af591ea643d8bcf0845f4b av-styling- avia-align-center  avia-builder-el-7  el_after_av_heading  el_before_av_textblock '   itemprop=\"image\" itemscope=\"itemscope\" itemtype=\"https:\/\/schema.org\/ImageObject\" ><div class=\"avia-image-container-inner\"><div class=\"avia-image-overlay-wrap\"><img fetchpriority=\"high\" fetchpriority=\"high\" decoding=\"async\" fetchpriority=\"high\" class='wp-image-9342 avia-img-lazy-loading-not-9342 avia_image ' src=\"https:\/\/www.carrefourfga.ca\/ticfga\/16\/wp-content\/uploads\/sites\/55\/2020\/06\/planactionnumerique-1030x601.png\" alt='' title='planactionnumerique'  height=\"601\" width=\"1030\"  itemprop=\"thumbnailUrl\"  \/><\/div><\/div><\/div><br \/>\n<section  class='av_textblock_section av-kc2rta8c-3f21e85b3db18450a999acf616fe42f3 '   itemscope=\"itemscope\" itemtype=\"https:\/\/schema.org\/CreativeWork\" ><div class='avia_textblock'  itemprop=\"text\" ><p>Pour soutenir vos besoins de formations en lien avec les outils p\u00e9dagonum\u00e9riques et l&#8217;achat de mat\u00e9riel et licences, voici un document r\u00e9pertoriant les <a href=\"https:\/\/www.carrefourfga.ca\/ticfga\/16\/wp-content\/uploads\/sites\/55\/2020\/07\/PP_Mesures-nume\u0301rique-FGA.pdf\" target=\"_blank\" rel=\"noopener\">mesures budg\u00e9taires<\/a> d\u00e9di\u00e9es \u00e0 la FGA.<\/p>\n<p><a href=\"http:\/\/www.education.gouv.qc.ca\/fileadmin\/site_web\/documents\/ministere\/PAN_Croquis-note_VF.pdf\" target=\"_blank\" rel=\"noopener\">Voir le plan d&#8217;action<\/a><br \/>\n<a href=\"http:\/\/www.education.gouv.qc.ca\/dossiers-thematiques\/plan-daction-numerique\/plan-daction-numerique\/\" target=\"_blank\" rel=\"noopener\">Documentation compl\u00e8te<\/a><\/p>\n<\/div><\/section><\/p><\/div>\n<style type=\"text\/css\" data-created_by=\"avia_inline_auto\" id=\"style-css-av-386any-2-0816076230e4f3a0c3bf16e0fb451fe9\">\n.flex_column.av-386any-2-0816076230e4f3a0c3bf16e0fb451fe9{\nborder-radius:0px 0px 0px 0px;\npadding:0px 0px 0px 0px;\n}\n<\/style>\n<div  class='flex_column av-386any-2-0816076230e4f3a0c3bf16e0fb451fe9 av_one_half  avia-builder-el-9  el_after_av_one_half  avia-builder-el-last  flex_column_div av-zero-column-padding  column-top-margin'     ><p>\n<style type=\"text\/css\" data-created_by=\"avia_inline_auto\" id=\"style-css-av-5mzxvj-e9bee30a2c4d8597b8ee771034597bf6\">\n#top .av-special-heading.av-5mzxvj-e9bee30a2c4d8597b8ee771034597bf6{\npadding-bottom:10px;\ncolor:#34495e;\nfont-size:36px;\n}\nbody .av-special-heading.av-5mzxvj-e9bee30a2c4d8597b8ee771034597bf6 .av-special-heading-tag .heading-char{\nfont-size:25px;\n}\n#top #wrap_all .av-special-heading.av-5mzxvj-e9bee30a2c4d8597b8ee771034597bf6 .av-special-heading-tag{\nfont-size:36px;\n}\n.av-special-heading.av-5mzxvj-e9bee30a2c4d8597b8ee771034597bf6 .special-heading-inner-border{\nborder-color:#34495e;\n}\n.av-special-heading.av-5mzxvj-e9bee30a2c4d8597b8ee771034597bf6 .av-subheading{\nfont-size:15px;\n}\n\n@media only screen and (min-width: 480px) and (max-width: 767px){ \n#top #wrap_all .av-special-heading.av-5mzxvj-e9bee30a2c4d8597b8ee771034597bf6 .av-special-heading-tag{\nfont-size:0.8em;\n}\n}\n\n@media only screen and (max-width: 479px){ \n#top #wrap_all .av-special-heading.av-5mzxvj-e9bee30a2c4d8597b8ee771034597bf6 .av-special-heading-tag{\nfont-size:0.8em;\n}\n}\n<\/style>\n<div  class='av-special-heading av-5mzxvj-e9bee30a2c4d8597b8ee771034597bf6 av-special-heading-h2 custom-color-heading blockquote modern-quote  avia-builder-el-10  el_before_av_textblock  avia-builder-el-first  av-inherit-size'><h2 class='av-special-heading-tag'  itemprop=\"headline\"  >Cadre de r\u00e9f\u00e9rence de la comp\u00e9tence num\u00e9rique<\/h2><div class=\"special-heading-border\"><div class=\"special-heading-inner-border\"><\/div><\/div><\/div><br \/>\n<section  class='av_textblock_section av-kc2rta8c-1-6b60170b08df56e8a50387a8b28a433a '   itemscope=\"itemscope\" itemtype=\"https:\/\/schema.org\/CreativeWork\" ><div class='avia_textblock'  itemprop=\"text\" ><p>Survolez l&#8217;infographie et cliquez sur les libell\u00e9s afin d&#8217;obtenir les informations compl\u00e8tes.<\/p>\n<\/div><\/section><br \/>\n<\/p><\/div><\/div><\/div><\/div><!-- close content main div --><\/div><\/div><div id='after_section_2'  class='main_color av_default_container_wrap container_wrap sidebar_right'  ><div class='container av-section-cont-open' ><div class='template-page content  av-content-small alpha units'><div class='post-entry post-entry-type-page post-entry-9295'><div class='entry-content-wrapper clearfix'>\n<style type=\"text\/css\" data-created_by=\"avia_inline_auto\" id=\"style-css-av-kc2ruwft-3-62609ff46ca9bf35e314c14013b587fd\">\n#top .hr.hr-invisible.av-kc2ruwft-3-62609ff46ca9bf35e314c14013b587fd{\nheight:100px;\n}\n<\/style>\n<div  class='hr av-kc2ruwft-3-62609ff46ca9bf35e314c14013b587fd hr-invisible  avia-builder-el-13  el_after_av_section  avia-builder-el-no-sibling '><span class='hr-inner '><span class=\"hr-inner-style\"><\/span><\/span><\/div><\/p>\n","protected":false},"excerpt":{"rendered":"","protected":false},"author":20,"featured_media":9296,"parent":9214,"menu_order":0,"comment_status":"closed","ping_status":"closed","template":"","meta":{"footnotes":""},"class_list":["post-9295","page","type-page","status-publish","has-post-thumbnail","hentry"],"rttpg_featured_image_url":{"full":["https:\/\/www.carrefourfga.ca\/ticfga\/16\/wp-content\/uploads\/sites\/55\/2020\/06\/img-resspubli.jpg",800,600,false],"landscape":["https:\/\/www.carrefourfga.ca\/ticfga\/16\/wp-content\/uploads\/sites\/55\/2020\/06\/img-resspubli.jpg",800,600,false],"portraits":["https:\/\/www.carrefourfga.ca\/ticfga\/16\/wp-content\/uploads\/sites\/55\/2020\/06\/img-resspubli.jpg",800,600,false],"thumbnail":["https:\/\/www.carrefourfga.ca\/ticfga\/16\/wp-content\/uploads\/sites\/55\/2020\/06\/img-resspubli-80x80.jpg",80,80,true],"medium":["https:\/\/www.carrefourfga.ca\/ticfga\/16\/wp-content\/uploads\/sites\/55\/2020\/06\/img-resspubli-300x225.jpg",300,225,true],"large":["https:\/\/www.carrefourfga.ca\/ticfga\/16\/wp-content\/uploads\/sites\/55\/2020\/06\/img-resspubli.jpg",800,600,false],"1536x1536":["https:\/\/www.carrefourfga.ca\/ticfga\/16\/wp-content\/uploads\/sites\/55\/2020\/06\/img-resspubli.jpg",800,600,false],"2048x2048":["https:\/\/www.carrefourfga.ca\/ticfga\/16\/wp-content\/uploads\/sites\/55\/2020\/06\/img-resspubli.jpg",800,600,false],"widget":["https:\/\/www.carrefourfga.ca\/ticfga\/16\/wp-content\/uploads\/sites\/55\/2020\/06\/img-resspubli-36x36.jpg",36,36,true],"square":["https:\/\/www.carrefourfga.ca\/ticfga\/16\/wp-content\/uploads\/sites\/55\/2020\/06\/img-resspubli-180x180.jpg",180,180,true],"featured":["https:\/\/www.carrefourfga.ca\/ticfga\/16\/wp-content\/uploads\/sites\/55\/2020\/06\/img-resspubli-800x430.jpg",800,430,true],"featured_large":["https:\/\/www.carrefourfga.ca\/ticfga\/16\/wp-content\/uploads\/sites\/55\/2020\/06\/img-resspubli.jpg",800,600,false],"extra_large":["https:\/\/www.carrefourfga.ca\/ticfga\/16\/wp-content\/uploads\/sites\/55\/2020\/06\/img-resspubli.jpg",800,600,false],"portfolio":["https:\/\/www.carrefourfga.ca\/ticfga\/16\/wp-content\/uploads\/sites\/55\/2020\/06\/img-resspubli-495x400.jpg",495,400,true],"portfolio_small":["https:\/\/www.carrefourfga.ca\/ticfga\/16\/wp-content\/uploads\/sites\/55\/2020\/06\/img-resspubli-260x185.jpg",260,185,true],"gallery":["https:\/\/www.carrefourfga.ca\/ticfga\/16\/wp-content\/uploads\/sites\/55\/2020\/06\/img-resspubli.jpg",800,600,false],"magazine":["https:\/\/www.carrefourfga.ca\/ticfga\/16\/wp-content\/uploads\/sites\/55\/2020\/06\/img-resspubli-710x375.jpg",710,375,true],"masonry":["https:\/\/www.carrefourfga.ca\/ticfga\/16\/wp-content\/uploads\/sites\/55\/2020\/06\/img-resspubli-705x529.jpg",705,529,true],"entry_with_sidebar":["https:\/\/www.carrefourfga.ca\/ticfga\/16\/wp-content\/uploads\/sites\/55\/2020\/06\/img-resspubli-800x321.jpg",800,321,true],"entry_without_sidebar":["https:\/\/www.carrefourfga.ca\/ticfga\/16\/wp-content\/uploads\/sites\/55\/2020\/06\/img-resspubli-800x423.jpg",800,423,true]},"rttpg_author":{"display_name":"Laurent Demers","author_link":"https:\/\/www.carrefourfga.ca\/ticfga\/16\/author\/ldemers\/"},"rttpg_comment":0,"rttpg_category":null,"rttpg_excerpt":null,"_links":{"self":[{"href":"https:\/\/www.carrefourfga.ca\/ticfga\/16\/wp-json\/wp\/v2\/pages\/9295"}],"collection":[{"href":"https:\/\/www.carrefourfga.ca\/ticfga\/16\/wp-json\/wp\/v2\/pages"}],"about":[{"href":"https:\/\/www.carrefourfga.ca\/ticfga\/16\/wp-json\/wp\/v2\/types\/page"}],"author":[{"embeddable":true,"href":"https:\/\/www.carrefourfga.ca\/ticfga\/16\/wp-json\/wp\/v2\/users\/20"}],"replies":[{"embeddable":true,"href":"https:\/\/www.carrefourfga.ca\/ticfga\/16\/wp-json\/wp\/v2\/comments?post=9295"}],"version-history":[{"count":37,"href":"https:\/\/www.carrefourfga.ca\/ticfga\/16\/wp-json\/wp\/v2\/pages\/9295\/revisions"}],"predecessor-version":[{"id":25444,"href":"https:\/\/www.carrefourfga.ca\/ticfga\/16\/wp-json\/wp\/v2\/pages\/9295\/revisions\/25444"}],"up":[{"embeddable":true,"href":"https:\/\/www.carrefourfga.ca\/ticfga\/16\/wp-json\/wp\/v2\/pages\/9214"}],"wp:featuredmedia":[{"embeddable":true,"href":"https:\/\/www.carrefourfga.ca\/ticfga\/16\/wp-json\/wp\/v2\/media\/9296"}],"wp:attachment":[{"href":"https:\/\/www.carrefourfga.ca\/ticfga\/16\/wp-json\/wp\/v2\/media?parent=9295"}],"curies":[{"name":"wp","href":"https:\/\/api.w.org\/{rel}","templated":true}]}}