{"id":25077,"date":"2026-02-16T11:35:27","date_gmt":"2026-02-16T16:35:27","guid":{"rendered":"https:\/\/www.carrefourfga.ca\/ticfga\/16\/?page_id=25077"},"modified":"2026-03-20T15:05:06","modified_gmt":"2026-03-20T19:05:06","slug":"jpps-2026","status":"publish","type":"page","link":"https:\/\/www.carrefourfga.ca\/ticfga\/16\/jpps-2026\/","title":{"rendered":"13 mars 2026"},"content":{"rendered":"\n<style type=\"text\/css\" data-created_by=\"avia_inline_auto\" id=\"style-css-av-kc2mb8s5-e30d58b71ace73dc3055ad65b9c365f8\">\n.avia-section.av-kc2mb8s5-e30d58b71ace73dc3055ad65b9c365f8 .av-parallax .av-parallax-inner{\nbackground-repeat:no-repeat;\nbackground-image:url(https:\/\/www.carrefourfga.ca\/ticfga\/16\/wp-content\/uploads\/sites\/55\/2021\/08\/pexels-anthony-shkraba-4348405-2-1500x430.jpg);\nbackground-position:50% 100%;\nbackground-attachment:scroll;\n}\n.avia-section.av-kc2mb8s5-e30d58b71ace73dc3055ad65b9c365f8 .av-section-color-overlay{\nopacity:0.5;\nbackground-color:#000000;\n}\n<\/style>\n<div id='av_section_1'  class='avia-section av-kc2mb8s5-e30d58b71ace73dc3055ad65b9c365f8 main_color avia-section-default avia-no-border-styling  avia-builder-el-0  el_before_av_hr  avia-builder-el-first  avia-full-stretch av-parallax-section avia-bg-style-parallax av-section-color-overlay-active av-minimum-height av-minimum-height-25 av-height-25  container_wrap sidebar_right'  data-section-bg-repeat='stretch' data-av_minimum_height_pc='25' data-av_min_height_opt='25'><div class='av-parallax' data-avia-parallax-ratio='0.3' ><div class='av-parallax-inner main_color avia-full-stretch'><\/div><\/div><div class=\"av-section-color-overlay-wrap\"><div class=\"av-section-color-overlay\"><\/div><div class='container av-section-cont-open' ><main  role=\"main\" itemprop=\"mainContentOfPage\"  class='template-page content  av-content-small alpha units'><div class='post-entry post-entry-type-page post-entry-25077'><div class='entry-content-wrapper clearfix'>\n\n<style type=\"text\/css\" data-created_by=\"avia_inline_auto\" id=\"style-css-av-1vae6m-669687919496f882226591f86418239c\">\n.flex_column.av-1vae6m-669687919496f882226591f86418239c{\nborder-radius:0px 0px 0px 0px;\npadding:0px 0px 0px 0px;\n}\n<\/style>\n<div  class='flex_column av-1vae6m-669687919496f882226591f86418239c av_one_full  avia-builder-el-1  avia-builder-el-no-sibling  first flex_column_div av-zero-column-padding  '     ><style type=\"text\/css\" data-created_by=\"avia_inline_auto\" id=\"style-css-av-la2w7pkh-51114d78ae14da631ee9b8e7aeb35764\">\n#top .av-special-heading.av-la2w7pkh-51114d78ae14da631ee9b8e7aeb35764{\npadding-bottom:10px;\ncolor:#ffffff;\nfont-size:40px;\n}\nbody .av-special-heading.av-la2w7pkh-51114d78ae14da631ee9b8e7aeb35764 .av-special-heading-tag .heading-char{\nfont-size:25px;\n}\n#top #wrap_all .av-special-heading.av-la2w7pkh-51114d78ae14da631ee9b8e7aeb35764 .av-special-heading-tag{\nfont-size:40px;\n}\n.av-special-heading.av-la2w7pkh-51114d78ae14da631ee9b8e7aeb35764 .special-heading-inner-border{\nborder-color:#ffffff;\n}\n.av-special-heading.av-la2w7pkh-51114d78ae14da631ee9b8e7aeb35764 .av-subheading{\nfont-size:15px;\n}\n\n@media only screen and (min-width: 480px) and (max-width: 767px){ \n#top #wrap_all .av-special-heading.av-la2w7pkh-51114d78ae14da631ee9b8e7aeb35764 .av-special-heading-tag{\nfont-size:0.8em;\n}\n}\n\n@media only screen and (max-width: 479px){ \n#top #wrap_all .av-special-heading.av-la2w7pkh-51114d78ae14da631ee9b8e7aeb35764 .av-special-heading-tag{\nfont-size:0.8em;\n}\n}\n<\/style>\n<div  class='av-special-heading av-la2w7pkh-51114d78ae14da631ee9b8e7aeb35764 av-special-heading-h1 custom-color-heading blockquote modern-quote  avia-builder-el-2  avia-builder-el-no-sibling  av-inherit-size'><h1 class='av-special-heading-tag'  itemprop=\"headline\"  >Journ\u00e9e Programme Participation sociale (JPPS-2026)<\/h1><div class=\"special-heading-border\"><div class=\"special-heading-inner-border\"><\/div><\/div><\/div><\/div>\n<\/div><\/div><\/main><!-- close content main element --><\/div><\/div><\/div><div id='after_section_1'  class='main_color av_default_container_wrap container_wrap sidebar_right'  ><div class='container av-section-cont-open' ><div class='template-page content  av-content-small alpha units'><div class='post-entry post-entry-type-page post-entry-25077'><div class='entry-content-wrapper clearfix'>\n<div  class='hr av-tuyo2d-f5e22853c2f1e725f80afe861ecf905f hr-default  avia-builder-el-3  el_after_av_section  el_before_av_textblock  avia-builder-el-first '><span class='hr-inner '><span class=\"hr-inner-style\"><\/span><\/span><\/div>\n<section  class='av_textblock_section av-mlfewjom-d7d2fbedaf8c8fbbad2a2587bf8a274a '   itemscope=\"itemscope\" itemtype=\"https:\/\/schema.org\/CreativeWork\" ><div class='avia_textblock'  itemprop=\"text\" ><h3 style=\"text-align: center;\">JPPS \u2013 13 mars 2026<\/h3>\n<p>Le Sous-comit\u00e9 de la formation g\u00e9n\u00e9rale des adultes convie de nouveau le personnel scolaire d&#8217;int\u00e9gration sociale de la Mont\u00e9r\u00e9gie et de l&#8217;Estrie \u00e0 une journ\u00e9e d&#8217;\u00e9changes et de formation sur le programme <em>Participation sociale<\/em> (JPPS \u2013 13 mars 2026).<\/p>\n<\/div><\/section>\n\n<style type=\"text\/css\" data-created_by=\"avia_inline_auto\" id=\"style-css-av-m0oe7il4-279066e60fb80f12c2399cdb91696ab1\">\n#top .hr.hr-invisible.av-m0oe7il4-279066e60fb80f12c2399cdb91696ab1{\nheight:50px;\n}\n<\/style>\n<div  class='hr av-m0oe7il4-279066e60fb80f12c2399cdb91696ab1 hr-invisible  avia-builder-el-5  el_after_av_textblock  el_before_av_tab_section  avia-builder-el-last '><span class='hr-inner '><span class=\"hr-inner-style\"><\/span><\/span><\/div>\n\n<style type=\"text\/css\" data-created_by=\"avia_inline_auto\" id=\"style-css-av-ksz626do-fa0185923ead2cf687319dfbaecd4667\">\n.av-tab-section-outer-container.av-ksz626do-fa0185923ead2cf687319dfbaecd4667 .av-tab-section-tab-title-container{\nbackground-color:#095b91;\n}\n#top .av-tab-section-outer-container.av-ksz626do-fa0185923ead2cf687319dfbaecd4667 .av-section-tab-title{\ncolor:#748191;\n}\n<\/style>\n<\/div><\/div><\/div><!-- close content main div --><\/div><\/div><div id='av-tab-section-1'  class='av-tab-section-container entry-content-wrapper main_color av-tab-no-transition av-tab-content-auto  av-tab-above-content  avia-builder-el-6  el_after_av_hr  avia-builder-el-last  tab-section-not-first container_wrap sidebar_right'  ><div class='av-tab-section-outer-container av-ksz626do-fa0185923ead2cf687319dfbaecd4667'><div class='av-tab-section-tab-title-container avia-tab-title-padding-default av-custom-tab-color' role='tablist'><a href='#programme' data-av-tab-section-title='1' class='av-section-tab-title av-active-tab-title no-scroll av-ksz5yk1d-3417fc29fdc1966552b2b408ad41585f av-tab-with-icon av-tab-no-image ' role='tab' tabindex='0' aria-controls='av-tab-section-1-1'><span class='av-tab-section-icon' aria-hidden='true' data-av_icon='\ue84e' data-av_iconfont='entypo-fontello'><\/span><span class='av-outer-tab-title'><span class='av-inner-tab-title'>Programme<\/span><\/span><span class=\"av-tab-arrow-container\"><span><\/span><\/span><\/a><\/div><div class='avia-slideshow-arrows av-tabsection-arrow' ><a href='#prev' class='prev-slide av_prev_tab_section av-tab-section-slide' aria-hidden='true' data-av_icon='\ue87c' data-av_iconfont='entypo-fontello'  tabindex='-1'>Pr\u00e9c\u00e9dent<\/a><a href='#next' class='next-slide av_next_tab_section av-tab-section-slide' aria-hidden='true' data-av_icon='\ue87d' data-av_iconfont='entypo-fontello'  tabindex='-1'>Suivant<\/a><\/div><div class='av-tab-section-inner-container avia-section-default' style='width:100vw; left:0%;'><span class=\"av_prev_tab_section av_tab_navigation\"><\/span><span class=\"av_next_tab_section av_tab_navigation\"><\/span>\n\n<style type=\"text\/css\" data-created_by=\"avia_inline_auto\" id=\"style-css-av-ksz5yk1d-3417fc29fdc1966552b2b408ad41585f\">\n.av-layout-tab.av-ksz5yk1d-3417fc29fdc1966552b2b408ad41585f{\nvertical-align:top;\n}\n#top .av-tab-section-outer-container.av-ksz626do-fa0185923ead2cf687319dfbaecd4667 .av-section-tab-title.av-ksz5yk1d-3417fc29fdc1966552b2b408ad41585f{\ncolor:#a3a3a3;\n}\n#top .av-tab-section-outer-container.av-ksz626do-fa0185923ead2cf687319dfbaecd4667 .av-active-tab-title.av-section-tab-title.av-ksz5yk1d-3417fc29fdc1966552b2b408ad41585f{\ncolor:#ffffff;\n}\n<\/style>\n<div id='av-tab-section-1-1' class='av-layout-tab av-ksz5yk1d-3417fc29fdc1966552b2b408ad41585f av-animation-delay-container  avia-builder-el-7  avia-builder-el-no-sibling  av-active-tab-content __av_init_open ' data-av-deeplink-tabs=\"\" data-av-tab-section-content=\"1\" data-tab-section-id=\"programme\"><div class=\"av-layout-tab-inner\"><div class=\"container\"><p><div class='flex_column_table av-43eceao-5bc2baa1c02047ff9ee74b4315fb0d5b sc-av_one_fourth av-equal-height-column-flextable'>\n<style type=\"text\/css\" data-created_by=\"avia_inline_auto\" id=\"style-css-av-43eceao-5bc2baa1c02047ff9ee74b4315fb0d5b\">\n@keyframes av_boxShadowEffect_av-43eceao-5bc2baa1c02047ff9ee74b4315fb0d5b-column {\n0%   { box-shadow:  0 0 0 0 #a4c3e8; opacity: 1; }\n100% { box-shadow:  0 0 10px 0 #a4c3e8; opacity: 1; }\n}\n.flex_column.av-43eceao-5bc2baa1c02047ff9ee74b4315fb0d5b{\nwidth:22.75%;\nmargin-left:0;\nbox-shadow: 0 0 10px 0 #a4c3e8;\nborder-width:3px;\nborder-color:#a4c3e8;\nborder-style:solid;\nborder-radius:0px 0px 0px 0px;\npadding:10px 10px 10px 10px;\n}\n#top .flex_column_table.av-equal-height-column-flextable.av-43eceao-5bc2baa1c02047ff9ee74b4315fb0d5b .av-flex-placeholder{\nwidth:3%;\n}\n<\/style>\n<div  class='flex_column av-43eceao-5bc2baa1c02047ff9ee74b4315fb0d5b av_one_fourth  avia-builder-el-8  el_before_av_one_fourth  avia-builder-el-first  first flex_column_table_cell av-equal-height-column av-align-top shadow-not-animated  '     ><p><div  class='avia-button-wrap avia-button-center  avia-builder-el-9  el_before_av_textblock  avia-builder-el-first '>\n<style type=\"text\/css\" data-created_by=\"avia_inline_auto\" id=\"style-css-av-mlfcq8yb-93267cf5f05db518f83c6590b25becfc\">\n#top #wrap_all .avia-button.av-mlfcq8yb-93267cf5f05db518f83c6590b25becfc{\nbackground-color:#a2c1e8;\nborder-color:#a2c1e8;\ntransition:all 0.4s ease-in-out;\n}\n#top #wrap_all .avia-button.av-mlfcq8yb-93267cf5f05db518f83c6590b25becfc:hover{\nbackground-color:blue;\ncolor:white;\ntransition:all 0.4s ease-in-out;\n}\n<\/style>\n<a href='' class='avia-font-color-black avia-button avia-button-fullwidth av-mlfcq8yb-93267cf5f05db518f83c6590b25becfc avia-icon_select-no avia-color-custom'  ><span class='avia_iconbox_title' >A01 \u2013 Participation sociale : b\u00e2tir ses rep\u00e8res et ses outils d\u2019enseignement <\/span><\/a><\/div><br \/>\n<section  class='av_textblock_section av-mlfbz75e-ba5d91992405d888f1ea9bc965311a42 '   itemscope=\"itemscope\" itemtype=\"https:\/\/schema.org\/CreativeWork\" ><div class='avia_textblock'  itemprop=\"text\" ><p><span data-ccp-props=\"{\">\u00a0<\/span><span data-contrast=\"auto\">Cet atelier s\u2019adresse aux enseignantes et enseignants qui d\u00e9butent avec le programme de Participation sociale ou qui souhaitent en clarifier les fondements. Il propose un survol structur\u00e9 du programme et des rep\u00e8res essentiels pour amorcer l\u2019enseignement avec confiance.<\/span><span data-ccp-props=\"{\">\u00a0<\/span><\/p>\n<p><span data-contrast=\"auto\">Les participants seront amen\u00e9s \u00e0\u00a0<\/span><\/p>\n<ul>\n<li><span data-contrast=\"auto\">distinguer la client\u00e8le PPS de la client\u00e8le DHS<\/span><span data-ccp-props=\"{\"> ;<\/span><\/li>\n<li><span data-contrast=\"auto\">comprendre la structure d\u2019un programme par comp\u00e9tences<\/span><span data-ccp-props=\"{\"> ;<\/span><\/li>\n<li><span data-contrast=\"auto\">clarifier la diff\u00e9rence entre connaissances et comp\u00e9tences<\/span><span data-ccp-props=\"{\"> ;<\/span><\/li>\n<li><span data-contrast=\"auto\">diff\u00e9rencier une activit\u00e9 p\u00e9dagogique d\u2019une situation d\u2019apprentissage<\/span><span data-ccp-props=\"{\"> ;<\/span><\/li>\n<li><span data-contrast=\"auto\">explorer les bases de la planification en Participation sociale<\/span><span data-ccp-props=\"{\">.<\/span><\/li>\n<\/ul>\n<p><span data-contrast=\"auto\">L\u2019atelier privil\u00e9gie une approche simple et concr\u00e8te, permettant de repartir avec des outils.<\/span><\/p>\n<hr \/>\n<p>Marie-\u00c8ve Goulet, conseill\u00e8re p\u00e9dagogique, CSS des Hautes-Rivi\u00e8res, \u00c9quipe-choc p\u00e9dagogique \u2013 Participation sociale<\/p>\n<\/div><\/section><\/p><\/div><div class='av-flex-placeholder'><\/div>\n<style type=\"text\/css\" data-created_by=\"avia_inline_auto\" id=\"style-css-av-2qnye0w-e09d2e0417ca71da6147f0731186467c\">\n@keyframes av_boxShadowEffect_av-2qnye0w-e09d2e0417ca71da6147f0731186467c-column {\n0%   { box-shadow:  0 0 0 0 #a4c3e8; opacity: 1; }\n100% { box-shadow:  0 0 10px 0 #a4c3e8; opacity: 1; }\n}\n.flex_column.av-2qnye0w-e09d2e0417ca71da6147f0731186467c{\nwidth:22.75%;\nmargin-left:0;\nbox-shadow: 0 0 10px 0 #a4c3e8;\nborder-width:3px;\nborder-color:#a4c3e8;\nborder-style:solid;\nborder-radius:3px 3px 3px 3px;\npadding:10px 10px 10px 10px;\n}\n#top .flex_column_table.av-equal-height-column-flextable.av-2qnye0w-e09d2e0417ca71da6147f0731186467c .av-flex-placeholder{\nwidth:3%;\n}\n<\/style>\n<div  class='flex_column av-2qnye0w-e09d2e0417ca71da6147f0731186467c av_one_fourth  avia-builder-el-11  el_after_av_one_fourth  el_before_av_one_fourth  flex_column_table_cell av-equal-height-column av-align-top shadow-not-animated  '     ><p><div  class='avia-button-wrap avia-button-center  avia-builder-el-12  el_before_av_textblock  avia-builder-el-first '>\n<style type=\"text\/css\" data-created_by=\"avia_inline_auto\" id=\"style-css-av-mlfcyxef-4e83be1b6c1fbd79291cfe27b25fde5c\">\n#top #wrap_all .avia-button.av-mlfcyxef-4e83be1b6c1fbd79291cfe27b25fde5c{\nbackground-color:#a2c1e8;\nborder-color:#a2c1e8;\ntransition:all 0.4s ease-in-out;\n}\n#top #wrap_all .avia-button.av-mlfcyxef-4e83be1b6c1fbd79291cfe27b25fde5c:hover{\nbackground-color:blue;\ncolor:white;\ntransition:all 0.4s ease-in-out;\n}\n<\/style>\n<a href='' class='avia-font-color-black avia-button avia-button-fullwidth av-mlfcyxef-4e83be1b6c1fbd79291cfe27b25fde5c avia-icon_select-no avia-color-custom'  ><span class='avia_iconbox_title' >A02\/B02 \u2013 La CUA : un cadre pour enseigner \u00e0 la diversit\u00e9 des apprenants en Participation sociale <\/span><\/a><\/div><br \/>\n<section  class='av_textblock_section av-mlfbzz0x-89e6b3c9faa8d3d7def9e7157af1ec26 '   itemscope=\"itemscope\" itemtype=\"https:\/\/schema.org\/CreativeWork\" ><div class='avia_textblock'  itemprop=\"text\" ><p><a href=\"https:\/\/drive.google.com\/drive\/folders\/111ZgIQS1EQBh9RvyOFPYcabZaZvA5Ste\"><img fetchpriority=\"high\" decoding=\"async\" class=\"aligncenter wp-image-25451 size-medium\" src=\"https:\/\/www.carrefourfga.ca\/ticfga\/16\/wp-content\/uploads\/sites\/55\/2026\/03\/Capture-decran-2026-03-20-150215-300x170.jpg\" alt=\"\" width=\"300\" height=\"170\" \/><\/a><\/p>\n<hr \/>\n<p>Cet atelier propose une introduction concr\u00e8te \u00e0 la Conception universelle de l\u2019apprentissage (CUA) et \u00e0 la diff\u00e9renciation p\u00e9dagogique en contexte de Participation sociale. Il vise \u00e0 soutenir les enseignants dans la prise en compte de la diversit\u00e9 des apprenants d\u00e8s la planification de l\u2019enseignement.<\/p>\n<p>Les participants seront amen\u00e9s \u00e0<\/p>\n<ul>\n<li>analyser\u00a0les forces, les besoins et les caract\u00e9ristiques des \u00e9l\u00e8ves\u00a0\u00e0 partir du portrait de classe\u00a0;<\/li>\n<li>mieux\u00a0comprendre les principes de la diff\u00e9renciation p\u00e9dagogique et de la CUA ;<\/li>\n<li>explorer\u00a0des strat\u00e9gies simples pour rendre les situations d\u2019apprentissage plus accessibles et inclusives.<\/li>\n<\/ul>\n<hr \/>\n<p>Animation : Alexandra Simard-C\u00f4t\u00e9, conseill\u00e8re p\u00e9dagogique, CSS de la Jonqui\u00e8re, \u00c9quipe-choc p\u00e9dagogique \u2013 Participation sociale<\/p>\n\n<style type=\"text\/css\" data-created_by=\"avia_inline_auto\" id=\"style-css-av-raohat-60229157f8789dcaa8e2fae16e5caaa9\">\n.av_font_icon.av-raohat-60229157f8789dcaa8e2fae16e5caaa9 .av-icon-char{\nfont-size:40px;\nline-height:40px;\n}\n<\/style>\n<span  class='av_font_icon av-raohat-60229157f8789dcaa8e2fae16e5caaa9 avia_animate_when_visible av-icon-style- avia-icon-pos-left av-no-color avia-icon-animate'><a href='https:\/\/drive.google.com\/drive\/folders\/111ZgIQS1EQBh9RvyOFPYcabZaZvA5Ste'   class='av-icon-char' aria-hidden='true' data-av_icon='\ue850' data-av_iconfont='entypo-fontello' ><\/a><\/span>\n<\/div><\/section><\/p><\/div><div class='av-flex-placeholder'><\/div>\n<style type=\"text\/css\" data-created_by=\"avia_inline_auto\" id=\"style-css-av-19vvp91-70c2632f1f7436e4fce23c9d16006ba5\">\n@keyframes av_boxShadowEffect_av-19vvp91-70c2632f1f7436e4fce23c9d16006ba5-column {\n0%   { box-shadow:  0 0 0 0 #a4c3e8; opacity: 1; }\n100% { box-shadow:  0 0 10px 0 #a4c3e8; opacity: 1; }\n}\n.flex_column.av-19vvp91-70c2632f1f7436e4fce23c9d16006ba5{\nwidth:22.75%;\nmargin-left:0;\nbox-shadow: 0 0 10px 0 #a4c3e8;\nborder-width:3px;\nborder-color:#a4c3e8;\nborder-style:solid;\nborder-radius:3px 3px 3px 3px;\npadding:10px 10px 10px 10px;\n}\n#top .flex_column_table.av-equal-height-column-flextable.av-19vvp91-70c2632f1f7436e4fce23c9d16006ba5 .av-flex-placeholder{\nwidth:3%;\n}\n<\/style>\n<div  class='flex_column av-19vvp91-70c2632f1f7436e4fce23c9d16006ba5 av_one_fourth  avia-builder-el-15  el_after_av_one_fourth  el_before_av_one_fourth  flex_column_table_cell av-equal-height-column av-align-top shadow-not-animated  '     ><p><div  class='avia-button-wrap avia-button-center  avia-builder-el-16  el_before_av_textblock  avia-builder-el-first '>\n<style type=\"text\/css\" data-created_by=\"avia_inline_auto\" id=\"style-css-av-mlfd6ytw-ee03d3fbcb8d2dc8e3d72824e6218fe2\">\n#top #wrap_all .avia-button.av-mlfd6ytw-ee03d3fbcb8d2dc8e3d72824e6218fe2{\nbackground-color:#a2c1e8;\nborder-color:#a2c1e8;\ntransition:all 0.4s ease-in-out;\n}\n#top #wrap_all .avia-button.av-mlfd6ytw-ee03d3fbcb8d2dc8e3d72824e6218fe2:hover{\nbackground-color:blue;\ncolor:white;\ntransition:all 0.4s ease-in-out;\n}\n<\/style>\n<a href='' class='avia-font-color-black avia-button avia-button-fullwidth av-mlfd6ytw-ee03d3fbcb8d2dc8e3d72824e6218fe2 avia-icon_select-no avia-color-custom'  ><span class='avia_iconbox_title' >A03\/B03 \u2013 Comment planifier et structurer les cours en Participation sociale? \u00c9changer pour am\u00e9liorer ses pratiques<\/span><\/a><\/div><br \/>\n<section  class='av_textblock_section av-mlfc1eia-9ae8f623978a6ea121c1cb4e9aedb14d '   itemscope=\"itemscope\" itemtype=\"https:\/\/schema.org\/CreativeWork\" ><div class='avia_textblock'  itemprop=\"text\" ><p><span data-contrast=\"auto\">Que vous soyez dans un petit, un moyen ou un grand centre, cet atelier vous offre l\u2019opportunit\u00e9 d\u2019\u00e9changer sur votre r\u00e9alit\u00e9 et de vous inspirer de celle des autres. \u00c0 travers ces \u00e9changes, vous pourrez partager votre expertise ou prendre connaissance de celle des autres sur la planification. Comment jongler avec l\u2019horaire maitre, les parcours, les cours enseign\u00e9s, les entr\u00e9es continues, la s\u00e9quence des savoirs, etc. ? Comment arrimer tout \u00e7a?<\/span><\/p>\n<p><span data-contrast=\"auto\">Cet atelier pourra vous enrichir, vous inspirer ou valider votre mode de fonctionnement.<\/span><span data-ccp-props=\"{\">\u00a0<\/span><\/p>\n<hr \/>\n<p>Animation : Judith Girardin, conseill\u00e8re p\u00e9dagogique, CSS des Mile-\u00eeles, \u00c9quipe-choc p\u00e9dagogique<\/p>\n<\/div><\/section><\/p><\/div><div class='av-flex-placeholder'><\/div>\n<style type=\"text\/css\" data-created_by=\"avia_inline_auto\" id=\"style-css-av-2069v9-0e90ae446751d7441de32bf23d03f0c9\">\n@keyframes av_boxShadowEffect_av-2069v9-0e90ae446751d7441de32bf23d03f0c9-column {\n0%   { box-shadow:  0 0 0 0 #a4c3e8; opacity: 1; }\n100% { box-shadow:  0 0 10px 0 #a4c3e8; opacity: 1; }\n}\n.flex_column.av-2069v9-0e90ae446751d7441de32bf23d03f0c9{\nwidth:22.75%;\nmargin-left:0;\nbox-shadow: 0 0 10px 0 #a4c3e8;\nborder-width:3px;\nborder-color:#a4c3e8;\nborder-style:solid;\nborder-radius:3px 3px 3px 3px;\npadding:10px 10px 10px 10px;\n}\n#top .flex_column_table.av-equal-height-column-flextable.av-2069v9-0e90ae446751d7441de32bf23d03f0c9 .av-flex-placeholder{\nwidth:3%;\n}\n<\/style>\n<div  class='flex_column av-2069v9-0e90ae446751d7441de32bf23d03f0c9 av_one_fourth  avia-builder-el-18  el_after_av_one_fourth  el_before_av_hr  flex_column_table_cell av-equal-height-column av-align-top shadow-not-animated  '     ><p><div  class='avia-button-wrap avia-button-center  avia-builder-el-19  el_before_av_textblock  avia-builder-el-first '>\n<style type=\"text\/css\" data-created_by=\"avia_inline_auto\" id=\"style-css-av-mlfhyqul-239f1d1eee52d8d673ea86e896cb3ff0\">\n#top #wrap_all .avia-button.av-mlfhyqul-239f1d1eee52d8d673ea86e896cb3ff0{\nbackground-color:#a2c1e8;\nborder-color:#a2c1e8;\ntransition:all 0.4s ease-in-out;\n}\n#top #wrap_all .avia-button.av-mlfhyqul-239f1d1eee52d8d673ea86e896cb3ff0:hover{\nbackground-color:blue;\ncolor:white;\ntransition:all 0.4s ease-in-out;\n}\n<\/style>\n<a href='' class='avia-font-color-black avia-button avia-button-fullwidth av-mlfhyqul-239f1d1eee52d8d673ea86e896cb3ff0 avia-icon_select-no avia-color-custom'  ><span class='avia_iconbox_title' >B04 \u2013 PPS en action : r\u00e9seauter, r\u00e9fl\u00e9chir et enrichir nos pratiques d\u2019intervention<\/span><\/a><\/div><br \/>\n<section  class='av_textblock_section av-mlfhywk2-0b6a57a36a84b4f5cbce303f030c5922 '   itemscope=\"itemscope\" itemtype=\"https:\/\/schema.org\/CreativeWork\" ><div class='avia_textblock'  itemprop=\"text\" ><p>Cet atelier s&#8217;adresse aux personnes intervenantes des SEC (TES, TTS, psychoed, etc) \u0153uvrant au programme <em>Participation sociale<\/em> en FGA. Il propose un espace privil\u00e9gi\u00e9 de r\u00e9seautage, de partage et de r\u00e9flexion collective autour des pratiques d\u2019intervention aupr\u00e8s des \u00e9l\u00e8ves adultes.<\/p>\n<p>\u00c0 partir de situations concr\u00e8tes issues du terrain, vous serez invit\u00e9s \u00e0 \u00e9changer sur des strat\u00e9gies gagnantes pour soutenir l\u2019engagement, l&#8217;autonomie et le d\u00e9veloppement des comp\u00e9tences personnelles et sociales des \u00e9l\u00e8ves pr\u00e9sentant d&#8217;importants d\u00e9fis.<\/p>\n<p>L\u2019atelier vise \u00e0<\/p>\n<ul>\n<li>mettre en commun des pratiques efficaces et transf\u00e9rables ;<\/li>\n<li>r\u00e9fl\u00e9chir aux d\u00e9fis actuels rencontr\u00e9s en PPS ;<\/li>\n<li>consolider le r\u00e9seau professionnel entre intervenants.<\/li>\n<\/ul>\n<p>Un moment pour prendre du recul, s\u2019inspirer mutuellement et renforcer l\u2019impact de nos interventions aupr\u00e8s des \u00e9l\u00e8ves adultes.<\/p>\n<hr \/>\n<p>Animation : Karine Jacques, orthop\u00e9dagogue, Accompagnement national \u2013 Services \u00e9ducatifs compl\u00e9mentaires<\/p>\n<\/div><\/section><\/p><\/div><\/div><!--close column table wrapper. Autoclose: 1 --><div  class='hr av-igiatd-725b43e20df0437323edf93e6dc744aa hr-short  avia-builder-el-21  el_after_av_one_fourth  el_before_av_hr  hr-center'><span class='hr-inner '><span class=\"hr-inner-style\"><\/span><\/span><\/div><br \/>\n\n<style type=\"text\/css\" data-created_by=\"avia_inline_auto\" id=\"style-css-av-kgnwj3-91-48aceeb231de8a926fb6b49089038047\">\n#top .hr.hr-invisible.av-kgnwj3-91-48aceeb231de8a926fb6b49089038047{\nheight:50px;\n}\n<\/style>\n<div  class='hr av-kgnwj3-91-48aceeb231de8a926fb6b49089038047 hr-invisible  avia-builder-el-22  el_after_av_hr  avia-builder-el-last '><span class='hr-inner '><span class=\"hr-inner-style\"><\/span><\/span><\/div><\/p>\n<\/div><\/div><\/div><\/div><\/div><\/div>\n","protected":false},"excerpt":{"rendered":"","protected":false},"author":20,"featured_media":0,"parent":0,"menu_order":0,"comment_status":"closed","ping_status":"closed","template":"","meta":{"footnotes":""},"class_list":["post-25077","page","type-page","status-publish","hentry"],"rttpg_featured_image_url":null,"rttpg_author":{"display_name":"Laurent Demers","author_link":"https:\/\/www.carrefourfga.ca\/ticfga\/16\/author\/ldemers\/"},"rttpg_comment":0,"rttpg_category":null,"rttpg_excerpt":null,"_links":{"self":[{"href":"https:\/\/www.carrefourfga.ca\/ticfga\/16\/wp-json\/wp\/v2\/pages\/25077"}],"collection":[{"href":"https:\/\/www.carrefourfga.ca\/ticfga\/16\/wp-json\/wp\/v2\/pages"}],"about":[{"href":"https:\/\/www.carrefourfga.ca\/ticfga\/16\/wp-json\/wp\/v2\/types\/page"}],"author":[{"embeddable":true,"href":"https:\/\/www.carrefourfga.ca\/ticfga\/16\/wp-json\/wp\/v2\/users\/20"}],"replies":[{"embeddable":true,"href":"https:\/\/www.carrefourfga.ca\/ticfga\/16\/wp-json\/wp\/v2\/comments?post=25077"}],"version-history":[{"count":93,"href":"https:\/\/www.carrefourfga.ca\/ticfga\/16\/wp-json\/wp\/v2\/pages\/25077\/revisions"}],"predecessor-version":[{"id":25455,"href":"https:\/\/www.carrefourfga.ca\/ticfga\/16\/wp-json\/wp\/v2\/pages\/25077\/revisions\/25455"}],"wp:attachment":[{"href":"https:\/\/www.carrefourfga.ca\/ticfga\/16\/wp-json\/wp\/v2\/media?parent=25077"}],"curies":[{"name":"wp","href":"https:\/\/api.w.org\/{rel}","templated":true}]}}