{"id":24679,"date":"2025-09-24T16:10:15","date_gmt":"2025-09-24T20:10:15","guid":{"rendered":"https:\/\/www.carrefourfga.ca\/ticfga\/16\/?page_id=24679"},"modified":"2025-09-25T08:19:05","modified_gmt":"2025-09-25T12:19:05","slug":"fra-2101-parcours-dapprentissage-avec-sa","status":"publish","type":"page","link":"https:\/\/www.carrefourfga.ca\/ticfga\/16\/fra-2101-parcours-dapprentissage-avec-sa\/","title":{"rendered":"FRA2101 \u2013 Parcours d&#8217;apprentissage avec SA"},"content":{"rendered":"<p>Ce parcours comporte plusieurs situations et activit\u00e9s d\u2019apprentissage qui ont \u00e9t\u00e9 cr\u00e9\u00e9es par Cynthia Ouellette, enseignante au CSS du Val-des-Cerfs. Le parcours a \u00e9t\u00e9 r\u00e9alis\u00e9 dans le cadre du volet \u201cModernisation des SA\u00c9 de la FBC\u201d de l\u2019Appel de projets Mont\u00e9r\u00e9gie-Estrie 2024-2025.<\/p>\n<p>Vous pouvez <a href=\"https:\/\/fgamonteregie-my.sharepoint.com\/:f:\/g\/personal\/partage_fgamonteregie_qc_ca\/Eh_af2EM3gtJsnjJaccGTg4B8ksZuwqFidsBG3DmZ4q0Lg?e=9wJFZ4\">t\u00e9l\u00e9charger l\u2019ensemble du mat\u00e9riel<\/a> ou encore consulter chaque document dans la liste plus bas sur cette page. Vous pouvez consulter les corrig\u00e9s dans le dossier FRA2101- Parcours d\u2019apprentissage_SA_Corrig\u00e9s dans les <a href=\"https:\/\/moodle.recitfgafp.ca\/mod\/folder\/view.php?id=1837\">documents prot\u00e9g\u00e9s dans Moodle FGA-FP<\/a> ou encore dans cette liste :<\/p>\n<ul>\n<li><a href=\"https:\/\/fgamonteregie-my.sharepoint.com\/:b:\/g\/personal\/partage_fgamonteregie_qc_ca\/EU2gy-Gt9IFAuBNgIRUHJN0B3ytF0FXnkS63sCjjcnR0SA?e=Rg1uQF\">Pr\u00e9ambule pour le personnel enseignant \u2013 Plan du parcours<\/a><\/li>\n<li>Activit\u00e9 \u2013 R\u00e9daction d&#8217;un r\u00e9sum\u00e9\n<ul>\n<li><a href=\"https:\/\/fgamonteregie-my.sharepoint.com\/:w:\/g\/personal\/partage_fgamonteregie_qc_ca\/EV9BZTuPdFtCqXw1ZvBEOA4BbNl1Psj3SkmIrpvbn1z2GA?e=HFimSn\">Cahier de l&#8217;adulte (Word)<\/a>\n<ul>\n<li><a href=\"https:\/\/moodle.recitfgafp.ca\/pluginfile.php\/2818\/mod_folder\/content\/0\/FRA2101-Parcours%20dapprentissage_SA_Corrig%C3%A9s\/FRA2101-activit%C3%A9%20r%C3%A9daction%20dun%20r%C3%A9sum%C3%A9-pistes%20de%20correction.docx?forcedownload=1\">Pistes de correction<\/a><\/li>\n<\/ul>\n<\/li>\n<li><a href=\"https:\/\/fgamonteregie-my.sharepoint.com\/:b:\/g\/personal\/partage_fgamonteregie_qc_ca\/EX3p9mJrIjRGh8tJSaiU-3MB71rNyDYqsBxT6SQXn0dGHA?e=te13c8\">Cahier de l&#8217;adulte (PDF)<\/a>\n<ul>\n<li><a href=\"https:\/\/moodle.recitfgafp.ca\/pluginfile.php\/2818\/mod_folder\/content\/0\/FRA2101-Parcours%20dapprentissage_SA_Corrig%C3%A9s\/FRA2101-activit%C3%A9%20r%C3%A9daction%20dun%20r%C3%A9sum%C3%A9-pistes%20de%20correction.pdf?forcedownload=1\">Pistes de correction<\/a><\/li>\n<\/ul>\n<\/li>\n<\/ul>\n<\/li>\n<li>Faire un r\u00e9sum\u00e9 \u2013 Trucs et exemple\n<ul>\n<li><a href=\"https:\/\/fgamonteregie-my.sharepoint.com\/:w:\/g\/personal\/partage_fgamonteregie_qc_ca\/EUdOfKwdbfZPgHK_ftd897kBj0mDgnfBfqy6aMag1ZPGFg?e=OMjyOR\">Cahier de l&#8217;adulte (Word)<\/a><\/li>\n<li><a href=\"https:\/\/fgamonteregie-my.sharepoint.com\/:b:\/g\/personal\/partage_fgamonteregie_qc_ca\/EXm-GvaEzBNOryy7Wayg6xsBlyFgnp8HDM4ae62uxwtJ0g?e=nfSbFo\">Cahier de l&#8217;adulte (PDF)<\/a><\/li>\n<\/ul>\n<\/li>\n<li>Parcours grammatial \u2013 Explications et exercices\n<ul>\n<li><a href=\"https:\/\/fgamonteregie-my.sharepoint.com\/:w:\/g\/personal\/partage_fgamonteregie_qc_ca\/ETDB9NWYhN5IrqswW_PnOY0BYP4pjOpy2LFCjpuB8HtVCA?e=NVDzq2\">Cahier de l&#8217;adulte (Word)<\/a>\n<ul>\n<li><a href=\"https:\/\/moodle.recitfgafp.ca\/pluginfile.php\/2818\/mod_folder\/content\/0\/FRA2101-Parcours%20dapprentissage_SA_Corrig%C3%A9s\/FRA2101-Parcours%20grammatical-%20explications%20et%20exercices%20-%20Corrig%C3%A9.docx?forcedownload=1\">Corrig\u00e9<\/a><\/li>\n<\/ul>\n<\/li>\n<li><a href=\"https:\/\/fgamonteregie-my.sharepoint.com\/:b:\/g\/personal\/partage_fgamonteregie_qc_ca\/EYimI0PCMG9Mo6qAyieFbBEBHvcMjlc8GzlWgCVf3TwLeQ?e=roD3Av\">Cahier de l&#8217;adulte (PDF)<\/a>\n<ul>\n<li><a href=\"https:\/\/moodle.recitfgafp.ca\/pluginfile.php\/2818\/mod_folder\/content\/0\/FRA2101-Parcours%20dapprentissage_SA_Corrig%C3%A9s\/FRA2101-Parcours%20grammatical-%20explications%20et%20exercices%20-%20Corrig%C3%A9.pdf?forcedownload=1\">Corrig\u00e9<\/a><\/li>\n<\/ul>\n<\/li>\n<\/ul>\n<\/li>\n<li>R\u00e9flexion autour d&#8217;\u00eatre citoyen\n<ul>\n<li><a href=\"https:\/\/fgamonteregie-my.sharepoint.com\/:w:\/g\/personal\/partage_fgamonteregie_qc_ca\/EQp8vdDOURlMo7ZDmZt0pr4BWvgZyfH-i0JO7mla-iaYoQ?e=1aAAJK\">Cahier de l&#8217;adulte (Word)<\/a>\n<ul>\n<li><a href=\"https:\/\/fgamonteregie-my.sharepoint.com\/:w:\/g\/personal\/partage_fgamonteregie_qc_ca\/ESDg8Q6UyQBMsFY4qMlUygQBiYFilrjoFePcVl-llUfAKg?e=oh5VG7\">Textes<\/a><\/li>\n<\/ul>\n<\/li>\n<li><a href=\"https:\/\/fgamonteregie-my.sharepoint.com\/:b:\/g\/personal\/partage_fgamonteregie_qc_ca\/EeIUpUsIfKRNszEMrFgbIjoBJ5H9Qocjhj6vqYDBDTI7GA?e=d8vxEt\">Cahier de l&#8217;adulte (PDF)<\/a>\n<ul>\n<li><a href=\"https:\/\/fgamonteregie-my.sharepoint.com\/:b:\/g\/personal\/partage_fgamonteregie_qc_ca\/ESboXwDCrW9CsEM6jshkSAYBQNpvRrgGKaW_IjiMvOCT_w?e=EuvsMF\">Textes<\/a><\/li>\n<\/ul>\n<\/li>\n<\/ul>\n<\/li>\n<li>SA guid\u00e9e \u2013 Cr\u00e9dibilit\u00e9 et fausses nouvelles\n<ul>\n<li><a href=\"https:\/\/fgamonteregie-my.sharepoint.com\/:w:\/g\/personal\/partage_fgamonteregie_qc_ca\/EQ8eA9ou-GVNvIcTQcAQ-KwB6fzPTt0wnybZIT54NtKsLA?e=Vdchq9\">Cahier de l&#8217;adulte (Word)<\/a>\n<ul>\n<li><a href=\"https:\/\/moodle.recitfgafp.ca\/pluginfile.php\/2818\/mod_folder\/content\/0\/FRA2101-Parcours%20dapprentissage_SA_Corrig%C3%A9s\/FRA2101-SA%20guid%C3%A9e-cr%C3%A9dibilit%C3%A9%20et%20fausse%20nouvelle%20-%20Corrig%C3%A9.docx?forcedownload=1\">Corrig\u00e9<\/a><\/li>\n<\/ul>\n<\/li>\n<li><a href=\"https:\/\/fgamonteregie-my.sharepoint.com\/:b:\/g\/personal\/partage_fgamonteregie_qc_ca\/EasTJTNElUBBu3TeUCnFVAYB-utFi3m5ovIEc-W9mGHi3g?e=fc4itv\">Cahier de l&#8217;adulte (PDF)<\/a>\n<ul>\n<li><a href=\"https:\/\/moodle.recitfgafp.ca\/pluginfile.php\/2818\/mod_folder\/content\/0\/FRA2101-Parcours%20dapprentissage_SA_Corrig%C3%A9s\/FRA2101-SA%20guid%C3%A9e-cr%C3%A9dibilit%C3%A9%20et%20fausse%20nouvelle%20-%20Corrig%C3%A9.pdf?forcedownload=1\">Corrig\u00e9<\/a><\/li>\n<\/ul>\n<\/li>\n<\/ul>\n<\/li>\n<li>SA\u00c9 \u2013 Jeunes engag\u00e9s pour la plan\u00e8te\n<ul>\n<li><a href=\"https:\/\/fgamonteregie-my.sharepoint.com\/:w:\/g\/personal\/partage_fgamonteregie_qc_ca\/EeGfw41tYjRGmL-lVHeNfa8Beuq2ur5QeQT1vDigLyLoWQ?e=IfStl1\">Cahier de l&#8217;adulte (Word)<\/a>\n<ul>\n<li><a href=\"https:\/\/moodle.recitfgafp.ca\/pluginfile.php\/2818\/mod_folder\/content\/0\/FRA2101-Parcours%20dapprentissage_SA_Corrig%C3%A9s\/FRA2101-SAE-jeunes%20engag%C3%A9s%20pour%20la%20plan%C3%A8te%20-%20Corrig%C3%A9.docx?forcedownload=1\">Corrig\u00e9<\/a><\/li>\n<\/ul>\n<\/li>\n<li><a href=\"https:\/\/fgamonteregie-my.sharepoint.com\/:b:\/g\/personal\/partage_fgamonteregie_qc_ca\/Eez1GAwhsPhGmzLqLP0qljABk1xauCB2pLiKamnGbF66tA?e=H4h8CK\">Cahier de l&#8217;adulte (PDF)<\/a>\n<ul>\n<li><a href=\"https:\/\/moodle.recitfgafp.ca\/pluginfile.php\/2818\/mod_folder\/content\/0\/FRA2101-Parcours%20dapprentissage_SA_Corrig%C3%A9s\/FRA2101-SAE-jeunes%20engag%C3%A9s%20pour%20la%20plan%C3%A8te%20-%20Corrig%C3%A9.pdf?forcedownload=1\">Corrig\u00e9<\/a><\/li>\n<\/ul>\n<\/li>\n<\/ul>\n<\/li>\n<li>SA \u2013 Le sport peut changer le monde\n<ul>\n<li><a href=\"https:\/\/fgamonteregie-my.sharepoint.com\/:w:\/g\/personal\/partage_fgamonteregie_qc_ca\/EXp3QGxy3exAo4D0-zXbv1QBE2xNvYl5Ftc40DCEFuwqxw?e=fI8Zfs\">Cahier de l&#8217;adulte (Word)<\/a>\n<ul>\n<li><a href=\"https:\/\/moodle.recitfgafp.ca\/pluginfile.php\/2818\/mod_folder\/content\/0\/FRA2101-Parcours%20dapprentissage_SA_Corrig%C3%A9s\/FRA2101-SA-Le%20sport%20peut%20changer%20le%20monde%20-%20Corrig%C3%A9.docx?forcedownload=1\">Corrig\u00e9<\/a><\/li>\n<\/ul>\n<\/li>\n<li><a href=\"https:\/\/fgamonteregie-my.sharepoint.com\/:b:\/g\/personal\/partage_fgamonteregie_qc_ca\/EQv9y0HyDHxBp2F-NCP79HMBSzBaFLfGxoxCi8S6fdURxg?e=Qkc2vM\">Cahier de l&#8217;adulte (PDF)<\/a>\n<ul>\n<li><a href=\"https:\/\/moodle.recitfgafp.ca\/pluginfile.php\/2818\/mod_folder\/content\/0\/FRA2101-Parcours%20dapprentissage_SA_Corrig%C3%A9s\/FRA2101-SA-Le%20sport%20peut%20changer%20le%20monde%20-%20Corrig%C3%A9.pdf?forcedownload=1\">Corrig\u00e9<\/a><\/li>\n<\/ul>\n<\/li>\n<\/ul>\n<\/li>\n<\/ul>\n","protected":false},"excerpt":{"rendered":"<p>Ce parcours comporte plusieurs situations et activit\u00e9s d\u2019apprentissage qui ont \u00e9t\u00e9 cr\u00e9\u00e9es par Cynthia Ouellette, enseignante au CSS du Val-des-Cerfs. Le parcours a \u00e9t\u00e9 r\u00e9alis\u00e9 dans le cadre du volet \u201cModernisation des SA\u00c9 de la FBC\u201d de l\u2019Appel de projets Mont\u00e9r\u00e9gie-Estrie 2024-2025. Vous pouvez t\u00e9l\u00e9charger l\u2019ensemble du mat\u00e9riel ou encore consulter chaque document dans la [&hellip;]<\/p>\n","protected":false},"author":20,"featured_media":0,"parent":0,"menu_order":0,"comment_status":"closed","ping_status":"closed","template":"","meta":{"footnotes":""},"class_list":["post-24679","page","type-page","status-publish","hentry"],"rttpg_featured_image_url":null,"rttpg_author":{"display_name":"Laurent Demers","author_link":"https:\/\/www.carrefourfga.ca\/ticfga\/16\/author\/ldemers\/"},"rttpg_comment":0,"rttpg_category":null,"rttpg_excerpt":"Ce parcours comporte plusieurs situations et activit\u00e9s d\u2019apprentissage qui ont \u00e9t\u00e9 cr\u00e9\u00e9es par Cynthia Ouellette, enseignante au CSS du Val-des-Cerfs. Le parcours a \u00e9t\u00e9 r\u00e9alis\u00e9 dans le cadre du volet \u201cModernisation des SA\u00c9 de la FBC\u201d de l\u2019Appel de projets Mont\u00e9r\u00e9gie-Estrie 2024-2025. Vous pouvez t\u00e9l\u00e9charger l\u2019ensemble du mat\u00e9riel ou encore consulter chaque document dans la\u2026","_links":{"self":[{"href":"https:\/\/www.carrefourfga.ca\/ticfga\/16\/wp-json\/wp\/v2\/pages\/24679"}],"collection":[{"href":"https:\/\/www.carrefourfga.ca\/ticfga\/16\/wp-json\/wp\/v2\/pages"}],"about":[{"href":"https:\/\/www.carrefourfga.ca\/ticfga\/16\/wp-json\/wp\/v2\/types\/page"}],"author":[{"embeddable":true,"href":"https:\/\/www.carrefourfga.ca\/ticfga\/16\/wp-json\/wp\/v2\/users\/20"}],"replies":[{"embeddable":true,"href":"https:\/\/www.carrefourfga.ca\/ticfga\/16\/wp-json\/wp\/v2\/comments?post=24679"}],"version-history":[{"count":10,"href":"https:\/\/www.carrefourfga.ca\/ticfga\/16\/wp-json\/wp\/v2\/pages\/24679\/revisions"}],"predecessor-version":[{"id":24686,"href":"https:\/\/www.carrefourfga.ca\/ticfga\/16\/wp-json\/wp\/v2\/pages\/24679\/revisions\/24686"}],"wp:attachment":[{"href":"https:\/\/www.carrefourfga.ca\/ticfga\/16\/wp-json\/wp\/v2\/media?parent=24679"}],"curies":[{"name":"wp","href":"https:\/\/api.w.org\/{rel}","templated":true}]}}