{"id":11654,"date":"2021-10-21T21:55:31","date_gmt":"2021-10-22T01:55:31","guid":{"rendered":"https:\/\/www.carrefourfga.ca\/ticfga\/16\/?page_id=11654"},"modified":"2022-01-06T10:31:43","modified_gmt":"2022-01-06T15:31:43","slug":"c03","status":"publish","type":"page","link":"https:\/\/www.carrefourfga.ca\/ticfga\/16\/developpement-professionnel\/post-jpmv-2021\/bloc-c\/c03\/","title":{"rendered":"C03 &#8211; Am\u00e9liorer vos capsules vid\u00e9os p\u00e9dagogiques"},"content":{"rendered":"\n<style type=\"text\/css\" data-created_by=\"avia_inline_auto\" id=\"style-css-av-kc2mb8s5-ef0be15da7a34288d04334397018ecf9\">\n.avia-section.av-kc2mb8s5-ef0be15da7a34288d04334397018ecf9 .av-parallax .av-parallax-inner{\nbackground-repeat:no-repeat;\nbackground-image:url(https:\/\/www.carrefourfga.ca\/ticfga\/16\/wp-content\/uploads\/sites\/55\/2021\/06\/capsules-vide\u0301o1s.png);\nbackground-position:50% 100%;\nbackground-attachment:scroll;\n}\n.avia-section.av-kc2mb8s5-ef0be15da7a34288d04334397018ecf9 .av-section-color-overlay{\nopacity:0.5;\nbackground-color:#000000;\n}\n<\/style>\n<div id='av_section_1'  class='avia-section av-kc2mb8s5-ef0be15da7a34288d04334397018ecf9 main_color avia-section-default avia-no-border-styling  avia-builder-el-0  el_before_av_hr  avia-builder-el-first  avia-full-stretch av-parallax-section avia-bg-style-parallax av-section-color-overlay-active container_wrap sidebar_right'  data-section-bg-repeat='stretch'><div class='av-parallax' data-avia-parallax-ratio='0.3' ><div class='av-parallax-inner main_color avia-full-stretch'><\/div><\/div><div class=\"av-section-color-overlay-wrap\"><div class=\"av-section-color-overlay\"><\/div><div class='container av-section-cont-open' ><main  role=\"main\" itemprop=\"mainContentOfPage\"  class='template-page content  av-content-small alpha units'><div class='post-entry post-entry-type-page post-entry-11654'><div class='entry-content-wrapper clearfix'><\/div><\/div><\/main><!-- close content main element --><\/div><\/div><\/div><div id='after_section_1'  class='main_color av_default_container_wrap container_wrap sidebar_right'  ><div class='container av-section-cont-open' ><div class='template-page content  av-content-small alpha units'><div class='post-entry post-entry-type-page post-entry-11654'><div class='entry-content-wrapper clearfix'>\n<div  class='hr av-mmasq9-b5393e5734702f536109f72a154796be hr-default  avia-builder-el-1  el_after_av_section  el_before_av_textblock  avia-builder-el-first '><span class='hr-inner '><span class=\"hr-inner-style\"><\/span><\/span><\/div>\n<section  class='av_textblock_section av-2iojx4-4ea608dd2b702aaa196ddd9a7f30e282 '   itemscope=\"itemscope\" itemtype=\"https:\/\/schema.org\/CreativeWork\" ><div class='avia_textblock'  itemprop=\"text\" ><h3>Am\u00e9liorer vos capsules vid\u00e9os p\u00e9dagogiques<\/h3>\n<p>Pour tous<\/p>\n<\/div><\/section>\n\n<style type=\"text\/css\" data-created_by=\"avia_inline_auto\" id=\"style-css-av-kuyfjd53-6ec413cecd56e2d5811a607ec81bbd6a\">\n#top .hr.av-kuyfjd53-6ec413cecd56e2d5811a607ec81bbd6a{\nmargin-top:10;\nmargin-bottom:10;\n}\n.hr.av-kuyfjd53-6ec413cecd56e2d5811a607ec81bbd6a .hr-inner{\nwidth:50px;\n}\n<\/style>\n<div  class='hr av-kuyfjd53-6ec413cecd56e2d5811a607ec81bbd6a hr-custom  avia-builder-el-3  el_after_av_textblock  el_before_av_textblock  hr-center hr-icon-no'><span class='hr-inner inner-border-av-border-thin'><span class=\"hr-inner-style\"><\/span><\/span><\/div>\n<section  class='av_textblock_section av-2iojx4-4ea608dd2b702aaa196ddd9a7f30e282 '   itemscope=\"itemscope\" itemtype=\"https:\/\/schema.org\/CreativeWork\" ><div class='avia_textblock'  itemprop=\"text\" ><h4 style=\"color: #0f9de8;\">Patrice Tourangeau<\/h4>\n<h5>Conseiller p\u00e9dagogique<\/h5>\n<p><em>Campus R\u00c9CIT<\/em><\/p>\n<h6><span style=\"color: #ffffff;\">*<\/span><\/h6>\n<h4 style=\"color: #0f9de8;\">Marie-France Surprenant<\/h4>\n<h5>Conseill\u00e8re p\u00e9dagogique<\/h5>\n<p><em>R\u00c9CIT FGA Mont\u00e9r\u00e9gie<\/em><\/p>\n<hr \/>\n<\/div><\/section>\n<section  class='av_textblock_section av-2iojx4-4ea608dd2b702aaa196ddd9a7f30e282 '   itemscope=\"itemscope\" itemtype=\"https:\/\/schema.org\/CreativeWork\" ><div class='avia_textblock'  itemprop=\"text\" ><p>Vous vous \u00eates lanc\u00e9s dans la cr\u00e9ation de capsules vid\u00e9os p\u00e9dagogiques et vous aimeriez les am\u00e9liorer? Dans cette formation &#8220;mains sur les touches&#8221;, nous verrons les pratiques gagnantes pour cr\u00e9er des capsules vid\u00e9os r\u00e9ussies, tant au niveau de la conception que du montage.<\/p>\n<p>*Pr\u00e9requis \u200b:<\/p>\n<ul>\n<li>Avoir d\u00e9j\u00e0 r\u00e9alis\u00e9 une capsule vid\u00e9o p\u00e9dagogique ou visionner l&#8217;atelier de l&#8217;an dernier <u style=\"color: #0080ff;\"><a href=\"https:\/\/youtu.be\/BSmasibbrSU\">Premiers pas\u00a0avec les capsules vid\u00e9os<\/a>;<\/u><\/li>\n<li>Avoir un ordinateur avec Windows 10;<\/li>\n<li>Avoir l&#8217;<a href=\"https:\/\/youtu.be\/e0MXcWMwATo\"><u style=\"color: #0080ff;\">application Photo ou \u00c9diteur de vid\u00e9o<\/u><\/a> install\u00e9e sur votre ordinateur;<\/li>\n<li>Avoir un 2e \u00e9cran (optionnel).<\/li>\n<\/ul>\n<\/div><\/section>\n\n<style type=\"text\/css\" data-created_by=\"avia_inline_auto\" id=\"style-css-av-148m0yu-87edc6675c790e06315e393a5e6beb5d\">\n.flex_column.av-148m0yu-87edc6675c790e06315e393a5e6beb5d{\nborder-radius:0px 0px 0px 0px;\npadding:0px 0px 0px 0px;\n}\n<\/style>\n<div  class='flex_column av-148m0yu-87edc6675c790e06315e393a5e6beb5d av_one_half  avia-builder-el-6  el_after_av_textblock  el_before_av_one_half  first flex_column_div av-zero-column-padding  column-top-margin'     ><\/div>\n\n<style type=\"text\/css\" data-created_by=\"avia_inline_auto\" id=\"style-css-av-ub387a-a315a3309e4c6e5dcc7e77f0f8a4548a\">\n.flex_column.av-ub387a-a315a3309e4c6e5dcc7e77f0f8a4548a{\nborder-radius:0px 0px 0px 0px;\npadding:0px 0px 0px 0px;\n}\n<\/style>\n<div  class='flex_column av-ub387a-a315a3309e4c6e5dcc7e77f0f8a4548a av_one_half  avia-builder-el-8  el_after_av_one_half  el_before_av_hr  flex_column_div av-zero-column-padding  column-top-margin'     ><p>\n<style type=\"text\/css\" data-created_by=\"avia_inline_auto\" id=\"style-css-av-kxf8cc3c-736c35f3489ff6fe88f0b0858b2a60a9\">\n.avia-image-container.av-kxf8cc3c-736c35f3489ff6fe88f0b0858b2a60a9 img.avia_image{\nbox-shadow:none;\n}\n.avia-image-container.av-kxf8cc3c-736c35f3489ff6fe88f0b0858b2a60a9 .av-image-caption-overlay-center{\ncolor:#ffffff;\n}\n<\/style>\n<div  class='avia-image-container av-kxf8cc3c-736c35f3489ff6fe88f0b0858b2a60a9 av-styling- avia-align-center  avia-builder-el-9  el_before_av_button  avia-builder-el-first '   itemprop=\"image\" itemscope=\"itemscope\" itemtype=\"https:\/\/schema.org\/ImageObject\" ><div class=\"avia-image-container-inner\"><div class=\"avia-image-overlay-wrap\"><a href=\"https:\/\/csmv-my.sharepoint.com\/:p:\/g\/personal\/patrice_tourangeau_csmv_qc_ca1\/Efdrk1bqBfJLhr55Wn3-38QB-CSovuYzZ9TDSONVDRYm5A?rtime=KXb5BAXE2Ug\" class='avia_image'  aria-label='C03'><img fetchpriority=\"high\" fetchpriority=\"high\" decoding=\"async\" fetchpriority=\"high\" class='wp-image-13054 avia-img-lazy-loading-not-13054 avia_image ' src=\"https:\/\/www.carrefourfga.ca\/ticfga\/16\/wp-content\/uploads\/sites\/55\/2021\/12\/C03.jpg\" alt='' title='C03'  height=\"1076\" width=\"1918\"  itemprop=\"thumbnailUrl\"  \/><\/a><\/div><\/div><\/div><br \/>\n<div  class='avia-button-wrap av-kxf8f7lq-01cd64d895a9e107e478dc5e5c4ca3cb-wrap avia-button-center  avia-builder-el-10  el_after_av_image  el_before_av_button '><a href='https:\/\/fgamonteregie-my.sharepoint.com\/:f:\/g\/personal\/marie-france_surprenant_recitfga_ca\/EpFfW-hW6_FPiAPd65V_WvsBV8WsoeKwKjYMPCDWddlWRg?e=im7YhF'  class='avia-button av-kxf8f7lq-01cd64d895a9e107e478dc5e5c4ca3cb avia-icon_select-yes-left-icon avia-size-small avia-position-center avia-color-theme-color'  ><span class='avia_button_icon avia_button_icon_left' aria-hidden='true' data-av_icon='\ue822' data-av_iconfont='entypo-fontello'><\/span><span class='avia_iconbox_title' >D\u00e9fis<\/span><\/a><\/div><br \/>\n<div  class='avia-button-wrap av-kxf8f7lq-60c87160e9892a7706cb92fd193f4c1a-wrap avia-button-center  avia-builder-el-11  el_after_av_button  avia-builder-el-last '><a href='https:\/\/view.genial.ly\/6009c6167350550da5f51968'  class='avia-button av-kxf8f7lq-60c87160e9892a7706cb92fd193f4c1a avia-icon_select-yes-left-icon avia-size-small avia-position-center avia-color-theme-color'  ><span class='avia_button_icon avia_button_icon_left' aria-hidden='true' data-av_icon='\ue822' data-av_iconfont='entypo-fontello'><\/span><span class='avia_iconbox_title' >Premiers pas avec les capsules vid\u00e9o<\/span><\/a><\/div><\/p><\/div><div  class='hr av-rko9kh-060e468589f3275007bb5a7db7798c46 hr-default  avia-builder-el-12  el_after_av_one_half  el_before_av_button '><span class='hr-inner '><span class=\"hr-inner-style\"><\/span><\/span><\/div><\/p>\n<div  class='avia-button-wrap av-ksz9n4x7-dc7908295f422331f07b53fb5c272112-wrap avia-button-center  avia-builder-el-13  el_after_av_hr  avia-builder-el-last '><a href='https:\/\/www.carrefourfga.ca\/ticfga\/16\/developpement-professionnel\/post-jpmv-2021\/'  class='avia-button av-ksz9n4x7-dc7908295f422331f07b53fb5c272112 avia-icon_select-yes-left-icon avia-size-medium avia-position-center avia-color-theme-color'  ><span class='avia_button_icon avia_button_icon_left' aria-hidden='true' data-av_icon='\ue84e' data-av_iconfont='entypo-fontello'><\/span><span class='avia_iconbox_title' >Revenir au programme<\/span><\/a><\/div>\n","protected":false},"excerpt":{"rendered":"","protected":false},"author":199,"featured_media":0,"parent":11227,"menu_order":3,"comment_status":"closed","ping_status":"closed","template":"","meta":{"footnotes":""},"class_list":["post-11654","page","type-page","status-publish","hentry"],"rttpg_featured_image_url":null,"rttpg_author":{"display_name":"mariefrancesurprenant","author_link":"https:\/\/www.carrefourfga.ca\/ticfga\/16\/author\/mariefrancesurprenant\/"},"rttpg_comment":0,"rttpg_category":null,"rttpg_excerpt":null,"_links":{"self":[{"href":"https:\/\/www.carrefourfga.ca\/ticfga\/16\/wp-json\/wp\/v2\/pages\/11654"}],"collection":[{"href":"https:\/\/www.carrefourfga.ca\/ticfga\/16\/wp-json\/wp\/v2\/pages"}],"about":[{"href":"https:\/\/www.carrefourfga.ca\/ticfga\/16\/wp-json\/wp\/v2\/types\/page"}],"author":[{"embeddable":true,"href":"https:\/\/www.carrefourfga.ca\/ticfga\/16\/wp-json\/wp\/v2\/users\/199"}],"replies":[{"embeddable":true,"href":"https:\/\/www.carrefourfga.ca\/ticfga\/16\/wp-json\/wp\/v2\/comments?post=11654"}],"version-history":[{"count":25,"href":"https:\/\/www.carrefourfga.ca\/ticfga\/16\/wp-json\/wp\/v2\/pages\/11654\/revisions"}],"predecessor-version":[{"id":18854,"href":"https:\/\/www.carrefourfga.ca\/ticfga\/16\/wp-json\/wp\/v2\/pages\/11654\/revisions\/18854"}],"up":[{"embeddable":true,"href":"https:\/\/www.carrefourfga.ca\/ticfga\/16\/wp-json\/wp\/v2\/pages\/11227"}],"wp:attachment":[{"href":"https:\/\/www.carrefourfga.ca\/ticfga\/16\/wp-json\/wp\/v2\/media?parent=11654"}],"curies":[{"name":"wp","href":"https:\/\/api.w.org\/{rel}","templated":true}]}}