{"id":7349,"date":"2020-02-11T15:12:54","date_gmt":"2020-02-11T20:12:54","guid":{"rendered":"http:\/\/www.carrefourfga.ca\/fr\/?page_id=7349"},"modified":"2020-02-13T13:48:39","modified_gmt":"2020-02-13T18:48:39","slug":"calendrier-2019-2020","status":"publish","type":"page","link":"https:\/\/www.carrefourfga.ca\/fr\/calendrier-2019-2020\/","title":{"rendered":"Calendrier 2019-2020"},"content":{"rendered":"<div class=\"wpb-content-wrapper\"><p>[vc_row bk_type=\u00a0\u00bbverve_full_row\u00a0\u00bb el_class=\u00a0\u00bbpetit_texte\u00a0\u00bb custom_css=\u00a0\u00bbmargin:30px; padding-right:50px;\u00a0\u00bb css=\u00a0\u00bb.vc_custom_1556544163835{margin-top: 15px !important;}\u00a0\u00bb][vc_column width=\u00a0\u00bb1\/6&Prime;][vc_tta_accordion active_section=\u00a0\u00bb1&Prime; collapsible_all=\u00a0\u00bbtrue\u00a0\u00bb][vc_tta_section title=\u00a0\u00bbOctobre\u00a0\u00bb tab_id=\u00a0\u00bb1538505026747-92be128c-3d2c\u00a0\u00bb][vc_column_text]<a href=\"https:\/\/counselingact.ca\/act-formation-de-base\/\" target=\"_blank\" rel=\"noopener noreferrer\"><strong>10-11 et 17-18 octobre<br \/>\n<\/strong>Formation sur l\u2019ACT et counseling de carri\u00e8re<\/a><\/p>\n<p><a href=\"http:\/\/colloques.uqac.ca\/prscpp\/palais-des-congres\/\" target=\"_blank\" rel=\"noopener noreferrer\"><strong>16 au 18 octobre<br \/>\n<\/strong>Pers\u00e9v\u00e9rance et la r\u00e9ussite scolaires chez les Premiers Peuples<\/a><\/p>\n<p><a href=\"https:\/\/westernquebec.ca\/procede\/\" target=\"_blank\" rel=\"noopener noreferrer\"><strong>23 au 25 octobre<br \/>\n<\/strong>PROCEDE Conference<\/a><\/p>\n<p><a href=\"https:\/\/www.aqifga.com\/spip\/\" target=\"_blank\" rel=\"noopener noreferrer\"><strong>25 octobre<br \/>\n<\/strong>S\u00e9minaire automnal AQIFGA<\/a>[\/vc_column_text][\/vc_tta_section][\/vc_tta_accordion][vc_tta_accordion active_section=\u00a0\u00bb1&Prime; collapsible_all=\u00a0\u00bbtrue\u00a0\u00bb][vc_tta_section title=\u00a0\u00bbNovembre\u00a0\u00bb tab_id=\u00a0\u00bb1539109672422-0a94875b-633f\u00a0\u00bb][\/vc_tta_section][\/vc_tta_accordion][vc_single_image image=\u00a0\u00bb3226&Prime; img_size=\u00a0\u00bbfull\u00a0\u00bb][\/vc_column][vc_column width=\u00a0\u00bb1\/6&Prime;][vc_tta_accordion active_section=\u00a0\u00bb1&Prime; collapsible_all=\u00a0\u00bbtrue\u00a0\u00bb][vc_tta_section title=\u00a0\u00bbD\u00e9cembre\u00a0\u00bb tab_id=\u00a0\u00bb1538502804653-411e9328-78ab\u00a0\u00bb][\/vc_tta_section][\/vc_tta_accordion][vc_tta_accordion active_section=\u00a0\u00bb1&Prime; collapsible_all=\u00a0\u00bbtrue\u00a0\u00bb][vc_tta_section title=\u00a0\u00bbJanvier\u00a0\u00bb tab_id=\u00a0\u00bb1539109674205-6d6beb9d-42bc\u00a0\u00bb][\/vc_tta_section][\/vc_tta_accordion][\/vc_column][vc_column width=\u00a0\u00bb1\/6&Prime;][vc_tta_accordion active_section=\u00a0\u00bb1&Prime; collapsible_all=\u00a0\u00bbtrue\u00a0\u00bb][vc_tta_section title=\u00a0\u00bbF\u00e9vrier\u00a0\u00bb tab_id=\u00a0\u00bb1538506032747-9f52a695-6beb\u00a0\u00bb][vc_column_text][\/vc_column_text][\/vc_tta_section][\/vc_tta_accordion][vc_tta_accordion active_section=\u00a0\u00bb1&Prime; collapsible_all=\u00a0\u00bbtrue\u00a0\u00bb][vc_tta_section title=\u00a0\u00bbMars\u00a0\u00bb tab_id=\u00a0\u00bb1539109676551-4fa0477d-3a1f\u00a0\u00bb][vc_column_text]<a href=\"https:\/\/icea.qc.ca\/fr\/actualites\/journ%C3%A9e-d%E2%80%99%C3%A9tude-sur-l%E2%80%99alpha-francisation-au-qu%C3%A9bec\" target=\"_blank\" rel=\"noopener noreferrer\"><strong>11 avril 2020<\/strong><br \/>\nJourn\u00e9e d\u2019\u00e9tude sur l\u2019alpha-francisation au Qu\u00e9bec<\/a>[\/vc_column_text][\/vc_tta_section][\/vc_tta_accordion][\/vc_column][vc_column width=\u00a0\u00bb1\/6&Prime;][vc_tta_accordion active_section=\u00a0\u00bb1&Prime; collapsible_all=\u00a0\u00bbtrue\u00a0\u00bb][vc_tta_section title=\u00a0\u00bbAvril\u00a0\u00bb tab_id=\u00a0\u00bb1538506220516-8744b941-77bc\u00a0\u00bb][vc_column_text]<strong>15 avril 2020<\/strong><br \/>\n\u00c9cole de printemps (milieu carc\u00e9ral)<\/p>\n<p><a href=\"https:\/\/www.aqifga.com\/spip\/\" target=\"_blank\" rel=\"noopener noreferrer\"><strong>16 et 17 avril 2020<\/strong><br \/>\nCongr\u00e8s de l\u2019AQIFGA<\/a>[\/vc_column_text][\/vc_tta_section][\/vc_tta_accordion][vc_tta_accordion active_section=\u00a0\u00bb1&Prime; collapsible_all=\u00a0\u00bbtrue\u00a0\u00bb][vc_tta_section title=\u00a0\u00bbMai\u00a0\u00bb tab_id=\u00a0\u00bb1538506258367-0855ea3b-42f4&Prime;][vc_column_text]<a href=\"https:\/\/www.treaq.ca\/colloque\/colloque-2020\/\" target=\"_blank\" rel=\"noopener noreferrer\"><strong>28 et 29 mai<\/strong><br \/>\nColloque conjoint de la TR\u00c9AQ et de la CPFGPE de l\u2019AQCS<\/a>[\/vc_column_text][\/vc_tta_section][\/vc_tta_accordion][\/vc_column][vc_column width=\u00a0\u00bb1\/6&Prime;][vc_tta_accordion active_section=\u00a0\u00bb1&Prime; collapsible_all=\u00a0\u00bbtrue\u00a0\u00bb][vc_tta_section title=\u00a0\u00bbJuin\u00a0\u00bb tab_id=\u00a0\u00bb1538506312493-5a64195c-4ee4&Prime;][\/vc_tta_section][\/vc_tta_accordion][vc_tta_accordion active_section=\u00a0\u00bb1&Prime; collapsible_all=\u00a0\u00bbtrue\u00a0\u00bb][vc_tta_section title=\u00a0\u00bbJuillet\u00a0\u00bb tab_id=\u00a0\u00bb1539110169060-65d450fd-43f2&Prime;][vc_column_text][\/vc_column_text][\/vc_tta_section][\/vc_tta_accordion][\/vc_column][vc_column width=\u00a0\u00bb1\/6&Prime;][vc_single_image image=\u00a0\u00bb2330&Prime; img_size=\u00a0\u00bbfull\u00a0\u00bb][\/vc_column][\/vc_row][vc_row][vc_column][vc_column_text]<\/p>\n<p>[\/vc_column_text][\/vc_column][\/vc_row][vc_row][vc_column][vc_column_text]<br \/>\n[\/vc_column_text][\/vc_column][\/vc_row][vc_row][vc_column][vc_column_text][\/vc_column_text][\/vc_column][\/vc_row][vc_row][vc_column width=\u00a0\u00bb1\/3&Prime;][\/vc_column][vc_column width=\u00a0\u00bb1\/3&Prime;][\/vc_column][vc_column width=\u00a0\u00bb1\/3&Prime;][\/vc_column][\/vc_row][vc_row][vc_column][vc_column_text]<\/p>\n<p>[\/vc_column_text][\/vc_column][\/vc_row]<\/p>\n<\/div>","protected":false},"excerpt":{"rendered":"<p>[vc_row bk_type=\u00a0\u00bbverve_full_row\u00a0\u00bb el_class=\u00a0\u00bbpetit_texte\u00a0\u00bb custom_css=\u00a0\u00bbmargin:30px; padding-right:50px;\u00a0\u00bb css=\u00a0\u00bb.vc_custom_1556544163835{margin-top: 15px !important;}\u00a0\u00bb][vc_column width=\u00a0\u00bb1\/6&Prime;][vc_tta_accordion active_section=\u00a0\u00bb1&Prime; collapsible_all=\u00a0\u00bbtrue\u00a0\u00bb][vc_tta_section title=\u00a0\u00bbOctobre\u00a0\u00bb tab_id=\u00a0\u00bb1538505026747-92be128c-3d2c\u00a0\u00bb][vc_column_text]10-11 et 17-18 octobre [&hellip;]<\/p>\n","protected":false},"author":1,"featured_media":0,"parent":0,"menu_order":0,"comment_status":"closed","ping_status":"closed","template":"full-width.php","meta":{"footnotes":"","_links_to":"","_links_to_target":""},"_links":{"self":[{"href":"https:\/\/www.carrefourfga.ca\/fr\/wp-json\/wp\/v2\/pages\/7349"}],"collection":[{"href":"https:\/\/www.carrefourfga.ca\/fr\/wp-json\/wp\/v2\/pages"}],"about":[{"href":"https:\/\/www.carrefourfga.ca\/fr\/wp-json\/wp\/v2\/types\/page"}],"author":[{"embeddable":true,"href":"https:\/\/www.carrefourfga.ca\/fr\/wp-json\/wp\/v2\/users\/1"}],"replies":[{"embeddable":true,"href":"https:\/\/www.carrefourfga.ca\/fr\/wp-json\/wp\/v2\/comments?post=7349"}],"version-history":[{"count":5,"href":"https:\/\/www.carrefourfga.ca\/fr\/wp-json\/wp\/v2\/pages\/7349\/revisions"}],"predecessor-version":[{"id":7385,"href":"https:\/\/www.carrefourfga.ca\/fr\/wp-json\/wp\/v2\/pages\/7349\/revisions\/7385"}],"wp:attachment":[{"href":"https:\/\/www.carrefourfga.ca\/fr\/wp-json\/wp\/v2\/media?parent=7349"}],"curies":[{"name":"wp","href":"https:\/\/api.w.org\/{rel}","templated":true}]}}

<div class="wpb-content-wrapper"><p>[vc_row bk_type= »verve_full_row » el_class= »petit_texte » custom_css= »margin:30px; padding-right:50px; » css= ».vc_custom_1556544163835{margin-top: 15px !important;} »][vc_column width= »1/6&Prime;][vc_tta_accordion active_section= »1&Prime; collapsible_all= »true »][vc_tta_section title= »Octobre » tab_id= »1538505026747-92be128c-3d2c »][vc_column_text]<a href="https://counselingact.ca/act-formation-de-base/" target="_blank" rel="noopener noreferrer"><strong>10-11 et 17-18 octobre<br />
</strong>Formation sur l’ACT et counseling de carrière</a></p>
<p><a href="http://colloques.uqac.ca/prscpp/palais-des-congres/" target="_blank" rel="noopener noreferrer"><strong>16 au 18 octobre<br />
</strong>Persévérance et la réussite scolaires chez les Premiers Peuples</a></p>
<p><a href="https://westernquebec.ca/procede/" target="_blank" rel="noopener noreferrer"><strong>23 au 25 octobre<br />
</strong>PROCEDE Conference</a></p>
<p><a href="https://www.aqifga.com/spip/" target="_blank" rel="noopener noreferrer"><strong>25 octobre<br />
</strong>Séminaire automnal AQIFGA</a>[/vc_column_text][/vc_tta_section][/vc_tta_accordion][vc_tta_accordion active_section= »1&Prime; collapsible_all= »true »][vc_tta_section title= »Novembre » tab_id= »1539109672422-0a94875b-633f »][/vc_tta_section][/vc_tta_accordion][vc_single_image image= »3226&Prime; img_size= »full »][/vc_column][vc_column width= »1/6&Prime;][vc_tta_accordion active_section= »1&Prime; collapsible_all= »true »][vc_tta_section title= »Décembre » tab_id= »1538502804653-411e9328-78ab »][/vc_tta_section][/vc_tta_accordion][vc_tta_accordion active_section= »1&Prime; collapsible_all= »true »][vc_tta_section title= »Janvier » tab_id= »1539109674205-6d6beb9d-42bc »][/vc_tta_section][/vc_tta_accordion][/vc_column][vc_column width= »1/6&Prime;][vc_tta_accordion active_section= »1&Prime; collapsible_all= »true »][vc_tta_section title= »Février » tab_id= »1538506032747-9f52a695-6beb »][vc_column_text][/vc_column_text][/vc_tta_section][/vc_tta_accordion][vc_tta_accordion active_section= »1&Prime; collapsible_all= »true »][vc_tta_section title= »Mars » tab_id= »1539109676551-4fa0477d-3a1f »][vc_column_text]<a href="https://icea.qc.ca/fr/actualites/journ%C3%A9e-d%E2%80%99%C3%A9tude-sur-l%E2%80%99alpha-francisation-au-qu%C3%A9bec" target="_blank" rel="noopener noreferrer"><strong>11 avril 2020</strong><br />
Journée d’étude sur l’alpha-francisation au Québec</a>[/vc_column_text][/vc_tta_section][/vc_tta_accordion][/vc_column][vc_column width= »1/6&Prime;][vc_tta_accordion active_section= »1&Prime; collapsible_all= »true »][vc_tta_section title= »Avril » tab_id= »1538506220516-8744b941-77bc »][vc_column_text]<strong>15 avril 2020</strong><br />
École de printemps (milieu carcéral)</p>
<p><a href="https://www.aqifga.com/spip/" target="_blank" rel="noopener noreferrer"><strong>16 et 17 avril 2020</strong><br />
Congrès de l’AQIFGA</a>[/vc_column_text][/vc_tta_section][/vc_tta_accordion][vc_tta_accordion active_section= »1&Prime; collapsible_all= »true »][vc_tta_section title= »Mai » tab_id= »1538506258367-0855ea3b-42f4&Prime;][vc_column_text]<a href="https://www.treaq.ca/colloque/colloque-2020/" target="_blank" rel="noopener noreferrer"><strong>28 et 29 mai</strong><br />
Colloque conjoint de la TRÉAQ et de la CPFGPE de l’AQCS</a>[/vc_column_text][/vc_tta_section][/vc_tta_accordion][/vc_column][vc_column width= »1/6&Prime;][vc_tta_accordion active_section= »1&Prime; collapsible_all= »true »][vc_tta_section title= »Juin » tab_id= »1538506312493-5a64195c-4ee4&Prime;][/vc_tta_section][/vc_tta_accordion][vc_tta_accordion active_section= »1&Prime; collapsible_all= »true »][vc_tta_section title= »Juillet » tab_id= »1539110169060-65d450fd-43f2&Prime;][vc_column_text][/vc_column_text][/vc_tta_section][/vc_tta_accordion][/vc_column][vc_column width= »1/6&Prime;][vc_single_image image= »2330&Prime; img_size= »full »][/vc_column][/vc_row][vc_row][vc_column][vc_column_text]</p>
<p>[/vc_column_text][/vc_column][/vc_row][vc_row][vc_column][vc_column_text]<br />
[/vc_column_text][/vc_column][/vc_row][vc_row][vc_column][vc_column_text][/vc_column_text][/vc_column][/vc_row][vc_row][vc_column width= »1/3&Prime;][/vc_column][vc_column width= »1/3&Prime;][/vc_column][vc_column width= »1/3&Prime;][/vc_column][/vc_row][vc_row][vc_column][vc_column_text]</p>
<p>[/vc_column_text][/vc_column][/vc_row]</p>
</div>
