{"id":8116,"date":"2021-08-16T14:05:10","date_gmt":"2021-08-16T19:05:10","guid":{"rendered":"http:\/\/www.carrefourfga.ca\/english\/?page_id=8116"},"modified":"2021-11-17T10:59:57","modified_gmt":"2021-11-17T15:59:57","slug":"events-2021-2022","status":"publish","type":"page","link":"http:\/\/www.carrefourfga.ca\/english\/events-2021-2022\/","title":{"rendered":"Events 2021-2022"},"content":{"rendered":"<section class=\"wpb-content-wrapper\"><p>[vc_row bk_type=&#8221;verve_full_row&#8221; el_class=&#8221;petit_texte&#8221; custom_css=&#8221;margin:30px; padding-right:50px;&#8221; css=&#8221;.vc_custom_1556544163835{margin-top: 15px !important;}&#8221;][vc_column width=&#8221;1\/6&#8243;][vc_tta_accordion active_section=&#8221;1&#8243; collapsible_all=&#8221;true&#8221;][vc_tta_section title=&#8221;September&#8221; tab_id=&#8221;1629227469476-07c35509-9169&#8243;][vc_column_text]Sept. 9-10<br \/>\n<strong>ACCPQ<\/strong><br \/>\n<strong>Journ\u00e9es de formation sur l\u2019int\u00e9gration du num\u00e9rique en conseillance p\u00e9dagogique<\/strong><br \/>\n<strong><a href=\"https:\/\/forms.office.com\/pages\/responsepage.aspx?id=RIdaOjVZ-UWUI7MsOl3ggjqy7CgWro5HiUdBPnqsTBpUMTUzQkRXSk1TNU0zRUNNNUZTWlZCWEpPNC4u\">(formulaire d&#8217;inscription)<\/a><\/strong><\/p>\n<p>Sept. 14.<br \/>\n<strong>Newsletter &#8211; RECIT AGE<\/strong><\/p>\n<p>Sept. 16..<br \/>\n<strong>Newsletter &#8211; R\u00c9CIT<\/strong><\/p>\n<p>Sept 21st.<br \/>\n<strong>Newsletter- Equipe-choc pedagogical<\/strong><\/p>\n<p>Sept 23.<br \/>\n<strong>Newsletter &#8211; Carrefour FGA<\/strong><\/p>\n<p>Sept 29.<br \/>\n<strong>Newsletter &#8211; Services \u00e9ducatifs compl\u00e9mentaires<\/strong>[\/vc_column_text][\/vc_tta_section][\/vc_tta_accordion][vc_tta_accordion active_section=&#8221;1&#8243; collapsible_all=&#8221;true&#8221;][vc_tta_section title=&#8221;October&#8221; tab_id=&#8221;1629222976358-c92c082b-a9c1&#8243;][vc_column_text]Oct. 12<br \/>\n<strong>Newsletter &#8211; RECIT AGE<\/strong><\/p>\n<p>Oct. 14<br \/>\n<strong>Newsletter &#8211; R\u00c9CIT<\/strong><\/p>\n<p>Oct. 18<br \/>\n<span style=\"color: #000000;\">R\u00c9CIT\/S\u00c9C\/EC p\u00e9dagogique <\/span><br \/>\n<span style=\"color: #000000;\"><b>Webinaire &#8211; L&#8217;\u00e9l\u00e8ve au c\u0153ur de son \u00e9cole <a href=\"https:\/\/us02web.zoom.us\/j\/3025074697\">(cliquez ici pour participer)<\/a><\/b><\/span><\/p>\n<p>Oct. 19<br \/>\n<strong>Newsletter &#8211; Equipe-choc pedagogical<\/strong><\/p>\n<p>Oct. 21<br \/>\n<strong>Newsletter &#8211; Carrefour FGA<\/strong>[\/vc_column_text][\/vc_tta_section][\/vc_tta_accordion][vc_single_image image=&#8221;3226&#8243; img_size=&#8221;full&#8221;][\/vc_column][vc_column width=&#8221;1\/6&#8243;][vc_tta_accordion active_section=&#8221;1&#8243; collapsible_all=&#8221;true&#8221;][vc_tta_section title=&#8221;November&#8221; tab_id=&#8221;1539109672422-0a94875b-633f&#8221;][vc_column_text]Nov. 5<br \/>\n<a href=\"http:\/\/www.education.gouv.qc.ca\/dossiers-thematiques\/plan-daction-numerique\/formations\/journee-du-numerique-en-education\/\"><strong>Journ\u00e9e du num\u00e9rique en \u00e9ducation<\/strong><\/a><\/p>\n<p>Nov. 9<br \/>\n<strong>Newsletter &#8211; RECIT AGE<\/strong><\/p>\n<p>Nov. 11<br \/>\n<strong>Newsletter &#8211; R\u00c9CIT<\/strong><\/p>\n<p>Nov. 16<br \/>\n<strong>Newsletter &#8211; Equipe-choc pedagogical<\/strong><\/p>\n<p>Nov. 18<br \/>\n<strong>Journ\u00e9e p\u00e9dagogique mont\u00e9r\u00e9gienne<\/strong><br \/>\n<strong>Newsletter &#8211; Carrefour FGA<\/strong><\/p>\n<p>Nov. 19<br \/>\n<strong>Journ\u00e9e p\u00e9dagogique LLL<\/strong>[\/vc_column_text][\/vc_tta_section][\/vc_tta_accordion][vc_tta_accordion active_section=&#8221;1&#8243; collapsible_all=&#8221;true&#8221;][vc_tta_section title=&#8221;December&#8221; tab_id=&#8221;1538502804653-411e9328-78ab&#8221;][vc_column_text]Dec. 1st<br \/>\n<strong>Newsletter &#8211; Services \u00e9ducatifs compl\u00e9mentaires<\/strong><\/p>\n<p>Dec. 2nd<br \/>\n<strong>Social Sciences Webinar<br \/>\nHistory of Quebec and Canada from 13:00 to 15:30<br \/>\n<span style=\"font-weight: 400;\">**Registration before November 29, 2021<\/span><\/strong><br \/>\n<span style=\"font-weight: 400;\">Details and registration <a href=\"http:\/\/eepurl.com\/hLVp7P\">form\u00a0<\/a><\/span><\/p>\n<p>Dec. 7<br \/>\n<strong>Newsletter- RECIT AGE<\/strong><\/p>\n<p>Dec. 12<br \/>\n<strong>Newsletter &#8211; R\u00c9CIT<\/strong><\/p>\n<p>Dec. 14<br \/>\n<strong>Newsletter &#8211; Equipe-choc pedagogical<\/strong><\/p>\n<p>Dec. 16<br \/>\n<strong>Newsletter &#8211; Carrefour FGA<\/strong>[\/vc_column_text][\/vc_tta_section][\/vc_tta_accordion][\/vc_column][vc_column width=&#8221;1\/6&#8243;][vc_tta_accordion active_section=&#8221;1&#8243; collapsible_all=&#8221;true&#8221;][vc_tta_section title=&#8221;January&#8221; tab_id=&#8221;1539109674205-6d6beb9d-42bc&#8221;][vc_column_text]Jan. 15<br \/>\n<strong>Social Sciences Webinar<\/strong><br \/>\n<strong>Financial Education\u00a0 from 13:00 to 15:30<\/strong><br \/>\n<span style=\"font-weight: 400;\">**Registration before November 29, 2021<\/span><br \/>\n<span style=\"font-weight: 400;\">Details and registration <a href=\"http:\/\/eepurl.com\/hLVp7P\">form\u00a0<\/a><\/span><\/p>\n<p>Jan. 18<br \/>\n<strong>Newsletter &#8211; RECIT AGE<\/strong><\/p>\n<p>Jan. 20<br \/>\n<strong>Newsletter &#8211; R\u00c9CIT<\/strong><\/p>\n<p>Jan. 25<br \/>\n<strong>Newsletter &#8211; Equipe-choc pedagogical<\/strong><\/p>\n<p>Jan. 27<br \/>\n<strong>Newsletter &#8211; Carrefour FGA<\/strong>[\/vc_column_text][\/vc_tta_section][\/vc_tta_accordion][vc_tta_accordion active_section=&#8221;1&#8243; collapsible_all=&#8221;true&#8221;][vc_tta_section title=&#8221;February&#8221; tab_id=&#8221;1538506032747-9f52a695-6beb&#8221;][vc_column_text]<\/p>\n<div>\n<p>Feb. 15<br \/>\n<strong>Newsletter &#8211; RECIT AGE<\/strong><\/p>\n<p>Feb. 17<br \/>\n<strong>Newsletter &#8211; R\u00c9CIT<\/strong><\/p>\n<p>Feb. 22<br \/>\n<strong>Newsletter &#8211; Equipe-choc pedagogical<\/strong><\/p>\n<p>Feb. 24<br \/>\n<strong>Newsletter &#8211; Carrefour FGA<\/strong><\/p>\n<p>Feb. 22-25<br \/>\n<strong><a href=\"https:\/\/www.fadio.net\/evenements\/semaine-de-la-formation-a-distance\/\">Semaine de la FAD &#8211; FADIO<\/a><\/strong><\/p>\n<\/div>\n<p>[\/vc_column_text][\/vc_tta_section][\/vc_tta_accordion][\/vc_column][vc_column width=&#8221;1\/6&#8243;][vc_tta_accordion active_section=&#8221;1&#8243; collapsible_all=&#8221;true&#8221;][vc_tta_section title=&#8221;March&#8221; tab_id=&#8221;1539109676551-4fa0477d-3a1f&#8221;][vc_column_text]March 9<br \/>\n<strong>Newsletter &#8211; Services \u00e9ducatifs compl\u00e9mentaires<\/strong><\/p>\n<p>March 10<br \/>\n<strong>Webinaire &#8211; L&#8217;\u00e9l\u00e8ve au coeur de sa communaut\u00e9<\/strong><\/p>\n<p>March 15<br \/>\n<strong>Newsletter &#8211; RECIT AGE<\/strong><\/p>\n<p>March 17<br \/>\n<strong>Newsletter &#8211; R\u00c9CIT<\/strong><\/p>\n<p>March 22<br \/>\n<strong>Newsletter &#8211; Equipe-choc pedagogical<\/strong><\/p>\n<p>March 24<br \/>\n<strong>Newsletter- Carrefour FGA<\/strong><\/p>\n<p>March 22-25<br \/>\n<strong><a href=\"https:\/\/www.institutta.com\/\">Congr\u00e8s de l&#8217;Institut TA<\/a><\/strong>[\/vc_column_text][\/vc_tta_section][\/vc_tta_accordion][vc_tta_accordion active_section=&#8221;1&#8243; collapsible_all=&#8221;true&#8221;][vc_tta_section title=&#8221;April&#8221; tab_id=&#8221;1538506220516-8744b941-77bc&#8221;][vc_column_text]April 12<br \/>\n<strong>Newsletter &#8211; RECIT AGE<\/strong><\/p>\n<p>April 12-13<br \/>\n<strong><a href=\"https:\/\/www.aquops.qc.ca\/\">Colloque de l&#8217;AQUOPS<\/a><\/strong><\/p>\n<p>April 14<br \/>\n<strong>Newsletter &#8211; R\u00c9CIT<\/strong><\/p>\n<p>April 19<br \/>\n<strong>Newsletter &#8211; Equipe-choc pedagogical<\/strong><\/p>\n<p>April 21<br \/>\n<strong>Newsletter &#8211; Carrefour FGA<\/strong><\/p>\n<p>April 27-29<br \/>\n<strong><a href=\"https:\/\/www.aqifga.com\/fr\/\">Congr\u00e8s de l&#8217;AQIFGA<\/a><\/strong>[\/vc_column_text][\/vc_tta_section][\/vc_tta_accordion][\/vc_column][vc_column width=&#8221;1\/6&#8243;][vc_tta_accordion active_section=&#8221;1&#8243; collapsible_all=&#8221;true&#8221;][vc_tta_section title=&#8221;May&#8221; tab_id=&#8221;1538506258367-0855ea3b-42f4&#8243;][vc_column_text]May 10<br \/>\n<strong>Newsletter &#8211; RECIT AGE<\/strong><\/p>\n<p>May 12<br \/>\n<strong>Newsletter &#8211; R\u00c9CIT<\/strong><\/p>\n<p>May 17<br \/>\n<strong>Newsletter &#8211; Equipe-choc pedagogical<\/strong><\/p>\n<p>May 19<br \/>\n<strong>Newsletter &#8211; Carrefour FGA<\/strong>[\/vc_column_text][\/vc_tta_section][\/vc_tta_accordion][vc_tta_accordion active_section=&#8221;1&#8243; collapsible_all=&#8221;true&#8221;][vc_tta_section title=&#8221;June&#8221; tab_id=&#8221;1538506312493-5a64195c-4ee4&#8243;][vc_column_text]June 1st<br \/>\n<strong>Newsletter &#8211; Services \u00e9ducatifs compl\u00e9mentaires<\/strong><\/p>\n<p>June 2-3<br \/>\n<a href=\"https:\/\/www.treaq.ca\/\"><strong>Colloque de la TREAQ &#8211; AQCS<\/strong><\/a><\/p>\n<p>June 14<br \/>\n<strong>Newsletter &#8211; RECIT AGE<\/strong><\/p>\n<p>June 16<br \/>\n<strong>Newsletter &#8211; R\u00c9CIT<\/strong><\/p>\n<p>June 21st<br \/>\n<strong>Newsletter &#8211; Equipe-choc pedagogical<\/strong><\/p>\n<p>June 23rd<br \/>\n<strong>Newsletter &#8211; Carrefour FGA<\/strong>[\/vc_column_text][\/vc_tta_section][\/vc_tta_accordion][\/vc_column][vc_column width=&#8221;1\/6&#8243;][vc_single_image image=&#8221;2330&#8243; img_size=&#8221;full&#8221;][\/vc_column][\/vc_row][vc_row][vc_column][vc_column_text]<\/p>\n<p>[\/vc_column_text][\/vc_column][\/vc_row][vc_row][vc_column][vc_column_text]<br \/>\n[\/vc_column_text][\/vc_column][\/vc_row][vc_row][vc_column][vc_column_text][\/vc_column_text][\/vc_column][\/vc_row][vc_row][vc_column width=&#8221;1\/3&#8243;][\/vc_column][vc_column width=&#8221;1\/3&#8243;][\/vc_column][vc_column width=&#8221;1\/3&#8243;][\/vc_column][\/vc_row][vc_row][vc_column][vc_column_text]<\/p>\n<p>[\/vc_column_text][\/vc_column][\/vc_row]<\/p>\n<\/section>","protected":false},"excerpt":{"rendered":"<p>[vc_row bk_type=&#8221;verve_full_row&#8221; el_class=&#8221;petit_texte&#8221; custom_css=&#8221;margin:30px; padding-right:50px;&#8221; css=&#8221;.vc_custom_1556544163835{margin-top: 15px !important;}&#8221;][vc_column width=&#8221;1\/6&#8243;][vc_tta_accordion active_section=&#8221;1&#8243; collapsible_all=&#8221;true&#8221;][vc_tta_section title=&#8221;September&#8221; tab_id=&#8221;1629227469476-07c35509-9169&#8243;][vc_column_text]Sept. 9-10 ACCPQ Journ\u00e9es [&hellip;]<\/p>\n","protected":false},"author":1,"featured_media":0,"parent":0,"menu_order":0,"comment_status":"closed","ping_status":"closed","template":"full-width.php","meta":{"footnotes":"","_links_to":"","_links_to_target":""},"_links":{"self":[{"href":"http:\/\/www.carrefourfga.ca\/english\/wp-json\/wp\/v2\/pages\/8116"}],"collection":[{"href":"http:\/\/www.carrefourfga.ca\/english\/wp-json\/wp\/v2\/pages"}],"about":[{"href":"http:\/\/www.carrefourfga.ca\/english\/wp-json\/wp\/v2\/types\/page"}],"author":[{"embeddable":true,"href":"http:\/\/www.carrefourfga.ca\/english\/wp-json\/wp\/v2\/users\/1"}],"replies":[{"embeddable":true,"href":"http:\/\/www.carrefourfga.ca\/english\/wp-json\/wp\/v2\/comments?post=8116"}],"version-history":[{"count":26,"href":"http:\/\/www.carrefourfga.ca\/english\/wp-json\/wp\/v2\/pages\/8116\/revisions"}],"predecessor-version":[{"id":8204,"href":"http:\/\/www.carrefourfga.ca\/english\/wp-json\/wp\/v2\/pages\/8116\/revisions\/8204"}],"wp:attachment":[{"href":"http:\/\/www.carrefourfga.ca\/english\/wp-json\/wp\/v2\/media?parent=8116"}],"curies":[{"name":"wp","href":"https:\/\/api.w.org\/{rel}","templated":true}]}}